Current File : /home/royalaca/access-logs/royal-academy.in-ssl_log
103.93.16.123 - - [11/Jul/2026:18:26:57 +0530] "POST /wp-cron.php?doing_wp_cron=1783774617.6949789524078369140625 HTTP/1.1" 200 - "-" "WordPress/7.0.1; https://royal-academy.in"
79.116.195.23 - - [11/Jul/2026:18:26:12 +0530] "POST /xmlrpc.php HTTP/1.1" 404 167667 "-" "Mozilla/5.0 (Windows NT 10.0; x64) AppleWebKit/537.36 (KHTML, like Gecko) Opera/72.0.0.0 Safari/537.36"
103.93.16.123 - - [11/Jul/2026:18:35:48 +0530] "POST /wp-cron.php?doing_wp_cron=1783775148.7029399871826171875000 HTTP/1.1" 200 - "-" "WordPress/7.0.1; https://royal-academy.in"
52.167.144.210 - - [11/Jul/2026:18:35:43 +0530] "GET /sitemap_index.xml HTTP/2.0" 200 662 "-" "Mozilla/5.0 AppleWebKit/537.36 (KHTML, like Gecko; compatible; bingbot/2.0; +http://www.bing.com/bingbot.htm) Chrome/116.0.1938.76 Safari/537.36"
103.93.16.123 - - [11/Jul/2026:18:39:28 +0530] "POST /wp-cron.php?doing_wp_cron=1783775368.7905509471893310546875 HTTP/1.1" 200 - "-" "WordPress/7.0.1; https://royal-academy.in"
114.119.157.166 - - [11/Jul/2026:18:39:26 +0530] "GET /20180506_103035/ HTTP/1.1" 301 - "https://royal-academy.in/historical-visits/" "Mozilla/5.0 (Linux; Android 7.0;) AppleWebKit/537.36 (HTML, like Gecko) Mobile Safari/537.36 (compatible; PetalBot;+https://webmaster.petalsearch.com/site/petalbot)"
114.119.157.166 - - [11/Jul/2026:18:39:29 +0530] "GET /wp-content/uploads/2023/09/20180506_103035.jpg HTTP/1.1" 200 119486 "https://royal-academy.in/historical-visits/" "Mozilla/5.0 (Linux; Android 7.0;) AppleWebKit/537.36 (HTML, like Gecko) Mobile Safari/537.36 (compatible; PetalBot;+https://webmaster.petalsearch.com/site/petalbot)"
103.93.16.123 - - [11/Jul/2026:19:07:16 +0530] "POST /wp-cron.php?doing_wp_cron=1783777036.2259640693664550781250 HTTP/1.1" 200 - "-" "WordPress/7.0.1; https://royal-academy.in"
20.63.87.152 - - [11/Jul/2026:19:07:10 +0530] "GET /0.kb-v3.php HTTP/1.1" 404 167667 "-" "Mozilla/5.0 (Windows NT 10.0; Win64; x64) AppleWebKit/537.36 (KHTML, like Gecko) Chrome/120.0.0.0 Safari/537.36"
20.63.87.152 - - [11/Jul/2026:19:07:17 +0530] "GET /0.php HTTP/1.1" 404 167667 "-" "Mozilla/5.0 (Windows NT 10.0; Win64; x64) AppleWebKit/537.36 (KHTML, like Gecko) Chrome/120.0.0.0 Safari/537.36"
20.63.87.152 - - [11/Jul/2026:19:07:20 +0530] "GET /002.php HTTP/1.1" 404 167667 "-" "Mozilla/5.0 (Windows NT 10.0; Win64; x64) AppleWebKit/537.36 (KHTML, like Gecko) Chrome/120.0.0.0 Safari/537.36"
103.93.16.123 - - [11/Jul/2026:19:07:24 +0530] "POST /wp-cron.php?doing_wp_cron=1783777044.2586350440979003906250 HTTP/1.1" 200 - "-" "WordPress/7.0.1; https://royal-academy.in"
20.63.87.152 - - [11/Jul/2026:19:07:22 +0530] "GET /0x.php HTTP/1.1" 404 167667 "-" "Mozilla/5.0 (Windows NT 10.0; Win64; x64) AppleWebKit/537.36 (KHTML, like Gecko) Chrome/120.0.0.0 Safari/537.36"
20.63.87.152 - - [11/Jul/2026:19:07:25 +0530] "GET /0xd.php HTTP/1.1" 404 167667 "-" "Mozilla/5.0 (Windows NT 10.0; Win64; x64) AppleWebKit/537.36 (KHTML, like Gecko) Chrome/120.0.0.0 Safari/537.36"
20.63.87.152 - - [11/Jul/2026:19:07:28 +0530] "GET /1.php HTTP/1.1" 404 167667 "-" "Mozilla/5.0 (Windows NT 10.0; Win64; x64) AppleWebKit/537.36 (KHTML, like Gecko) Chrome/120.0.0.0 Safari/537.36"
20.63.87.152 - - [11/Jul/2026:19:07:30 +0530] "GET /10.php HTTP/1.1" 404 167667 "-" "Mozilla/5.0 (Windows NT 10.0; Win64; x64) AppleWebKit/537.36 (KHTML, like Gecko) Chrome/120.0.0.0 Safari/537.36"
20.63.87.152 - - [11/Jul/2026:19:07:33 +0530] "GET /100.php HTTP/1.1" 404 167667 "-" "Mozilla/5.0 (Windows NT 10.0; Win64; x64) AppleWebKit/537.36 (KHTML, like Gecko) Chrome/120.0.0.0 Safari/537.36"
20.63.87.152 - - [11/Jul/2026:19:07:35 +0530] "GET /122.php HTTP/1.1" 404 167667 "-" "Mozilla/5.0 (Windows NT 10.0; Win64; x64) AppleWebKit/537.36 (KHTML, like Gecko) Chrome/120.0.0.0 Safari/537.36"
20.63.87.152 - - [11/Jul/2026:19:07:37 +0530] "GET /123.php HTTP/1.1" 404 167667 "-" "Mozilla/5.0 (Windows NT 10.0; Win64; x64) AppleWebKit/537.36 (KHTML, like Gecko) Chrome/120.0.0.0 Safari/537.36"
20.63.87.152 - - [11/Jul/2026:19:07:40 +0530] "GET /13.php HTTP/1.1" 404 167667 "-" "Mozilla/5.0 (Windows NT 10.0; Win64; x64) AppleWebKit/537.36 (KHTML, like Gecko) Chrome/120.0.0.0 Safari/537.36"
20.63.87.152 - - [11/Jul/2026:19:07:44 +0530] "GET /133.php HTTP/1.1" 404 167667 "-" "Mozilla/5.0 (Windows NT 10.0; Win64; x64) AppleWebKit/537.36 (KHTML, like Gecko) Chrome/120.0.0.0 Safari/537.36"
20.63.87.152 - - [11/Jul/2026:19:07:52 +0530] "GET /155.php HTTP/1.1" 404 167667 "-" "Mozilla/5.0 (Windows NT 10.0; Win64; x64) AppleWebKit/537.36 (KHTML, like Gecko) Chrome/120.0.0.0 Safari/537.36"
20.63.87.152 - - [11/Jul/2026:19:07:59 +0530] "GET /166.php HTTP/1.1" 404 167667 "-" "Mozilla/5.0 (Windows NT 10.0; Win64; x64) AppleWebKit/537.36 (KHTML, like Gecko) Chrome/120.0.0.0 Safari/537.36"
20.63.87.152 - - [11/Jul/2026:19:08:07 +0530] "GET /177.php HTTP/1.1" 404 167667 "-" "Mozilla/5.0 (Windows NT 10.0; Win64; x64) AppleWebKit/537.36 (KHTML, like Gecko) Chrome/120.0.0.0 Safari/537.36"
20.63.87.152 - - [11/Jul/2026:19:08:12 +0530] "GET /1index.php HTTP/1.1" 404 167667 "-" "Mozilla/5.0 (Windows NT 10.0; Win64; x64) AppleWebKit/537.36 (KHTML, like Gecko) Chrome/120.0.0.0 Safari/537.36"
20.63.87.152 - - [11/Jul/2026:19:08:14 +0530] "GET /2.php HTTP/1.1" 404 167667 "-" "Mozilla/5.0 (Windows NT 10.0; Win64; x64) AppleWebKit/537.36 (KHTML, like Gecko) Chrome/120.0.0.0 Safari/537.36"
103.93.16.123 - - [11/Jul/2026:19:08:25 +0530] "POST /wp-cron.php?doing_wp_cron=1783777104.8116760253906250000000 HTTP/1.1" 200 - "-" "WordPress/7.0.1; https://royal-academy.in"
20.63.87.152 - - [11/Jul/2026:19:08:18 +0530] "GET /222.php HTTP/1.1" 404 167667 "-" "Mozilla/5.0 (Windows NT 10.0; Win64; x64) AppleWebKit/537.36 (KHTML, like Gecko) Chrome/120.0.0.0 Safari/537.36"
20.63.87.152 - - [11/Jul/2026:19:08:25 +0530] "GET /23a.php HTTP/1.1" 404 167667 "-" "Mozilla/5.0 (Windows NT 10.0; Win64; x64) AppleWebKit/537.36 (KHTML, like Gecko) Chrome/120.0.0.0 Safari/537.36"
20.63.87.152 - - [11/Jul/2026:19:08:32 +0530] "GET /289.php HTTP/1.1" 404 167667 "-" "Mozilla/5.0 (Windows NT 10.0; Win64; x64) AppleWebKit/537.36 (KHTML, like Gecko) Chrome/120.0.0.0 Safari/537.36"
20.63.87.152 - - [11/Jul/2026:19:08:37 +0530] "GET /2p.php HTTP/1.1" 404 167667 "-" "Mozilla/5.0 (Windows NT 10.0; Win64; x64) AppleWebKit/537.36 (KHTML, like Gecko) Chrome/120.0.0.0 Safari/537.36"
20.63.87.152 - - [11/Jul/2026:19:08:40 +0530] "GET /2p.update.php HTTP/1.1" 404 167667 "-" "Mozilla/5.0 (Windows NT 10.0; Win64; x64) AppleWebKit/537.36 (KHTML, like Gecko) Chrome/120.0.0.0 Safari/537.36"
20.63.87.152 - - [11/Jul/2026:19:08:43 +0530] "GET /3.php HTTP/1.1" 404 167667 "-" "Mozilla/5.0 (Windows NT 10.0; Win64; x64) AppleWebKit/537.36 (KHTML, like Gecko) Chrome/120.0.0.0 Safari/537.36"
20.63.87.152 - - [11/Jul/2026:19:08:45 +0530] "GET /3pjcpmfsd8b.php HTTP/1.1" 404 167667 "-" "Mozilla/5.0 (Windows NT 10.0; Win64; x64) AppleWebKit/537.36 (KHTML, like Gecko) Chrome/120.0.0.0 Safari/537.36"
20.63.87.152 - - [11/Jul/2026:19:08:49 +0530] "GET /403.php HTTP/1.1" 404 167667 "-" "Mozilla/5.0 (Windows NT 10.0; Win64; x64) AppleWebKit/537.36 (KHTML, like Gecko) Chrome/120.0.0.0 Safari/537.36"
20.63.87.152 - - [11/Jul/2026:19:08:51 +0530] "GET /404.php HTTP/1.1" 404 167667 "-" "Mozilla/5.0 (Windows NT 10.0; Win64; x64) AppleWebKit/537.36 (KHTML, like Gecko) Chrome/120.0.0.0 Safari/537.36"
20.63.87.152 - - [11/Jul/2026:19:08:54 +0530] "GET /4pjcpmfsd8b.php HTTP/1.1" 404 167667 "-" "Mozilla/5.0 (Windows NT 10.0; Win64; x64) AppleWebKit/537.36 (KHTML, like Gecko) Chrome/120.0.0.0 Safari/537.36"
20.63.87.152 - - [11/Jul/2026:19:08:56 +0530] "GET /630sogjm.php HTTP/1.1" 404 167667 "-" "Mozilla/5.0 (Windows NT 10.0; Win64; x64) AppleWebKit/537.36 (KHTML, like Gecko) Chrome/120.0.0.0 Safari/537.36"
20.63.87.152 - - [11/Jul/2026:19:08:58 +0530] "GET /66.php HTTP/1.1" 404 167667 "-" "Mozilla/5.0 (Windows NT 10.0; Win64; x64) AppleWebKit/537.36 (KHTML, like Gecko) Chrome/120.0.0.0 Safari/537.36"
20.63.87.152 - - [11/Jul/2026:19:09:01 +0530] "GET /666.php HTTP/1.1" 404 167667 "-" "Mozilla/5.0 (Windows NT 10.0; Win64; x64) AppleWebKit/537.36 (KHTML, like Gecko) Chrome/120.0.0.0 Safari/537.36"
20.63.87.152 - - [11/Jul/2026:19:09:03 +0530] "GET /7.php HTTP/1.1" 404 167667 "-" "Mozilla/5.0 (Windows NT 10.0; Win64; x64) AppleWebKit/537.36 (KHTML, like Gecko) Chrome/120.0.0.0 Safari/537.36"
20.63.87.152 - - [11/Jul/2026:19:09:06 +0530] "GET /8.php HTTP/1.1" 404 167667 "-" "Mozilla/5.0 (Windows NT 10.0; Win64; x64) AppleWebKit/537.36 (KHTML, like Gecko) Chrome/120.0.0.0 Safari/537.36"
20.63.87.152 - - [11/Jul/2026:19:09:08 +0530] "GET /8573.php HTTP/1.1" 404 167667 "-" "Mozilla/5.0 (Windows NT 10.0; Win64; x64) AppleWebKit/537.36 (KHTML, like Gecko) Chrome/120.0.0.0 Safari/537.36"
20.63.87.152 - - [11/Jul/2026:19:09:11 +0530] "GET /87.php HTTP/1.1" 404 167667 "-" "Mozilla/5.0 (Windows NT 10.0; Win64; x64) AppleWebKit/537.36 (KHTML, like Gecko) Chrome/120.0.0.0 Safari/537.36"
20.63.87.152 - - [11/Jul/2026:19:09:13 +0530] "GET /a.php HTTP/1.1" 404 167667 "-" "Mozilla/5.0 (Windows NT 10.0; Win64; x64) AppleWebKit/537.36 (KHTML, like Gecko) Chrome/120.0.0.0 Safari/537.36"
20.63.87.152 - - [11/Jul/2026:19:09:16 +0530] "GET /a7.php HTTP/1.1" 404 167667 "-" "Mozilla/5.0 (Windows NT 10.0; Win64; x64) AppleWebKit/537.36 (KHTML, like Gecko) Chrome/120.0.0.0 Safari/537.36"
103.93.16.123 - - [11/Jul/2026:19:16:36 +0530] "POST /wp-cron.php?doing_wp_cron=1783777596.8088378906250000000000 HTTP/1.1" 200 - "-" "WordPress/7.0.1; https://royal-academy.in"
114.119.159.33 - - [11/Jul/2026:19:16:30 +0530] "GET /courses/god-like-engineering-i-ii-iii-tamil/lessons/%e0%ae%92%e0%ae%b0%e0%af%81-%e0%ae%aa%e0%af%8a%e0%ae%af%e0%af%8d%e0%ae%95%e0%af%8d%e0%ae%95%e0%af%81-%e0%ae%95%e0%af%8b%e0%ae%9f%e0%ae%bf-%e0%ae%95%e0%af%8b%e0%ae%9f%e0%ae%bf-%e0%ae%a4%e0%ae%a3/ HTTP/1.1" 200 194992 "https://royal-academy.in/courses/god-like-engineering-i-ii-iii-tamil/lessons/%e0%ae%92%e0%ae%b0%e0%af%81-%e0%ae%aa%e0%af%8a%e0%ae%af%e0%af%8d%e0%ae%95%e0%af%8d%e0%ae%95%e0%af%81-%e0%ae%95%e0%af%8b%e0%ae%9f%e0%ae%bf-%e0%ae%95%e0%af%8b%e0%ae%9f%e0%ae%bf-%e0%ae%a4%e0%ae%a3/" "Mozilla/5.0 (Linux; Android 7.0;) AppleWebKit/537.36 (HTML, like Gecko) Mobile Safari/537.36 (compatible; PetalBot;+https://webmaster.petalsearch.com/site/petalbot)"
103.93.16.123 - - [11/Jul/2026:19:29:40 +0530] "POST /wp-cron.php?doing_wp_cron=1783778380.2964599132537841796875 HTTP/1.1" 200 - "-" "WordPress/7.0.1; https://royal-academy.in"
69.171.231.27 - - [11/Jul/2026:19:29:32 +0530] "GET /robots.txt HTTP/2.0" 200 - "-" "facebookexternalhit/1.1 (+http://www.facebook.com/externalhit_uatext.php)"
69.171.231.27 - - [11/Jul/2026:19:29:33 +0530] "GET /robots.txt HTTP/2.0" 200 - "-" "facebookexternalhit/1.1 (+http://www.facebook.com/externalhit_uatext.php)"
69.171.231.24 - - [11/Jul/2026:19:29:34 +0530] "GET /robots.txt HTTP/2.0" 200 174 "-" "facebookexternalhit/1.1 (+http://www.facebook.com/externalhit_uatext.php)"
103.93.16.123 - - [11/Jul/2026:19:34:05 +0530] "POST /wp-cron.php?doing_wp_cron=1783778645.1917259693145751953125 HTTP/1.1" 200 - "-" "WordPress/7.0.1; https://royal-academy.in"
189.165.64.162 - - [11/Jul/2026:19:33:57 +0530] "GET /20180509_101848/ HTTP/1.1" 301 - "-" "Mozilla/5.0 (Windows NT 6.2; Win64; x64) AppleWebKit/537.36 (KHTML, like Gecko) Chrome/101.0.4951.64 Safari/537.36"
189.165.64.162 - - [11/Jul/2026:19:34:05 +0530] "GET /wp-content/uploads/2023/09/20180509_101848.jpg HTTP/1.1" 200 97755 "-" "Mozilla/5.0 (Windows NT 6.2; Win64; x64) AppleWebKit/537.36 (KHTML, like Gecko) Chrome/101.0.4951.64 Safari/537.36"
103.93.16.123 - - [11/Jul/2026:19:51:43 +0530] "POST /wp-cron.php?doing_wp_cron=1783779703.1127159595489501953125 HTTP/1.1" 200 - "-" "WordPress/7.0.1; https://royal-academy.in"
74.7.175.145 - - [11/Jul/2026:19:51:40 +0530] "GET /robots.txt HTTP/2.0" 301 - "-" "Mozilla/5.0 (Macintosh; Intel Mac OS X 10_15_7) AppleWebKit/537.36 (KHTML, like Gecko) Chrome/131.0.0.0 Safari/537.36; compatible; OAI-SearchBot/1.4; robots.txt; +https://openai.com/searchbot"
74.7.175.145 - - [11/Jul/2026:19:51:44 +0530] "GET /robots.txt HTTP/2.0" 200 174 "https://www.royal-academy.in/robots.txt" "Mozilla/5.0 (Macintosh; Intel Mac OS X 10_15_7) AppleWebKit/537.36 (KHTML, like Gecko) Chrome/131.0.0.0 Safari/537.36; compatible; OAI-SearchBot/1.4; robots.txt; +https://openai.com/searchbot"
103.93.16.123 - - [11/Jul/2026:19:53:22 +0530] "POST /wp-cron.php?doing_wp_cron=1783779802.1065890789031982421875 HTTP/1.1" 200 - "-" "WordPress/7.0.1; https://royal-academy.in"
69.171.230.3 - - [11/Jul/2026:19:53:13 +0530] "GET /robots.txt HTTP/2.0" 200 174 "-" "facebookexternalhit/1.1 (+http://www.facebook.com/externalhit_uatext.php)"
57.141.0.38 - - [11/Jul/2026:19:53:18 +0530] "GET /tutor_quiz-sitemap.xml HTTP/2.0" 200 22295 "-" "Mozilla/5.0 (Windows NT 10.0; Win64; x64) AppleWebKit/537.36 (KHTML, like Gecko) Chrome/145.0.0.0 Safari/537.36 (compatible; meta-externalagent/1.1 (+https://developers.facebook.com/docs/sharing/webmasters/crawler))"
103.93.16.123 - - [11/Jul/2026:19:55:07 +0530] "POST /wp-cron.php?doing_wp_cron=1783779907.9725189208984375000000 HTTP/1.1" 200 - "-" "WordPress/7.0.1; https://royal-academy.in"
81.178.2.168 - - [11/Jul/2026:19:54:58 +0530] "GET / HTTP/1.1" 200 329014 "-" "Mozilla/5.0 (Macintosh; Intel Mac OS X 13_3_1) AppleWebKit/537.36 (KHTML, like Gecko) Chrome/124.0.6367.207 Safari/537.36"
104.28.243.190 - - [11/Jul/2026:19:57:09 +0530] "GET / HTTP/1.1" 500 - "-" "Mozilla/5.0 (Macintosh; Intel Mac OS X 10.15; rv:151.0) Gecko/20100101 Firefox/151.0"
103.93.16.123 - - [11/Jul/2026:19:59:58 +0530] "POST /wp-cron.php?doing_wp_cron=1783780198.7440509796142578125000 HTTP/1.1" 200 - "-" "WordPress/7.0.1; https://royal-academy.in"
114.119.140.178 - - [11/Jul/2026:19:59:28 +0530] "GET /shop/ HTTP/1.1" 200 185323 "https://royal-academy.in/shop/" "Mozilla/5.0 (Linux; Android 7.0;) AppleWebKit/537.36 (HTML, like Gecko) Mobile Safari/537.36 (compatible; PetalBot;+https://webmaster.petalsearch.com/site/petalbot)"
103.93.16.123 - - [11/Jul/2026:20:13:34 +0530] "POST /wp-cron.php?doing_wp_cron=1783781013.9847140312194824218750 HTTP/1.1" 200 - "-" "WordPress/7.0.1; https://royal-academy.in"
69.171.230.113 - - [11/Jul/2026:20:13:28 +0530] "GET /robots.txt HTTP/2.0" 200 174 "-" "facebookexternalhit/1.1 (+http://www.facebook.com/externalhit_uatext.php)"
57.141.0.12 - - [11/Jul/2026:20:13:35 +0530] "GET /course-tag-sitemap.xml HTTP/2.0" 404 167667 "-" "Mozilla/5.0 (Windows NT 10.0; Win64; x64) AppleWebKit/537.36 (KHTML, like Gecko) Chrome/145.0.0.0 Safari/537.36 (compatible; meta-externalagent/1.1 (+https://developers.facebook.com/docs/sharing/webmasters/crawler))"
103.93.16.123 - - [11/Jul/2026:20:16:42 +0530] "POST /wp-cron.php?doing_wp_cron=1783781202.1267011165618896484375 HTTP/1.1" 200 - "-" "WordPress/7.0.1; https://royal-academy.in"
136.144.42.231 - - [11/Jul/2026:20:16:35 +0530] "GET /wp-login.php HTTP/1.1" 200 7304 "-" "Mozilla/5.0 (Macintosh; Intel Mac OS X 10_15_7) AppleWebKit/605.1.15 Version/17.0 Safari/605.1.15"
136.144.42.231 - - [11/Jul/2026:20:16:43 +0530] "GET /?author=1 HTTP/1.1" 403 329014 "-" "Mozilla/5.0 (Windows NT 10.0; Win64; rv:143.0) Gecko/20100101 Firefox/143.0"
185.251.19.86 - - [11/Jul/2026:20:16:55 +0530] "GET /?rest_route=/wp/v2/users HTTP/1.1" 403 311 "-" "Mozilla/5.0 (Windows NT 10.0; Win64; rv:143.0) Gecko/20100101 Firefox/143.0"
136.144.42.17 - - [11/Jul/2026:20:16:59 +0530] "GET /feed HTTP/1.1" 301 - "-" "Mozilla/5.0 (Windows NT 10.0; Win64; x64) AppleWebKit/537.36 Chrome/129.0.0.0 Safari/537.36"
136.144.42.17 - - [11/Jul/2026:20:17:01 +0530] "GET /feed/ HTTP/1.1" 200 1185 "-" "Mozilla/5.0 (Windows NT 10.0; Win64; x64) AppleWebKit/537.36 Chrome/129.0.0.0 Safari/537.36"
103.93.16.123 - - [11/Jul/2026:20:18:52 +0530] "POST /wp-cron.php?doing_wp_cron=1783781332.5851809978485107421875 HTTP/1.1" 200 - "-" "WordPress/7.0.1; https://royal-academy.in"
57.141.0.39 - - [11/Jul/2026:20:18:47 +0530] "GET /sitemap.xml HTTP/2.0" 301 - "-" "Mozilla/5.0 (Windows NT 10.0; Win64; x64) AppleWebKit/537.36 (KHTML, like Gecko) Chrome/145.0.0.0 Safari/537.36 (compatible; meta-externalagent/1.1 (+https://developers.facebook.com/docs/sharing/webmasters/crawler))"
103.93.16.123 - - [11/Jul/2026:20:28:21 +0530] "POST /wp-cron.php?doing_wp_cron=1783781901.7919819355010986328125 HTTP/1.1" 200 - "-" "WordPress/7.0.1; https://royal-academy.in"
114.119.158.156 - - [11/Jul/2026:20:28:19 +0530] "GET /courses/god-like-engineering-i-ii-iii-english/lessons/re-engineering-part-2/ HTTP/1.1" 200 181490 "https://royal-academy.in/courses/god-like-engineering-i-ii-iii-english/lessons/re-engineering-part-2/" "Mozilla/5.0 (Linux; Android 7.0;) AppleWebKit/537.36 (HTML, like Gecko) Mobile Safari/537.36 (compatible; PetalBot;+https://webmaster.petalsearch.com/site/petalbot)"
103.93.16.123 - - [11/Jul/2026:20:46:10 +0530] "POST /wp-cron.php?doing_wp_cron=1783782970.9060330390930175781250 HTTP/1.1" 200 - "-" "WordPress/7.0.1; https://royal-academy.in"
97.74.93.24 - - [11/Jul/2026:20:46:05 +0530] "GET /wp-login.php HTTP/1.1" 200 7304 "-" "Mozilla/5.0 (Linux; Android 10; K) AppleWebKit/537.36 (KHTML, like Gecko) Chrome/146.0.0.0 Mobile Safari/537.36"
103.93.16.123 - - [11/Jul/2026:20:53:51 +0530] "POST /wp-cron.php?doing_wp_cron=1783783430.2196159362792968750000 HTTP/1.1" 200 - "-" "WordPress/7.0.1; https://royal-academy.in"
118.179.39.31 - - [11/Jul/2026:20:52:47 +0530] "GET /wdd-wishes/ HTTP/1.1" 200 193286 "-" "Mozilla/5.0 (Macintosh; Intel Mac OS X 10_11_6) AppleWebKit/537.36 (KHTML, like Gecko) Brave Chrome/89.0.4389.72 Safari/537.36"
190.93.217.107 - - [11/Jul/2026:20:56:01 +0530] "GET /20140522_152702/ HTTP/1.1" 500 - "-" "Mozilla/5.0 (Windows NT 6.1; WOW64) AppleWebKit/537.36 (KHTML, like Gecko) Chrome/87.0.4280.88 Safari/537.36"
113.166.33.3 - - [11/Jul/2026:20:57:59 +0530] "GET /wdd-wishes/ HTTP/1.1" 500 - "-" "Mozilla/5.0 (Macintosh; Intel Mac OS X 10_14_6) AppleWebKit/537.36 (KHTML, like Gecko) Chrome/107.0.0.0 Safari/537.36"
103.93.16.123 - - [11/Jul/2026:21:01:14 +0530] "POST /wp-cron.php?doing_wp_cron=1783783874.5296430587768554687500 HTTP/1.1" 200 - "-" "WordPress/7.0.1; https://royal-academy.in"
103.83.232.114 - - [11/Jul/2026:21:00:42 +0530] "GET /20140522_152702/ HTTP/1.1" 301 - "-" "Mozilla/5.0 (Macintosh; Intel Mac OS X 11_0_1) AppleWebKit/537.36 (KHTML, like Gecko) Brave Chrome/88.0.4324.96 Safari/537.36"
103.93.16.123 - - [11/Jul/2026:21:05:01 +0530] "POST /wp-cron.php?doing_wp_cron=1783784101.6300148963928222656250 HTTP/1.1" 200 - "-" "WordPress/7.0.1; https://royal-academy.in"
114.119.153.242 - - [11/Jul/2026:21:04:57 +0530] "GET /courses/god-like-engineering-iv-tamil/quizzes/click-true-or-false-%e0%ae%9a%e0%ae%b0%e0%ae%bf-%e0%ae%85%e0%ae%b2%e0%af%8d%e0%ae%b2%e0%ae%a4%e0%af%81-%e0%ae%a4%e0%ae%b5%e0%ae%b1%e0%af%81-%e0%ae%8e%e0%ae%a9%e0%af%8d%e0%ae%aa%e0%ae%a4%e0%af%88/ HTTP/1.1" 200 189692 "https://royal-academy.in/tutor_quiz-sitemap.xml" "Mozilla/5.0 (Linux; Android 7.0;) AppleWebKit/537.36 (HTML, like Gecko) Mobile Safari/537.36 (compatible; PetalBot;+https://webmaster.petalsearch.com/site/petalbot)"
103.93.16.123 - - [11/Jul/2026:21:06:26 +0530] "POST /wp-cron.php?doing_wp_cron=1783784186.7473471164703369140625 HTTP/1.1" 200 - "-" "WordPress/7.0.1; https://royal-academy.in"
114.119.159.33 - - [11/Jul/2026:21:06:19 +0530] "GET /courses/god-like-engineering-i-ii-iii-tamil/lessons/%e0%ae%ae%e0%ae%a9%e0%ae%bf%e0%ae%a4%e0%ae%a9%e0%af%88-%e0%ae%9a%e0%ae%bf%e0%ae%a4%e0%af%88%e0%ae%95%e0%af%8d%e0%ae%95%e0%af%81%e0%ae%ae%e0%af%8d-%e0%ae%aa%e0%ae%be%e0%ae%b5%e0%ae%ae%e0%af%8d/ HTTP/1.1" 200 192956 "https://royal-academy.in/courses/god-like-engineering-i-ii-iii-tamil/lessons/%e0%ae%ae%e0%ae%a9%e0%ae%bf%e0%ae%a4%e0%ae%a9%e0%af%88-%e0%ae%9a%e0%ae%bf%e0%ae%a4%e0%af%88%e0%ae%95%e0%af%8d%e0%ae%95%e0%af%81%e0%ae%ae%e0%af%8d-%e0%ae%aa%e0%ae%be%e0%ae%b5%e0%ae%ae%e0%af%8d/" "Mozilla/5.0 (Linux; Android 7.0;) AppleWebKit/537.36 (HTML, like Gecko) Mobile Safari/537.36 (compatible; PetalBot;+https://webmaster.petalsearch.com/site/petalbot)"
103.93.16.123 - - [11/Jul/2026:21:09:28 +0530] "POST /wp-cron.php?doing_wp_cron=1783784368.3152270317077636718750 HTTP/1.1" 200 - "-" "WordPress/7.0.1; https://royal-academy.in"
188.164.197.230 - - [11/Jul/2026:21:08:30 +0530] "GET /wp-login.php HTTP/1.1" 200 7304 "-" "Mozilla/5.0 (Macintosh; Intel Mac OS X 10_15_7) AppleWebKit/537.36 (KHTML, like Gecko) Chrome/146.0.0.0 Safari/537.36"
23.161.169.55 - - [11/Jul/2026:21:09:32 +0530] "GET / HTTP/1.1" 301 - "-" "Mozilla/5.0 (compatible; bingbot/2.0; +http://www.bing.com/bingbot.htm)"
23.161.169.55 - - [11/Jul/2026:21:09:32 +0530] "GET /.git/HEAD HTTP/1.1" 404 167721 "-" "CCBot/2.0 (https://commoncrawl.org/faq/)"
23.161.169.55 - - [11/Jul/2026:21:09:32 +0530] "GET /.git/config HTTP/1.1" 404 167721 "-" "Mozilla/5.0 (compatible; xAI-SearchBot/1.0; +https://x.ai)"
23.161.169.55 - - [11/Jul/2026:21:09:41 +0530] "GET / HTTP/1.1" 200 329014 "https://mail.royal-academy.in" "Mozilla/5.0 (compatible; bingbot/2.0; +http://www.bing.com/bingbot.htm)"
23.161.169.55 - - [11/Jul/2026:21:09:49 +0530] "GET / HTTP/1.1" 200 329014 "http://mail.royal-academy.in" "Mozilla/5.0 (compatible; ClaudeBot/1.0; +claudebot@anthropic.com)"
23.161.169.55 - - [11/Jul/2026:21:09:55 +0530] "GET /wp-includes/js/jquery/jquery.min.js?ver=3.7.1 HTTP/1.1" 200 87553 "-" "Mozilla/5.0 (compatible; YandexBot/3.0; +http://yandex.com/bots)"
23.161.169.55 - - [11/Jul/2026:21:09:56 +0530] "GET /wp-includes/js/jquery/jquery-migrate.min.js?ver=3.4.1 HTTP/1.1" 200 13577 "-" "Mozilla/5.0 (compatible; OAI-SearchBot/1.3; +https://openai.com/searchbot)"
23.161.169.55 - - [11/Jul/2026:21:09:56 +0530] "GET /wp-content/themes/astra/assets/js/minified/frontend.min.js?ver=4.7.1 HTTP/1.1" 200 22694 "-" "Mozilla/5.0 (compatible; xAI-SearchBot/1.0; +https://x.ai)"
23.161.169.55 - - [11/Jul/2026:21:09:57 +0530] "GET /wp-content/plugins/wp-pagebuilder/addons/carousel/assets/js/thm-slider-main.js?ver=7.0.1 HTTP/1.1" 200 3008 "-" "CCBot/2.0 (https://commoncrawl.org/faq/)"
23.161.169.55 - - [11/Jul/2026:21:09:57 +0530] "GET /wp-includes/js/dist/i18n.min.js?ver=781d11515ad3d91786ec HTTP/1.1" 200 5732 "-" "Mozilla/5.0 (compatible; xAI-SearchBot/1.0; +https://x.ai)"
23.161.169.55 - - [11/Jul/2026:21:09:57 +0530] "GET /wp-includes/js/jquery/jquery.ui.touch-punch.js?ver=0.2.2 HTTP/1.1" 302 211 "-" "Mozilla/5.0 (compatible; Baiduspider/2.0; +http://www.baidu.com/search/spider.html)"
23.161.169.55 - - [11/Jul/2026:21:09:57 +0530] "GET /wp-includes/js/dist/escape-html.min.js?ver=3f093e5cca67aa0f8b56 HTTP/1.1" 200 1091 "-" "Mozilla/5.0 AppleWebKit/537.36 (KHTML, like Gecko; compatible; GPTBot/1.3; +https://openai.com/gptbot)"
23.161.169.55 - - [11/Jul/2026:21:09:57 +0530] "GET /wp-includes/js/jquery/ui/core.min.js?ver=1.13.3 HTTP/1.1" 200 21464 "-" "Mozilla/5.0 AppleWebKit/537.36 (KHTML, like Gecko; compatible; ChatGPT-User/1.0; +https://openai.com/bot)"
23.161.169.55 - - [11/Jul/2026:21:09:57 +0530] "GET /wp-includes/js/dist/vendor/moment.min.js?ver=2.30.1 HTTP/1.1" 200 58812 "-" "Mozilla/5.0 (compatible; YandexBot/3.0; +http://yandex.com/bots)"
23.161.169.55 - - [11/Jul/2026:21:09:57 +0530] "GET /wp-content/plugins/wordlift/js/dist/wordlift-cloud.js?ver=3.40.8 HTTP/1.1" 200 177124 "-" "Mozilla/5.0 (compatible; bingbot/2.0; +http://www.bing.com/bingbot.htm)"
23.161.169.55 - - [11/Jul/2026:21:09:57 +0530] "GET /wp-includes/js/dist/vendor/react.min.js?ver=18.3.1.1 HTTP/1.1" 200 10751 "-" "Mozilla/5.0 (compatible; xAI-SearchBot/1.0; +https://x.ai)"
23.161.169.55 - - [11/Jul/2026:21:09:57 +0530] "GET /wp-content/plugins/wp-pagebuilder/addons/carousel/assets/js/slick-slider-animation.js?ver=7.0.1 HTTP/1.1" 302 211 "-" "Mozilla/5.0 (compatible; Baiduspider/2.0; +http://www.baidu.com/search/spider.html)"
23.161.169.55 - - [11/Jul/2026:21:09:57 +0530] "GET /wp-includes/js/jquery/ui/sortable.min.js?ver=1.13.3 HTTP/1.1" 200 25504 "-" "Mozilla/5.0 (compatible; OAI-SearchBot/1.3; +https://openai.com/searchbot)"
23.161.169.55 - - [11/Jul/2026:21:09:57 +0530] "GET /wp-includes/js/dist/hooks.min.js?ver=7496969728ca0f95732d HTTP/1.1" 200 5050 "-" "Mozilla/5.0 (compatible; DeepSeekBot/1.0; +https://www.deepseek.com/bot)"
23.161.169.55 - - [11/Jul/2026:21:09:57 +0530] "GET /wp-content/plugins/tutor/assets/lib/SocialShare/SocialShare.min.js?ver=4.0.0 HTTP/1.1" 200 2471 "-" "Mozilla/5.0 (compatible; xAI-SearchBot/1.0; +https://x.ai)"
23.161.169.55 - - [11/Jul/2026:21:09:57 +0530] "GET /wp-content/plugins/wordlift/js/dist/bundle.js?ver=3.40.8 HTTP/1.1" 200 3146 "-" "Mozilla/5.0 (compatible; Googlebot/2.1; +http://www.google.com/bot.html)"
23.161.169.55 - - [11/Jul/2026:21:09:57 +0530] "GET /wp-includes/js/dist/element.min.js?ver=15ba804677f72a8db97b HTTP/1.1" 200 12458 "-" "Mozilla/5.0 AppleWebKit/537.36 (KHTML, like Gecko; compatible; GPTBot/1.3; +https://openai.com/gptbot)"
23.161.169.55 - - [11/Jul/2026:21:09:57 +0530] "GET /wp-content/plugins/tutor/assets/js/tutor.js?ver=4.0.0 HTTP/1.1" 200 129710 "-" "Mozilla/5.0 AppleWebKit/537.36 (KHTML, like Gecko; compatible; ChatGPT-User/1.0; +https://openai.com/bot)"
23.161.169.55 - - [11/Jul/2026:21:09:57 +0530] "GET /wp-includes/js/jquery/ui/mouse.min.js?ver=1.13.3 HTTP/1.1" 200 3428 "-" "Mozilla/5.0 (compatible; bingbot/2.0; +http://www.bing.com/bingbot.htm)"
23.161.169.55 - - [11/Jul/2026:21:09:57 +0530] "GET /wp-includes/js/jquery/jquery.min.js.map HTTP/1.1" 508 288 "-" "Mozilla/5.0 (compatible; xAI-SearchBot/1.0; +https://x.ai)"
23.161.169.55 - - [11/Jul/2026:21:09:57 +0530] "GET /wp-includes/js/dist/date.min.js?ver=c9f8e7dd3232716f34e9 HTTP/1.1" 200 144608 "-" "Mozilla/5.0 (compatible; bingbot/2.0; +http://www.bing.com/bingbot.htm)"
23.161.169.55 - - [11/Jul/2026:21:09:57 +0530] "GET /wp-content/plugins/wp-pagebuilder/addons/carousel/assets/libraries/slick/slick.min.js?ver=7.0.1 HTTP/1.1" 200 43881 "-" "CCBot/2.0 (https://commoncrawl.org/faq/)"
23.161.169.55 - - [11/Jul/2026:21:09:57 +0530] "GET /wp-includes/js/dist/vendor/react-dom.min.js?ver=18.3.1.1 HTTP/1.1" 200 131835 "-" "Mozilla/5.0 (compatible; xAI-SearchBot/1.0; +https://x.ai)"
23.161.169.55 - - [11/Jul/2026:21:09:57 +0530] "GET /wp-content/plugins/wp-pagebuilder/assets/js/main.js?ver=7.0.1 HTTP/1.1" 200 20822 "-" "Mozilla/5.0 (compatible; bingbot/2.0; +http://www.bing.com/bingbot.htm)"
23.161.169.55 - - [11/Jul/2026:21:09:57 +0530] "GET /wp-includes/js/dist/deprecated.min.js?ver=990e85f234fee8f7d446 HTTP/1.1" 200 1315 "-" "Mozilla/5.0 (compatible; YandexBot/3.0; +http://yandex.com/bots)"
23.161.169.55 - - [11/Jul/2026:21:09:57 +0530] "GET /wp-content/plugins/wp-pagebuilder/addons/posts/assets/js/posts-addon.js?ver=7.0.1 HTTP/1.1" 200 2838 "-" "Mozilla/5.0 (compatible; DeepSeekBot/1.0; +https://www.deepseek.com/bot)"
23.161.169.55 - - [11/Jul/2026:21:09:57 +0530] "GET /wp-includes/js/jquery/jquery-migrate.min.js.map HTTP/1.1" 508 288 "-" "Mozilla/5.0 (compatible; xAI-SearchBot/1.0; +https://x.ai)"
23.161.169.55 - - [11/Jul/2026:21:09:57 +0530] "GET /wp-content/plugins/tutor/assets/js/tutor-front.js?ver=4.0.0 HTTP/1.1" 200 78730 "-" "Mozilla/5.0 (compatible; DeepSeekBot/1.0; +https://www.deepseek.com/bot)"
23.161.169.55 - - [11/Jul/2026:21:09:57 +0530] "GET /wp-content/themes/astra/assets/js/minified/frontend.min.js.map HTTP/1.1" 508 288 "-" "Mozilla/5.0 (compatible; bingbot/2.0; +http://www.bing.com/bingbot.htm)"
23.161.169.55 - - [11/Jul/2026:21:09:58 +0530] "GET /wp-content/plugins/wp-pagebuilder/addons/carousel/assets/js/thm-slider-main.js.map HTTP/1.1" 508 288 "-" "Mozilla/5.0 AppleWebKit/537.36 (KHTML, like Gecko; compatible; ChatGPT-User/1.0; +https://openai.com/bot)"
23.161.169.55 - - [11/Jul/2026:21:09:58 +0530] "GET /wp-includes/js/dist/i18n.min.js.map HTTP/1.1" 508 288 "-" "Mozilla/5.0 (compatible; PerplexityBot/1.0; +https://perplexity.ai/perplexitybot)"
23.161.169.55 - - [11/Jul/2026:21:09:58 +0530] "GET /wp-includes/js/dist/vendor/moment.min.js.map HTTP/1.1" 508 288 "-" "Mozilla/5.0 (compatible; ClaudeBot/1.0; +claudebot@anthropic.com)"
23.161.169.55 - - [11/Jul/2026:21:09:58 +0530] "GET /wp-content/plugins/wordlift/js/dist/bundle.js.map HTTP/1.1" 200 19418 "-" "Mozilla/5.0 (compatible; ClaudeBot/1.0; +claudebot@anthropic.com)"
23.161.169.55 - - [11/Jul/2026:21:09:58 +0530] "GET /wp-content/plugins/wp-pagebuilder/assets/js/main.js.map HTTP/1.1" 508 288 "-" "Mozilla/5.0 (compatible; PerplexityBot/1.0; +https://perplexity.ai/perplexitybot)"
23.161.169.55 - - [11/Jul/2026:21:09:58 +0530] "GET /wp-content/plugins/tutor/assets/lib/SocialShare/SocialShare.min.js.map HTTP/1.1" 508 288 "-" "Mozilla/5.0 (compatible; xAI-SearchBot/1.0; +https://x.ai)"
23.161.169.55 - - [11/Jul/2026:21:09:58 +0530] "GET /wp-includes/js/dist/escape-html.min.js.map HTTP/1.1" 508 288 "-" "Mozilla/5.0 (compatible; Baiduspider/2.0; +http://www.baidu.com/search/spider.html)"
23.161.169.55 - - [11/Jul/2026:21:09:58 +0530] "GET /wp-includes/js/dist/element.min.js.map HTTP/1.1" 508 288 "-" "Mozilla/5.0 (compatible; PerplexityBot/1.0; +https://perplexity.ai/perplexitybot)"
23.161.169.55 - - [11/Jul/2026:21:09:58 +0530] "GET /wp-includes/js/dist/deprecated.min.js.map HTTP/1.1" 508 288 "-" "Mozilla/5.0 (compatible; Google-CloudVertexBot; +https://cloud.google.com/vertex-ai-bot)"
23.161.169.55 - - [11/Jul/2026:21:09:58 +0530] "GET /wp-content/plugins/wp-pagebuilder/addons/posts/assets/js/posts-addon.js.map HTTP/1.1" 508 288 "-" "Mozilla/5.0 (compatible; PerplexityBot/1.0; +https://perplexity.ai/perplexitybot)"
23.161.169.55 - - [11/Jul/2026:21:09:58 +0530] "GET /wp-includes/js/jquery/ui/core.min.js.map HTTP/1.1" 508 288 "-" "Mozilla/5.0 (compatible; xAI-SearchBot/1.0; +https://x.ai)"
23.161.169.55 - - [11/Jul/2026:21:09:58 +0530] "GET /wp-content/plugins/tutor/assets/js/tutor-front.js.map HTTP/1.1" 508 288 "-" "Mozilla/5.0 AppleWebKit/537.36 (KHTML, like Gecko; compatible; GPTBot/1.3; +https://openai.com/gptbot)"
23.161.169.55 - - [11/Jul/2026:21:09:58 +0530] "GET /wp-includes/js/dist/hooks.min.js.map HTTP/1.1" 508 288 "-" "Mozilla/5.0 (compatible; PerplexityBot/1.0; +https://perplexity.ai/perplexitybot)"
23.161.169.55 - - [11/Jul/2026:21:09:58 +0530] "GET /wp-includes/js/jquery/ui/mouse.min.js.map HTTP/1.1" 508 288 "-" "Mozilla/5.0 (compatible; DeepSeekBot/1.0; +https://www.deepseek.com/bot)"
23.161.169.55 - - [11/Jul/2026:21:09:58 +0530] "GET /wp-includes/js/dist/vendor/react.min.js.map HTTP/1.1" 508 288 "-" "Mozilla/5.0 (compatible; YandexBot/3.0; +http://yandex.com/bots)"
23.161.169.55 - - [11/Jul/2026:21:09:58 +0530] "GET /wp-includes/js/jquery/ui/sortable.min.js.map HTTP/1.1" 508 288 "-" "Mozilla/5.0 (compatible; Baiduspider/2.0; +http://www.baidu.com/search/spider.html)"
23.161.169.55 - - [11/Jul/2026:21:09:58 +0530] "GET /wp-content/plugins/wp-pagebuilder/addons/carousel/assets/libraries/slick/slick.min.js.map HTTP/1.1" 508 288 "-" "Mozilla/5.0 (compatible; Googlebot/2.1; +http://www.google.com/bot.html)"
23.161.169.55 - - [11/Jul/2026:21:09:58 +0530] "GET /wp-content/plugins/wordlift/js/dist/wordlift-cloud.js.map HTTP/1.1" 302 201 "-" "Mozilla/5.0 (compatible; Baiduspider/2.0; +http://www.baidu.com/search/spider.html)"
23.161.169.55 - - [11/Jul/2026:21:09:59 +0530] "GET /wp-includes/js/dist/vendor/react-dom.min.js.map HTTP/1.1" 508 288 "-" "Mozilla/5.0 AppleWebKit/537.36 (KHTML, like Gecko; compatible; GPTBot/1.3; +https://openai.com/gptbot)"
23.161.169.55 - - [11/Jul/2026:21:09:59 +0530] "GET /wp-content/plugins/tutor/assets/js/tutor.js.map HTTP/1.1" 508 288 "-" "Mozilla/5.0 (compatible; Googlebot/2.1; +http://www.google.com/bot.html)"
23.161.169.55 - - [11/Jul/2026:21:09:59 +0530] "GET /wp-includes/js/dist/date.min.js.map HTTP/1.1" 508 288 "-" "Mozilla/5.0 (compatible; Google-CloudVertexBot; +https://cloud.google.com/vertex-ai-bot)"
103.93.16.123 - - [11/Jul/2026:21:14:09 +0530] "POST /wp-cron.php?doing_wp_cron=1783784649.0160470008850097656250 HTTP/1.1" 200 - "-" "WordPress/7.0.1; https://royal-academy.in"
165.232.170.247 - - [11/Jul/2026:21:14:03 +0530] "GET /wp-login.php HTTP/1.1" 200 7304 "-" "Mozilla/5.0 (X11; Linux x86_64) AppleWebKit/537.36 (KHTML, like Gecko) Chrome/144.0.0.0 Safari/537.36"