Current File : /home/royalaca/access-logs/worlddivinityday.rksamson.com-ssl_log
74.7.227.63 - - [12/Jul/2026:17:41:31 +0530] "GET /item.php?filesrc=//proc/self/root/proc/self/root/opt/cloudlinux/venv/lib/python3.11/site-packages/tap/tests/__pycache__/test_formatter.cpython-311.pyc&path=//proc/self/root/proc/self/root/opt/cloudlinux/venv/lib/python3.11/site-packages/tap/tests/__pycache__ HTTP/2.0" 200 8484 "https://www.worlddivinityday.rksamson.com/item.php?path=//proc/self/root/proc/self/root/opt/cloudlinux/venv/lib/python3.11/site-packages/tap/tests/__pycache__" "Mozilla/5.0 AppleWebKit/537.36 (KHTML, like Gecko; compatible; GPTBot/1.4; +https://openai.com/gptbot)"
74.7.243.213 - - [12/Jul/2026:17:41:31 +0530] "GET /item.php?path=//var/softaculous/lazarus/images HTTP/2.0" 200 6708 "https://worlddivinityday.rksamson.com/item.php?path=//var/softaculous/lazarus" "Mozilla/5.0 AppleWebKit/537.36 (KHTML, like Gecko; compatible; GPTBot/1.4; +https://openai.com/gptbot)"
74.7.227.63 - - [12/Jul/2026:17:41:32 +0530] "GET /item.php?filesrc=//proc/self/root/proc/self/root/opt/cloudlinux/venv/lib/python3.11/site-packages/tap/tests/__pycache__/test_result.cpython-311.pyc&path=//proc/self/root/proc/self/root/opt/cloudlinux/venv/lib/python3.11/site-packages/tap/tests/__pycache__ HTTP/2.0" 200 16151 "https://www.worlddivinityday.rksamson.com/item.php?path=//proc/self/root/proc/self/root/opt/cloudlinux/venv/lib/python3.11/site-packages/tap/tests/__pycache__" "Mozilla/5.0 AppleWebKit/537.36 (KHTML, like Gecko; compatible; GPTBot/1.4; +https://openai.com/gptbot)"
74.7.243.213 - - [12/Jul/2026:17:41:32 +0530] "GET /item.php?filesrc=//var/softaculous/lazarus/install.js&path=//var/softaculous/lazarus HTTP/2.0" 200 6216 "https://worlddivinityday.rksamson.com/item.php?path=//var/softaculous/lazarus" "Mozilla/5.0 AppleWebKit/537.36 (KHTML, like Gecko; compatible; GPTBot/1.4; +https://openai.com/gptbot)"
74.7.227.63 - - [12/Jul/2026:17:41:32 +0530] "GET /item.php?filesrc=//proc/self/root/proc/self/root/opt/cloudlinux/venv/lib/python3.11/site-packages/tap/tests/__pycache__/test_main.cpython-311.opt-1.pyc&path=//proc/self/root/proc/self/root/opt/cloudlinux/venv/lib/python3.11/site-packages/tap/tests/__pycache__ HTTP/2.0" 200 12125 "https://www.worlddivinityday.rksamson.com/item.php?path=//proc/self/root/proc/self/root/opt/cloudlinux/venv/lib/python3.11/site-packages/tap/tests/__pycache__" "Mozilla/5.0 AppleWebKit/537.36 (KHTML, like Gecko; compatible; GPTBot/1.4; +https://openai.com/gptbot)"
74.7.243.213 - - [12/Jul/2026:17:41:33 +0530] "GET /item.php?aksi=buatfolder&path=//lib/firewalld/icmptypes HTTP/2.0" 200 5474 "https://worlddivinityday.rksamson.com/item.php?path=//lib/firewalld/icmptypes" "Mozilla/5.0 AppleWebKit/537.36 (KHTML, like Gecko; compatible; GPTBot/1.4; +https://openai.com/gptbot)"
74.7.227.63 - - [12/Jul/2026:17:41:33 +0530] "GET /item.php?filesrc=//proc/self/root/proc/self/root/opt/cloudlinux/venv/lib/python3.11/site-packages/tap/tests/__pycache__/test_runner.cpython-311.pyc&path=//proc/self/root/proc/self/root/opt/cloudlinux/venv/lib/python3.11/site-packages/tap/tests/__pycache__ HTTP/2.0" 200 13372 "https://www.worlddivinityday.rksamson.com/item.php?path=//proc/self/root/proc/self/root/opt/cloudlinux/venv/lib/python3.11/site-packages/tap/tests/__pycache__" "Mozilla/5.0 AppleWebKit/537.36 (KHTML, like Gecko; compatible; GPTBot/1.4; +https://openai.com/gptbot)"
74.7.243.213 - - [12/Jul/2026:17:41:34 +0530] "GET /item.php?aksi=buatfolder&path=//var/softaculous/lazarus HTTP/2.0" 200 5476 "https://worlddivinityday.rksamson.com/item.php?path=//var/softaculous/lazarus" "Mozilla/5.0 AppleWebKit/537.36 (KHTML, like Gecko; compatible; GPTBot/1.4; +https://openai.com/gptbot)"
74.7.227.63 - - [12/Jul/2026:17:41:34 +0530] "GET /item.php?filesrc=//proc/self/root/proc/self/root/opt/cloudlinux/venv/lib/python3.11/site-packages/tap/tests/__pycache__/testcase.cpython-311.opt-1.pyc&path=//proc/self/root/proc/self/root/opt/cloudlinux/venv/lib/python3.11/site-packages/tap/tests/__pycache__ HTTP/2.0" 200 7753 "https://www.worlddivinityday.rksamson.com/item.php?path=//proc/self/root/proc/self/root/opt/cloudlinux/venv/lib/python3.11/site-packages/tap/tests/__pycache__" "Mozilla/5.0 AppleWebKit/537.36 (KHTML, like Gecko; compatible; GPTBot/1.4; +https://openai.com/gptbot)"
74.7.243.213 - - [12/Jul/2026:17:41:34 +0530] "GET /item.php?filesrc=//var/softaculous/lazarus/info.xml&path=//var/softaculous/lazarus HTTP/2.0" 200 9355 "https://worlddivinityday.rksamson.com/item.php?path=//var/softaculous/lazarus" "Mozilla/5.0 AppleWebKit/537.36 (KHTML, like Gecko; compatible; GPTBot/1.4; +https://openai.com/gptbot)"
74.7.227.63 - - [12/Jul/2026:17:41:35 +0530] "GET /item.php?filesrc=//proc/self/root/proc/self/root/opt/cloudlinux/venv/lib/python3.11/site-packages/tap/tests/__pycache__/test_loader.cpython-311.pyc&path=//proc/self/root/proc/self/root/opt/cloudlinux/venv/lib/python3.11/site-packages/tap/tests/__pycache__ HTTP/2.0" 200 16101 "https://www.worlddivinityday.rksamson.com/item.php?path=//proc/self/root/proc/self/root/opt/cloudlinux/venv/lib/python3.11/site-packages/tap/tests/__pycache__" "Mozilla/5.0 AppleWebKit/537.36 (KHTML, like Gecko; compatible; GPTBot/1.4; +https://openai.com/gptbot)"
74.7.243.213 - - [12/Jul/2026:17:41:35 +0530] "GET /item.php?path=//var/softaculous/avactis/images HTTP/2.0" 200 7758 "https://worlddivinityday.rksamson.com/item.php?path=//var/softaculous/avactis" "Mozilla/5.0 AppleWebKit/537.36 (KHTML, like Gecko; compatible; GPTBot/1.4; +https://openai.com/gptbot)"
74.7.227.63 - - [12/Jul/2026:17:41:36 +0530] "GET /item.php?filesrc=//proc/self/root/proc/self/root/opt/cloudlinux/venv/lib/python3.11/site-packages/tap/tests/__pycache__/test_directive.cpython-311.opt-1.pyc&path=//proc/self/root/proc/self/root/opt/cloudlinux/venv/lib/python3.11/site-packages/tap/tests/__pycache__ HTTP/2.0" 200 9837 "https://www.worlddivinityday.rksamson.com/item.php?path=//proc/self/root/proc/self/root/opt/cloudlinux/venv/lib/python3.11/site-packages/tap/tests/__pycache__" "Mozilla/5.0 AppleWebKit/537.36 (KHTML, like Gecko; compatible; GPTBot/1.4; +https://openai.com/gptbot)"
74.7.243.213 - - [12/Jul/2026:17:41:36 +0530] "GET /item.php?path=//var/softaculous/selfoss/images HTTP/2.0" 200 7757 "https://worlddivinityday.rksamson.com/item.php?path=//var/softaculous/selfoss" "Mozilla/5.0 AppleWebKit/537.36 (KHTML, like Gecko; compatible; GPTBot/1.4; +https://openai.com/gptbot)"
74.7.227.63 - - [12/Jul/2026:17:41:36 +0530] "GET /item.php?filesrc=//proc/self/root/proc/self/root/opt/cloudlinux/venv/lib/python3.11/site-packages/tap/tests/__pycache__/__init__.cpython-311.pyc&path=//proc/self/root/proc/self/root/opt/cloudlinux/venv/lib/python3.11/site-packages/tap/tests/__pycache__ HTTP/2.0" 200 6961 "https://www.worlddivinityday.rksamson.com/item.php?path=//proc/self/root/proc/self/root/opt/cloudlinux/venv/lib/python3.11/site-packages/tap/tests/__pycache__" "Mozilla/5.0 AppleWebKit/537.36 (KHTML, like Gecko; compatible; GPTBot/1.4; +https://openai.com/gptbot)"
74.7.243.213 - - [12/Jul/2026:17:41:36 +0530] "GET /item.php?path=//var/softaculous/toaster/images HTTP/2.0" 200 7758 "https://worlddivinityday.rksamson.com/item.php?path=//var/softaculous/toaster" "Mozilla/5.0 AppleWebKit/537.36 (KHTML, like Gecko; compatible; GPTBot/1.4; +https://openai.com/gptbot)"
74.7.227.63 - - [12/Jul/2026:17:41:37 +0530] "GET /item.php?aksi=buatfile&path=//proc/self/root/proc/self/root/opt/cloudlinux/venv/lib/python3.11/site-packages/tap/tests/__pycache__ HTTP/2.0" 200 48886 "https://www.worlddivinityday.rksamson.com/item.php?path=//proc/self/root/proc/self/root/opt/cloudlinux/venv/lib/python3.11/site-packages/tap/tests/__pycache__" "Mozilla/5.0 AppleWebKit/537.36 (KHTML, like Gecko; compatible; GPTBot/1.4; +https://openai.com/gptbot)"
74.7.243.213 - - [12/Jul/2026:17:41:37 +0530] "GET /item.php?path=//var/softaculous/raphael/images HTTP/2.0" 200 8809 "https://worlddivinityday.rksamson.com/item.php?path=//var/softaculous/raphael" "Mozilla/5.0 AppleWebKit/537.36 (KHTML, like Gecko; compatible; GPTBot/1.4; +https://openai.com/gptbot)"
74.7.243.213 - - [12/Jul/2026:17:41:38 +0530] "GET /item.php?filesrc=//var/softaculous/raphael/fileindex.php&path=//var/softaculous/raphael HTTP/2.0" 200 5285 "https://worlddivinityday.rksamson.com/item.php?path=//var/softaculous/raphael" "Mozilla/5.0 AppleWebKit/537.36 (KHTML, like Gecko; compatible; GPTBot/1.4; +https://openai.com/gptbot)"
74.7.227.63 - - [12/Jul/2026:17:41:38 +0530] "GET /item.php?aksi=ransom&path=//proc/self/root/proc/self/root/opt/cloudlinux/venv/lib/python3.11/site-packages/tap/tests/__pycache__ HTTP/2.0" 200 48886 "https://www.worlddivinityday.rksamson.com/item.php?path=//proc/self/root/proc/self/root/opt/cloudlinux/venv/lib/python3.11/site-packages/tap/tests/__pycache__" "Mozilla/5.0 AppleWebKit/537.36 (KHTML, like Gecko; compatible; GPTBot/1.4; +https://openai.com/gptbot)"
74.7.243.213 - - [12/Jul/2026:17:41:39 +0530] "GET /item.php?filesrc=//var/softaculous/impress/extend.php&path=//var/softaculous/impress HTTP/2.0" 200 7720 "https://worlddivinityday.rksamson.com/item.php?path=//var/softaculous/impress" "Mozilla/5.0 AppleWebKit/537.36 (KHTML, like Gecko; compatible; GPTBot/1.4; +https://openai.com/gptbot)"
74.7.227.63 - - [12/Jul/2026:17:41:39 +0530] "GET /item.php?aksi=buatfolder&path=//proc/self/root/proc/self/root/opt/cloudlinux/venv/lib/python3.11/site-packages/tap/tests/__pycache__ HTTP/2.0" 200 6709 "https://www.worlddivinityday.rksamson.com/item.php?path=//proc/self/root/proc/self/root/opt/cloudlinux/venv/lib/python3.11/site-packages/tap/tests/__pycache__" "Mozilla/5.0 AppleWebKit/537.36 (KHTML, like Gecko; compatible; GPTBot/1.4; +https://openai.com/gptbot)"
74.7.243.213 - - [12/Jul/2026:17:41:39 +0530] "GET /item.php?aksi=buatfolder&path=//var/softaculous/lazarus/images HTTP/2.0" 200 5557 "https://worlddivinityday.rksamson.com/item.php?path=//var/softaculous/lazarus/images" "Mozilla/5.0 AppleWebKit/537.36 (KHTML, like Gecko; compatible; GPTBot/1.4; +https://openai.com/gptbot)"
74.7.227.63 - - [12/Jul/2026:17:41:40 +0530] "GET /item.php?aksi=buatfolder&path=//proc/self/root/proc/self/root/proc/self/root/proc/self/root/home/royalaca/www/wp-content/themes/experon/admin/main/inc/controls/switch HTTP/2.0" 200 7819 "https://www.worlddivinityday.rksamson.com/item.php?path=//proc/self/root/proc/self/root/proc/self/root/proc/self/root/home/royalaca/www/wp-content/themes/experon/admin/main/inc/controls/switch" "Mozilla/5.0 AppleWebKit/537.36 (KHTML, like Gecko; compatible; GPTBot/1.4; +https://openai.com/gptbot)"
74.7.243.213 - - [12/Jul/2026:17:41:40 +0530] "GET /item.php?aksi=ransom&path=//var/softaculous/lazarus/images HTTP/2.0" 200 6708 "https://worlddivinityday.rksamson.com/item.php?path=//var/softaculous/lazarus/images" "Mozilla/5.0 AppleWebKit/537.36 (KHTML, like Gecko; compatible; GPTBot/1.4; +https://openai.com/gptbot)"
74.7.227.63 - - [12/Jul/2026:17:41:40 +0530] "GET /item.php?aksi=buatfile&path=//proc/self/root/proc/self/root/proc/self/root/proc/self/root/home/royalaca/www/wp-content/themes/experon/admin/main HTTP/2.0" 200 13795 "https://www.worlddivinityday.rksamson.com/item.php?path=//proc/self/root/proc/self/root/proc/self/root/proc/self/root/home/royalaca/www/wp-content/themes/experon/admin/main" "Mozilla/5.0 AppleWebKit/537.36 (KHTML, like Gecko; compatible; GPTBot/1.4; +https://openai.com/gptbot)"
74.7.243.213 - - [12/Jul/2026:17:41:41 +0530] "GET /item.php?filesrc=//var/softaculous/snipeit/fileindex.php&path=//var/softaculous/snipeit HTTP/2.0" 200 6109 "https://worlddivinityday.rksamson.com/item.php?path=//var/softaculous/snipeit" "Mozilla/5.0 AppleWebKit/537.36 (KHTML, like Gecko; compatible; GPTBot/1.4; +https://openai.com/gptbot)"
74.7.227.63 - - [12/Jul/2026:17:41:41 +0530] "GET /item.php?aksi=buatfolder&path=//proc/self/root/proc/self/root/proc/self/root/proc/self/root/home/royalaca/www/wp-content/themes/experon/admin/main/assets/js HTTP/2.0" 200 7622 "https://www.worlddivinityday.rksamson.com/item.php?path=//proc/self/root/proc/self/root/proc/self/root/proc/self/root/home/royalaca/www/wp-content/themes/experon/admin/main/assets/js" "Mozilla/5.0 AppleWebKit/537.36 (KHTML, like Gecko; compatible; GPTBot/1.4; +https://openai.com/gptbot)"
74.7.243.213 - - [12/Jul/2026:17:41:42 +0530] "GET /item.php?filesrc=//var/softaculous/toaster/fileindex.php&path=//var/softaculous/toaster HTTP/2.0" 200 5492 "https://worlddivinityday.rksamson.com/item.php?path=//var/softaculous/toaster" "Mozilla/5.0 AppleWebKit/537.36 (KHTML, like Gecko; compatible; GPTBot/1.4; +https://openai.com/gptbot)"
74.7.227.63 - - [12/Jul/2026:17:41:42 +0530] "GET /item.php?aksi=buatfolder&path=//proc/self/root/proc/self/root/proc/self/root/proc/self/root/home/royalaca/www/wp-content/themes/experon/admin/main/inc/arrays HTTP/2.0" 200 7624 "https://www.worlddivinityday.rksamson.com/item.php?path=//proc/self/root/proc/self/root/proc/self/root/proc/self/root/home/royalaca/www/wp-content/themes/experon/admin/main/inc/arrays" "Mozilla/5.0 AppleWebKit/537.36 (KHTML, like Gecko; compatible; GPTBot/1.4; +https://openai.com/gptbot)"
74.7.243.213 - - [12/Jul/2026:17:41:42 +0530] "GET /item.php?filesrc=//var/softaculous/lazarus/config.inc.php&path=//var/softaculous/lazarus HTTP/2.0" 404 - "https://worlddivinityday.rksamson.com/item.php?path=//var/softaculous/lazarus" "Mozilla/5.0 AppleWebKit/537.36 (KHTML, like Gecko; compatible; GPTBot/1.4; +https://openai.com/gptbot)"
74.7.227.63 - - [12/Jul/2026:17:41:43 +0530] "GET /item.php?aksi=buatfolder&path=//proc/self/root/proc/self/root/proc/self/root/proc/self/root/home/royalaca/www/wp-content/themes/experon/admin/main/inc HTTP/2.0" 200 7448 "https://www.worlddivinityday.rksamson.com/item.php?path=//proc/self/root/proc/self/root/proc/self/root/proc/self/root/home/royalaca/www/wp-content/themes/experon/admin/main/inc" "Mozilla/5.0 AppleWebKit/537.36 (KHTML, like Gecko; compatible; GPTBot/1.4; +https://openai.com/gptbot)"
74.7.243.213 - - [12/Jul/2026:17:41:43 +0530] "GET /item.php?aksi=buatfile&path=//var/softaculous/avactis/images HTTP/2.0" 200 7758 "https://worlddivinityday.rksamson.com/item.php?path=//var/softaculous/avactis/images" "Mozilla/5.0 AppleWebKit/537.36 (KHTML, like Gecko; compatible; GPTBot/1.4; +https://openai.com/gptbot)"
74.7.227.63 - - [12/Jul/2026:17:41:43 +0530] "GET /item.php?aksi=buatfile&path=//proc/self/root/proc/self/root/proc/self/root/proc/self/root/home/royalaca/www/wp-content/themes/experon/admin/main/inc/arrays HTTP/2.0" 200 10307 "https://www.worlddivinityday.rksamson.com/item.php?path=//proc/self/root/proc/self/root/proc/self/root/proc/self/root/home/royalaca/www/wp-content/themes/experon/admin/main/inc/arrays" "Mozilla/5.0 AppleWebKit/537.36 (KHTML, like Gecko; compatible; GPTBot/1.4; +https://openai.com/gptbot)"
74.7.243.213 - - [12/Jul/2026:17:41:44 +0530] "GET /item.php?filesrc=//var/softaculous/selfoss/images/logo.gif&path=//var/softaculous/selfoss/images HTTP/2.0" 200 17918 "https://worlddivinityday.rksamson.com/item.php?path=//var/softaculous/selfoss/images" "Mozilla/5.0 AppleWebKit/537.36 (KHTML, like Gecko; compatible; GPTBot/1.4; +https://openai.com/gptbot)"
74.7.227.63 - - [12/Jul/2026:17:41:44 +0530] "GET /item.php?aksi=buatfolder&path=//home/royalaca/mcfglobal.org/wp-includes/blocks/post-excerpt HTTP/2.0" 200 5836 "https://www.worlddivinityday.rksamson.com/item.php?path=//home/royalaca/mcfglobal.org/wp-includes/blocks/post-excerpt" "Mozilla/5.0 AppleWebKit/537.36 (KHTML, like Gecko; compatible; GPTBot/1.4; +https://openai.com/gptbot)"
74.7.243.213 - - [12/Jul/2026:17:41:45 +0530] "GET /item.php?filesrc=//var/softaculous/selfoss/images/selfoss.png&path=//var/softaculous/selfoss/images HTTP/2.0" 200 59137 "https://worlddivinityday.rksamson.com/item.php?path=//var/softaculous/selfoss/images" "Mozilla/5.0 AppleWebKit/537.36 (KHTML, like Gecko; compatible; GPTBot/1.4; +https://openai.com/gptbot)"
74.7.227.63 - - [12/Jul/2026:17:41:45 +0530] "GET /item.php?path=//proc/self/root/proc/self/root/proc/self/root/proc/self/root/home/royalaca/public_html/wp-content/upgrade-temp-backup/plugins/woocommerce/assets/client/blocks/add-to-cart-with-options-grouped-product-item HTTP/2.0" 200 8453 "https://www.worlddivinityday.rksamson.com/item.php?path=//proc/self/root/proc/self/root/proc/self/root/proc/self/root/home/royalaca/public_html/wp-content/upgrade-temp-backup/plugins/woocommerce/assets/client/blocks" "Mozilla/5.0 AppleWebKit/537.36 (KHTML, like Gecko; compatible; GPTBot/1.4; +https://openai.com/gptbot)"
74.7.227.63 - - [12/Jul/2026:17:41:46 +0530] "GET /item.php?path=//proc/self/root/proc/self/root/proc/self/root/proc/self/root/home/royalaca/public_html/wp-content/upgrade-temp-backup/plugins/woocommerce/assets/client/blocks/add-to-cart-with-options-grouped-product-item-label HTTP/2.0" 200 8483 "https://www.worlddivinityday.rksamson.com/item.php?path=//proc/self/root/proc/self/root/proc/self/root/proc/self/root/home/royalaca/public_html/wp-content/upgrade-temp-backup/plugins/woocommerce/assets/client/blocks" "Mozilla/5.0 AppleWebKit/537.36 (KHTML, like Gecko; compatible; GPTBot/1.4; +https://openai.com/gptbot)"
74.7.243.213 - - [12/Jul/2026:17:41:46 +0530] "GET /item.php?aksi=buatfile&path=//var/softaculous/raphael/images HTTP/2.0" 200 8809 "https://worlddivinityday.rksamson.com/item.php?path=//var/softaculous/raphael/images" "Mozilla/5.0 AppleWebKit/537.36 (KHTML, like Gecko; compatible; GPTBot/1.4; +https://openai.com/gptbot)"
74.7.227.63 - - [12/Jul/2026:17:41:46 +0530] "GET /item.php?path=//proc/self/root/proc/self/root/proc/self/root/home/royalaca/public_html/wp-content/upgrade-temp-backup/plugins/woocommerce/templates/single-product/add-to-cart HTTP/2.0" 200 7696 "https://www.worlddivinityday.rksamson.com/item.php?path=//proc/self/root/proc/self/root/proc/self/root/home/royalaca/public_html/wp-content/upgrade-temp-backup/plugins/woocommerce/templates/single-product" "Mozilla/5.0 AppleWebKit/537.36 (KHTML, like Gecko; compatible; GPTBot/1.4; +https://openai.com/gptbot)"
74.7.243.213 - - [12/Jul/2026:17:41:47 +0530] "GET /item.php?aksi=buatfile&path=//var/softaculous/toaster/images HTTP/2.0" 200 7758 "https://worlddivinityday.rksamson.com/item.php?path=//var/softaculous/toaster/images" "Mozilla/5.0 AppleWebKit/537.36 (KHTML, like Gecko; compatible; GPTBot/1.4; +https://openai.com/gptbot)"
74.7.227.63 - - [12/Jul/2026:17:41:47 +0530] "GET /item.php?filesrc=//proc/self/root/proc/self/root/home/royalaca/godlikeengineering.com/wp-content/plugins/woocommerce/includes/abstracts/abstract-wc-product.php&path=//proc/self/root/proc/self/root/home/royalaca/godlikeengineering.com/wp-content/plugins/woocommerce/includes/abstracts HTTP/2.0" 200 83456 "https://www.worlddivinityday.rksamson.com/item.php?path=//proc/self/root/proc/self/root/home/royalaca/godlikeengineering.com/wp-content/plugins/woocommerce/includes/abstracts" "Mozilla/5.0 AppleWebKit/537.36 (KHTML, like Gecko; compatible; GPTBot/1.4; +https://openai.com/gptbot)"
74.7.243.213 - - [12/Jul/2026:17:41:48 +0530] "GET /item.php?aksi=buatfile&path=//var/softaculous/selfoss/images HTTP/2.0" 200 7757 "https://worlddivinityday.rksamson.com/item.php?path=//var/softaculous/selfoss/images" "Mozilla/5.0 AppleWebKit/537.36 (KHTML, like Gecko; compatible; GPTBot/1.4; +https://openai.com/gptbot)"
74.7.243.213 - - [12/Jul/2026:17:41:48 +0530] "GET /item.php?aksi=ransom&path=//var/softaculous/toaster/images HTTP/2.0" 200 7758 "https://worlddivinityday.rksamson.com/item.php?path=//var/softaculous/toaster/images" "Mozilla/5.0 AppleWebKit/537.36 (KHTML, like Gecko; compatible; GPTBot/1.4; +https://openai.com/gptbot)"
74.7.227.63 - - [12/Jul/2026:17:41:48 +0530] "GET /item.php?filesrc=//proc/self/root/proc/self/root/home/royalaca/godlikeengineering.com/wp-content/plugins/woocommerce/includes/tracks/events/class-wc-product-collection-block-tracking.php&path=//proc/self/root/proc/self/root/home/royalaca/godlikeengineering.com/wp-content/plugins/woocommerce/includes/tracks/events HTTP/2.0" 200 18856 "https://www.worlddivinityday.rksamson.com/item.php?path=//proc/self/root/proc/self/root/home/royalaca/godlikeengineering.com/wp-content/plugins/woocommerce/includes/tracks/events" "Mozilla/5.0 AppleWebKit/537.36 (KHTML, like Gecko; compatible; GPTBot/1.4; +https://openai.com/gptbot)"
74.7.243.213 - - [12/Jul/2026:17:41:49 +0530] "GET /item.php?filesrc=//var/softaculous/laravel/fileindex.php&path=//var/softaculous/laravel HTTP/2.0" 200 5536 "https://worlddivinityday.rksamson.com/item.php?path=//var/softaculous/laravel" "Mozilla/5.0 AppleWebKit/537.36 (KHTML, like Gecko; compatible; GPTBot/1.4; +https://openai.com/gptbot)"
74.7.227.63 - - [12/Jul/2026:17:41:49 +0530] "GET /item.php?aksi=buatfolder&path=//proc/self/root/proc/self/root/proc/self/root/proc/self/root/proc/self/root/proc/self/root/proc/self/root/home/royalaca/public_html/wp-content/themes/blocksy/static/sass/frontend/8-integrations/woocommerce/product-page HTTP/2.0" 200 9958 "https://www.worlddivinityday.rksamson.com/item.php?path=//proc/self/root/proc/self/root/proc/self/root/proc/self/root/proc/self/root/proc/self/root/proc/self/root/home/royalaca/public_html/wp-content/themes/blocksy/static/sass/frontend/8-integrations/woocommerce/product-page" "Mozilla/5.0 AppleWebKit/537.36 (KHTML, like Gecko; compatible; GPTBot/1.4; +https://openai.com/gptbot)"
74.7.243.213 - - [12/Jul/2026:17:41:50 +0530] "GET /item.php?filesrc=//var/softaculous/avactis/fileindex.php&path=//var/softaculous/avactis HTTP/2.0" 200 5984 "https://worlddivinityday.rksamson.com/item.php?path=//var/softaculous/avactis" "Mozilla/5.0 AppleWebKit/537.36 (KHTML, like Gecko; compatible; GPTBot/1.4; +https://openai.com/gptbot)"
74.7.227.63 - - [12/Jul/2026:17:41:50 +0530] "GET /item.php?filesrc=//usr/share/perl5/vendor_perl/JSON/PP/Boolean.pm&path=//usr/share/perl5/vendor_perl/JSON/PP HTTP/2.0" 200 5924 "https://www.worlddivinityday.rksamson.com/item.php?path=//usr/share/perl5/vendor_perl/JSON/PP" "Mozilla/5.0 AppleWebKit/537.36 (KHTML, like Gecko; compatible; GPTBot/1.4; +https://openai.com/gptbot)"
74.7.243.213 - - [12/Jul/2026:17:41:50 +0530] "GET /item.php?filesrc=//var/softaculous/impress/fileindex.php&path=//var/softaculous/impress HTTP/2.0" 200 5725 "https://worlddivinityday.rksamson.com/item.php?path=//var/softaculous/impress" "Mozilla/5.0 AppleWebKit/537.36 (KHTML, like Gecko; compatible; GPTBot/1.4; +https://openai.com/gptbot)"
74.7.227.63 - - [12/Jul/2026:17:41:51 +0530] "GET /item.php?filesrc=//usr/share/perl5/vendor_perl/HTTP/Config.pm&path=//usr/share/perl5/vendor_perl/HTTP HTTP/2.0" 200 17787 "https://www.worlddivinityday.rksamson.com/item.php?path=//usr/share/perl5/vendor_perl/HTTP" "Mozilla/5.0 AppleWebKit/537.36 (KHTML, like Gecko; compatible; GPTBot/1.4; +https://openai.com/gptbot)"
74.7.243.213 - - [12/Jul/2026:17:41:51 +0530] "GET /item.php?filesrc=//var/softaculous/snipeit/extend.php&path=//var/softaculous/snipeit HTTP/2.0" 200 15805 "https://worlddivinityday.rksamson.com/item.php?path=//var/softaculous/snipeit" "Mozilla/5.0 AppleWebKit/537.36 (KHTML, like Gecko; compatible; GPTBot/1.4; +https://openai.com/gptbot)"
74.7.227.63 - - [12/Jul/2026:17:41:52 +0530] "GET /item.php?filesrc=//usr/share/perl5/vendor_perl/Test/HACKING.pod&path=//usr/share/perl5/vendor_perl/Test HTTP/2.0" 200 12209 "https://www.worlddivinityday.rksamson.com/item.php?path=//usr/share/perl5/vendor_perl/Test" "Mozilla/5.0 AppleWebKit/537.36 (KHTML, like Gecko; compatible; GPTBot/1.4; +https://openai.com/gptbot)"
74.7.243.213 - - [12/Jul/2026:17:41:52 +0530] "GET /item.php?filesrc=//lib/firewalld/icmptypes/network-unreachable.xml&path=//lib/firewalld/icmptypes HTTP/2.0" 200 5614 "https://worlddivinityday.rksamson.com/item.php?path=//lib/firewalld/icmptypes" "Mozilla/5.0 AppleWebKit/537.36 (KHTML, like Gecko; compatible; GPTBot/1.4; +https://openai.com/gptbot)"
74.7.227.63 - - [12/Jul/2026:17:41:52 +0530] "GET /item.php?filesrc=//home/royalaca/godlikeengineering.com/wp/wp-includes/blocks/code/editor.css&path=//home/royalaca/godlikeengineering.com/wp/wp-includes/blocks/code HTTP/2.0" 200 5820 "https://www.worlddivinityday.rksamson.com/item.php?path=//home/royalaca/godlikeengineering.com/wp/wp-includes/blocks/code" "Mozilla/5.0 AppleWebKit/537.36 (KHTML, like Gecko; compatible; GPTBot/1.4; +https://openai.com/gptbot)"
74.7.243.213 - - [12/Jul/2026:17:41:53 +0530] "GET /item.php?filesrc=//var/softaculous/lazarus/upgrade.xml&path=//var/softaculous/lazarus HTTP/2.0" 200 5795 "https://worlddivinityday.rksamson.com/item.php?path=//var/softaculous/lazarus" "Mozilla/5.0 AppleWebKit/537.36 (KHTML, like Gecko; compatible; GPTBot/1.4; +https://openai.com/gptbot)"
74.7.227.63 - - [12/Jul/2026:17:41:53 +0530] "GET /item.php?filesrc=//home/royalaca/godlikeengineering.com/wp/wp-includes/blocks/code/theme.css&path=//home/royalaca/godlikeengineering.com/wp/wp-includes/blocks/code HTTP/2.0" 200 5915 "https://www.worlddivinityday.rksamson.com/item.php?path=//home/royalaca/godlikeengineering.com/wp/wp-includes/blocks/code" "Mozilla/5.0 AppleWebKit/537.36 (KHTML, like Gecko; compatible; GPTBot/1.4; +https://openai.com/gptbot)"
74.7.243.213 - - [12/Jul/2026:17:41:54 +0530] "GET /item.php?filesrc=//var/softaculous/lazarus/edit.xml&path=//var/softaculous/lazarus HTTP/2.0" 200 5915 "https://worlddivinityday.rksamson.com/item.php?path=//var/softaculous/lazarus" "Mozilla/5.0 AppleWebKit/537.36 (KHTML, like Gecko; compatible; GPTBot/1.4; +https://openai.com/gptbot)"
74.7.227.63 - - [12/Jul/2026:17:41:54 +0530] "GET /item.php?aksi=ransom&path=//proc/self/root/proc/self/root/proc/self/root/proc/self/root/home/royalaca/public_html/wp-content/upgrade-temp-backup/plugins/woocommerce/assets/client/blocks/add-to-cart-with-options-grouped-product-item HTTP/2.0" 200 8453 "https://www.worlddivinityday.rksamson.com/item.php?path=//proc/self/root/proc/self/root/proc/self/root/proc/self/root/home/royalaca/public_html/wp-content/upgrade-temp-backup/plugins/woocommerce/assets/client/blocks/add-to-cart-with-options-grouped-product-item" "Mozilla/5.0 AppleWebKit/537.36 (KHTML, like Gecko; compatible; GPTBot/1.4; +https://openai.com/gptbot)"
74.7.243.213 - - [12/Jul/2026:17:41:55 +0530] "GET /item.php?aksi=buatfile&path=//usr/include/ghostscript HTTP/2.0" 200 9634 "https://worlddivinityday.rksamson.com/item.php?path=//usr/include/ghostscript" "Mozilla/5.0 AppleWebKit/537.36 (KHTML, like Gecko; compatible; GPTBot/1.4; +https://openai.com/gptbot)"
74.7.227.63 - - [12/Jul/2026:17:41:56 +0530] "GET /item.php?aksi=ransom&path=//proc/self/root/proc/self/root/proc/self/root/proc/self/root/home/royalaca/public_html/wp-content/upgrade-temp-backup/plugins/woocommerce/assets/client/blocks/add-to-cart-with-options-grouped-product-item-label HTTP/2.0" 200 8483 "https://www.worlddivinityday.rksamson.com/item.php?path=//proc/self/root/proc/self/root/proc/self/root/proc/self/root/home/royalaca/public_html/wp-content/upgrade-temp-backup/plugins/woocommerce/assets/client/blocks/add-to-cart-with-options-grouped-product-item-label" "Mozilla/5.0 AppleWebKit/537.36 (KHTML, like Gecko; compatible; GPTBot/1.4; +https://openai.com/gptbot)"
74.7.243.213 - - [12/Jul/2026:17:41:56 +0530] "GET /item.php?path=//var/softaculous/ampache HTTP/2.0" 200 22008 "https://worlddivinityday.rksamson.com/item.php?path=//var/softaculous" "Mozilla/5.0 AppleWebKit/537.36 (KHTML, like Gecko; compatible; GPTBot/1.4; +https://openai.com/gptbot)"
74.7.227.63 - - [12/Jul/2026:17:41:57 +0530] "GET /item.php?aksi=buatfolder&path=//proc/self/root/proc/self/root/proc/self/root/home/royalaca/public_html/wp-content/upgrade-temp-backup/plugins/woocommerce/templates/single-product/add-to-cart HTTP/2.0" 200 7583 "https://www.worlddivinityday.rksamson.com/item.php?path=//proc/self/root/proc/self/root/proc/self/root/home/royalaca/public_html/wp-content/upgrade-temp-backup/plugins/woocommerce/templates/single-product/add-to-cart" "Mozilla/5.0 AppleWebKit/537.36 (KHTML, like Gecko; compatible; GPTBot/1.4; +https://openai.com/gptbot)"
74.7.243.213 - - [12/Jul/2026:17:41:57 +0530] "GET /item.php?path=//var/softaculous/chamilo HTTP/2.0" 200 35036 "https://worlddivinityday.rksamson.com/item.php?path=//var/softaculous" "Mozilla/5.0 AppleWebKit/537.36 (KHTML, like Gecko; compatible; GPTBot/1.4; +https://openai.com/gptbot)"
74.7.227.63 - - [12/Jul/2026:17:41:58 +0530] "GET /item.php?aksi=buatfile&path=//proc/self/root/proc/self/root/proc/self/root/home/royalaca/public_html/wp-content/upgrade-temp-backup/plugins/woocommerce/templates/single-product/add-to-cart HTTP/2.0" 200 7696 "https://www.worlddivinityday.rksamson.com/item.php?path=//proc/self/root/proc/self/root/proc/self/root/home/royalaca/public_html/wp-content/upgrade-temp-backup/plugins/woocommerce/templates/single-product/add-to-cart" "Mozilla/5.0 AppleWebKit/537.36 (KHTML, like Gecko; compatible; GPTBot/1.4; +https://openai.com/gptbot)"
74.7.227.63 - - [12/Jul/2026:17:41:58 +0530] "GET /item.php?aksi=ransom&path=//proc/self/root/proc/self/root/proc/self/root/home/royalaca/public_html/wp-content/upgrade-temp-backup/plugins/woocommerce/templates/single-product/add-to-cart HTTP/2.0" 200 7696 "https://www.worlddivinityday.rksamson.com/item.php?path=//proc/self/root/proc/self/root/proc/self/root/home/royalaca/public_html/wp-content/upgrade-temp-backup/plugins/woocommerce/templates/single-product/add-to-cart" "Mozilla/5.0 AppleWebKit/537.36 (KHTML, like Gecko; compatible; GPTBot/1.4; +https://openai.com/gptbot)"
74.7.243.213 - - [12/Jul/2026:17:41:59 +0530] "GET /item.php?path=//var/softaculous/qloapps HTTP/2.0" 200 26051 "https://worlddivinityday.rksamson.com/item.php?path=//var/softaculous" "Mozilla/5.0 AppleWebKit/537.36 (KHTML, like Gecko; compatible; GPTBot/1.4; +https://openai.com/gptbot)"
74.7.227.63 - - [12/Jul/2026:17:41:59 +0530] "GET /item.php?filesrc=//home/royalaca/godlikeengineering.com/wp/wp-includes/blocks/code/style.css&path=//home/royalaca/godlikeengineering.com/wp/wp-includes/blocks/code HTTP/2.0" 200 6027 "https://www.worlddivinityday.rksamson.com/item.php?path=//home/royalaca/godlikeengineering.com/wp/wp-includes/blocks/code" "Mozilla/5.0 AppleWebKit/537.36 (KHTML, like Gecko; compatible; GPTBot/1.4; +https://openai.com/gptbot)"
74.7.243.213 - - [12/Jul/2026:17:42:00 +0530] "GET /item.php?path=//var/softaculous/cumulus HTTP/2.0" 200 25021 "https://worlddivinityday.rksamson.com/item.php?path=//var/softaculous" "Mozilla/5.0 AppleWebKit/537.36 (KHTML, like Gecko; compatible; GPTBot/1.4; +https://openai.com/gptbot)"
74.7.227.63 - - [12/Jul/2026:17:42:00 +0530] "GET /item.php?filesrc=/home/royalaca/rksamson.com/wp/wp-includes/blocks/term-description/style.css&path=/home/royalaca/rksamson.com/wp/wp-includes/blocks/term-description HTTP/2.0" 200 5961 "https://www.worlddivinityday.rksamson.com/item.php?path=/home/royalaca/rksamson.com/wp/wp-includes/blocks/term-description" "Mozilla/5.0 AppleWebKit/537.36 (KHTML, like Gecko; compatible; GPTBot/1.4; +https://openai.com/gptbot)"
74.7.227.63 - - [12/Jul/2026:17:42:01 +0530] "GET /item.php?filesrc=//var/softaculous/sitepad/editor/site-inc/rest-api/endpoints/class-wp-rest-taxonomies-controller.php&path=//var/softaculous/sitepad/editor/site-inc/rest-api/endpoints HTTP/2.0" 200 20860 "https://www.worlddivinityday.rksamson.com/item.php?path=//var/softaculous/sitepad/editor/site-inc/rest-api/endpoints" "Mozilla/5.0 AppleWebKit/537.36 (KHTML, like Gecko; compatible; GPTBot/1.4; +https://openai.com/gptbot)"
74.7.243.213 - - [12/Jul/2026:17:42:02 +0530] "GET /item.php?filesrc=//home/royalaca/www/wp-content/upgrade-temp-backup/plugins/woocommerce/assets/js/admin/wc-shipping-classes.js&path=//home/royalaca/www/wp-content/upgrade-temp-backup/plugins/woocommerce/assets/js/admin HTTP/2.0" 200 6170 "https://worlddivinityday.rksamson.com/item.php?path=//home/royalaca/www/wp-content/upgrade-temp-backup/plugins/woocommerce/assets/js/admin" "Mozilla/5.0 AppleWebKit/537.36 (KHTML, like Gecko; compatible; GPTBot/1.4; +https://openai.com/gptbot)"
74.7.227.63 - - [12/Jul/2026:17:42:03 +0530] "GET /item.php?filesrc=//var/softaculous/sitepad/editor/site-inc/rest-api/endpoints/class-wp-rest-block-renderer-controller.php&path=//var/softaculous/sitepad/editor/site-inc/rest-api/endpoints HTTP/2.0" 200 11148 "https://www.worlddivinityday.rksamson.com/item.php?path=//var/softaculous/sitepad/editor/site-inc/rest-api/endpoints" "Mozilla/5.0 AppleWebKit/537.36 (KHTML, like Gecko; compatible; GPTBot/1.4; +https://openai.com/gptbot)"
74.7.227.63 - - [12/Jul/2026:17:42:04 +0530] "GET /item.php?path=//proc/self/root/home/royalaca/www/wp-content/plugins/woocommerce-paypal-payments/vendor/dhii/versions HTTP/2.0" 200 9149 "https://www.worlddivinityday.rksamson.com/item.php?path=//proc/self/root/home/royalaca/www/wp-content/plugins/woocommerce-paypal-payments/vendor/dhii" "Mozilla/5.0 AppleWebKit/537.36 (KHTML, like Gecko; compatible; GPTBot/1.4; +https://openai.com/gptbot)"
74.7.243.213 - - [12/Jul/2026:17:42:04 +0530] "GET /item.php?filesrc=//home/royalaca/www/wp-content/upgrade-temp-backup/plugins/woocommerce/assets/js/admin/wc-enhanced-select.js&path=//home/royalaca/www/wp-content/upgrade-temp-backup/plugins/woocommerce/assets/js/admin HTTP/2.0" 200 6169 "https://worlddivinityday.rksamson.com/item.php?path=//home/royalaca/www/wp-content/upgrade-temp-backup/plugins/woocommerce/assets/js/admin" "Mozilla/5.0 AppleWebKit/537.36 (KHTML, like Gecko; compatible; GPTBot/1.4; +https://openai.com/gptbot)"
74.7.227.63 - - [12/Jul/2026:17:42:05 +0530] "GET /item.php?path=//proc/self/root/home/royalaca/www/wp-content/themes/astra/inc/customizer/configurations/block-editor HTTP/2.0" 200 8058 "https://www.worlddivinityday.rksamson.com/item.php?path=//proc/self/root/home/royalaca/www/wp-content/themes/astra/inc/customizer/configurations" "Mozilla/5.0 AppleWebKit/537.36 (KHTML, like Gecko; compatible; GPTBot/1.4; +https://openai.com/gptbot)"
74.7.243.213 - - [12/Jul/2026:17:42:05 +0530] "GET /item.php?filesrc=//home/royalaca/www/wp-content/upgrade-temp-backup/plugins/woocommerce/assets/js/admin/system-status.js&path=//home/royalaca/www/wp-content/upgrade-temp-backup/plugins/woocommerce/assets/js/admin HTTP/2.0" 200 6164 "https://worlddivinityday.rksamson.com/item.php?path=//home/royalaca/www/wp-content/upgrade-temp-backup/plugins/woocommerce/assets/js/admin" "Mozilla/5.0 AppleWebKit/537.36 (KHTML, like Gecko; compatible; GPTBot/1.4; +https://openai.com/gptbot)"
74.7.227.63 - - [12/Jul/2026:17:42:05 +0530] "GET /item.php?aksi=buatfolder&path=//proc/self/root/proc/self/root/proc/self/root/home/royalaca/.cagefs/tmp/wl.cache/cd095443fbd2168ada02054444e9b96e/7253bcee395304ce42197012e9862f09 HTTP/2.0" 200 7017 "https://www.worlddivinityday.rksamson.com/item.php?path=//proc/self/root/proc/self/root/proc/self/root/home/royalaca/.cagefs/tmp/wl.cache/cd095443fbd2168ada02054444e9b96e/7253bcee395304ce42197012e9862f09" "Mozilla/5.0 AppleWebKit/537.36 (KHTML, like Gecko; compatible; GPTBot/1.4; +https://openai.com/gptbot)"
74.7.227.63 - - [12/Jul/2026:17:42:06 +0530] "GET /item.php?filesrc=//var/softaculous/sitepad/editor/site-data/plugins/kkart-pro/includes/abstracts/abstract-kkart-data.php&path=//var/softaculous/sitepad/editor/site-data/plugins/kkart-pro/includes/abstracts HTTP/2.0" 200 27521 "https://www.worlddivinityday.rksamson.com/item.php?path=//var/softaculous/sitepad/editor/site-data/plugins/kkart-pro/includes/abstracts" "Mozilla/5.0 AppleWebKit/537.36 (KHTML, like Gecko; compatible; GPTBot/1.4; +https://openai.com/gptbot)"
74.7.243.213 - - [12/Jul/2026:17:42:07 +0530] "GET /item.php?filesrc=//home/royalaca/www/wp-content/upgrade-temp-backup/plugins/woocommerce/assets/js/admin/settings.js&path=//home/royalaca/www/wp-content/upgrade-temp-backup/plugins/woocommerce/assets/js/admin HTTP/2.0" 200 6159 "https://worlddivinityday.rksamson.com/item.php?path=//home/royalaca/www/wp-content/upgrade-temp-backup/plugins/woocommerce/assets/js/admin" "Mozilla/5.0 AppleWebKit/537.36 (KHTML, like Gecko; compatible; GPTBot/1.4; +https://openai.com/gptbot)"
74.7.227.63 - - [12/Jul/2026:17:42:07 +0530] "GET /item.php?filesrc=//var/softaculous/sitepad/editor/site-data/plugins/kkart-pro/includes/gateways/stripe/stripe-php/init.php&path=//var/softaculous/sitepad/editor/site-data/plugins/kkart-pro/includes/gateways/stripe/stripe-php HTTP/2.0" 200 20373 "https://www.worlddivinityday.rksamson.com/item.php?path=//var/softaculous/sitepad/editor/site-data/plugins/kkart-pro/includes/gateways/stripe/stripe-php" "Mozilla/5.0 AppleWebKit/537.36 (KHTML, like Gecko; compatible; GPTBot/1.4; +https://openai.com/gptbot)"
74.7.243.213 - - [12/Jul/2026:17:42:08 +0530] "GET /item.php?filesrc=//var/softaculous/ampache/md5&path=//var/softaculous/ampache HTTP/2.0" 200 9854 "https://worlddivinityday.rksamson.com/item.php?path=//var/softaculous/ampache" "Mozilla/5.0 AppleWebKit/537.36 (KHTML, like Gecko; compatible; GPTBot/1.4; +https://openai.com/gptbot)"
74.7.227.63 - - [12/Jul/2026:17:42:08 +0530] "GET /item.php?filesrc=//var/softaculous/sitepad/editor/site-data/plugins/kkart-pro/includes/gateways/stripe/stripe-php/phpstan.neon.dist&path=//var/softaculous/sitepad/editor/site-data/plugins/kkart-pro/includes/gateways/stripe/stripe-php HTTP/2.0" 200 6470 "https://www.worlddivinityday.rksamson.com/item.php?path=//var/softaculous/sitepad/editor/site-data/plugins/kkart-pro/includes/gateways/stripe/stripe-php" "Mozilla/5.0 AppleWebKit/537.36 (KHTML, like Gecko; compatible; GPTBot/1.4; +https://openai.com/gptbot)"
74.7.227.63 - - [12/Jul/2026:17:42:11 +0530] "GET /item.php?filesrc=//var/softaculous/sitepad/editor/site-data/plugins/kkart-pro/includes/tracks/events/class-kkart-coupons-tracking.php&path=//var/softaculous/sitepad/editor/site-data/plugins/kkart-pro/includes/tracks/events HTTP/2.0" 200 8378 "https://www.worlddivinityday.rksamson.com/item.php?path=//var/softaculous/sitepad/editor/site-data/plugins/kkart-pro/includes/tracks/events" "Mozilla/5.0 AppleWebKit/537.36 (KHTML, like Gecko; compatible; GPTBot/1.4; +https://openai.com/gptbot)"
74.7.227.63 - - [12/Jul/2026:17:42:12 +0530] "GET /item.php?filesrc=//var/softaculous/sitepad/editor/site-data/plugins/kkart-pro/includes/tracks/events/class-kkart-settings-tracking.php&path=//var/softaculous/sitepad/editor/site-data/plugins/kkart-pro/includes/tracks/events HTTP/2.0" 200 9448 "https://www.worlddivinityday.rksamson.com/item.php?path=//var/softaculous/sitepad/editor/site-data/plugins/kkart-pro/includes/tracks/events" "Mozilla/5.0 AppleWebKit/537.36 (KHTML, like Gecko; compatible; GPTBot/1.4; +https://openai.com/gptbot)"
74.7.227.63 - - [12/Jul/2026:17:42:14 +0530] "GET /item.php?filesrc=//var/softaculous/sitepad/editor/site-data/plugins/kkart-pro/includes/gateways/stripe/stripe-php/.gitignore&path=//var/softaculous/sitepad/editor/site-data/plugins/kkart-pro/includes/gateways/stripe/stripe-php HTTP/2.0" 200 6924 "https://www.worlddivinityday.rksamson.com/item.php?path=//var/softaculous/sitepad/editor/site-data/plugins/kkart-pro/includes/gateways/stripe/stripe-php" "Mozilla/5.0 AppleWebKit/537.36 (KHTML, like Gecko; compatible; GPTBot/1.4; +https://openai.com/gptbot)"
74.7.227.63 - - [12/Jul/2026:17:42:15 +0530] "GET /item.php?filesrc=//var/softaculous/sitepad/editor/site-data/plugins/kkart-pro/includes/class-kkart-rest-authentication.php&path=//var/softaculous/sitepad/editor/site-data/plugins/kkart-pro/includes HTTP/2.0" 200 27646 "https://www.worlddivinityday.rksamson.com/item.php?path=//var/softaculous/sitepad/editor/site-data/plugins/kkart-pro/includes" "Mozilla/5.0 AppleWebKit/537.36 (KHTML, like Gecko; compatible; GPTBot/1.4; +https://openai.com/gptbot)"
74.7.227.63 - - [12/Jul/2026:17:42:15 +0530] "GET /item.php?filesrc=//var/softaculous/sitepad/editor/site-data/plugins/kkart-pro/includes/tracks/events/class-kkart-importer-tracking.php&path=//var/softaculous/sitepad/editor/site-data/plugins/kkart-pro/includes/tracks/events HTTP/2.0" 200 8726 "https://www.worlddivinityday.rksamson.com/item.php?path=//var/softaculous/sitepad/editor/site-data/plugins/kkart-pro/includes/tracks/events" "Mozilla/5.0 AppleWebKit/537.36 (KHTML, like Gecko; compatible; GPTBot/1.4; +https://openai.com/gptbot)"
74.7.227.63 - - [12/Jul/2026:17:42:16 +0530] "GET /item.php?filesrc=//proc/self/root/home/royalaca/www/wp-content/plugins/woocommerce-paypal-payments/vendor/dhii/versions/.editorconfig&path=//proc/self/root/home/royalaca/www/wp-content/plugins/woocommerce-paypal-payments/vendor/dhii/versions HTTP/2.0" 200 6546 "https://www.worlddivinityday.rksamson.com/item.php?path=//proc/self/root/home/royalaca/www/wp-content/plugins/woocommerce-paypal-payments/vendor/dhii/versions" "Mozilla/5.0 AppleWebKit/537.36 (KHTML, like Gecko; compatible; GPTBot/1.4; +https://openai.com/gptbot)"
74.7.227.63 - - [12/Jul/2026:17:42:17 +0530] "GET /item.php?aksi=buatfile&path=//proc/self/root/home/royalaca/www/wp-content/themes/astra/inc/customizer/configurations/block-editor HTTP/2.0" 200 8058 "https://www.worlddivinityday.rksamson.com/item.php?path=//proc/self/root/home/royalaca/www/wp-content/themes/astra/inc/customizer/configurations/block-editor" "Mozilla/5.0 AppleWebKit/537.36 (KHTML, like Gecko; compatible; GPTBot/1.4; +https://openai.com/gptbot)"
74.7.227.63 - - [12/Jul/2026:17:42:18 +0530] "GET /item.php?aksi=ransom&path=//proc/self/root/home/royalaca/www/wp-content/plugins/woocommerce-paypal-payments/vendor/dhii/versions HTTP/2.0" 200 9149 "https://www.worlddivinityday.rksamson.com/item.php?path=//proc/self/root/home/royalaca/www/wp-content/plugins/woocommerce-paypal-payments/vendor/dhii/versions" "Mozilla/5.0 AppleWebKit/537.36 (KHTML, like Gecko; compatible; GPTBot/1.4; +https://openai.com/gptbot)"
74.7.227.63 - - [12/Jul/2026:17:42:19 +0530] "GET /item.php?filesrc=//var/softaculous/sitepad/editor/site-data/plugins/kkart-pro/includes/tracks/events/class-kkart-coupon-tracking.php&path=//var/softaculous/sitepad/editor/site-data/plugins/kkart-pro/includes/tracks/events HTTP/2.0" 200 7402 "https://www.worlddivinityday.rksamson.com/item.php?path=//var/softaculous/sitepad/editor/site-data/plugins/kkart-pro/includes/tracks/events" "Mozilla/5.0 AppleWebKit/537.36 (KHTML, like Gecko; compatible; GPTBot/1.4; +https://openai.com/gptbot)"
74.7.227.63 - - [12/Jul/2026:17:42:20 +0530] "GET /item.php?filesrc=//var/softaculous/sitepad/editor/site-data/plugins/kkart-pro/includes/tracks/events/class-kkart-status-tracking.php&path=//var/softaculous/sitepad/editor/site-data/plugins/kkart-pro/includes/tracks/events HTTP/2.0" 200 7362 "https://www.worlddivinityday.rksamson.com/item.php?path=//var/softaculous/sitepad/editor/site-data/plugins/kkart-pro/includes/tracks/events" "Mozilla/5.0 AppleWebKit/537.36 (KHTML, like Gecko; compatible; GPTBot/1.4; +https://openai.com/gptbot)"
74.7.227.63 - - [12/Jul/2026:17:42:21 +0530] "GET /item.php?filesrc=//var/softaculous/sitepad/editor/site-data/plugins/kkart-pro/includes/gateways/stripe/stripe-php/update_certs.php&path=//var/softaculous/sitepad/editor/site-data/plugins/kkart-pro/includes/gateways/stripe/stripe-php HTTP/2.0" 200 6732 "https://www.worlddivinityday.rksamson.com/item.php?path=//var/softaculous/sitepad/editor/site-data/plugins/kkart-pro/includes/gateways/stripe/stripe-php" "Mozilla/5.0 AppleWebKit/537.36 (KHTML, like Gecko; compatible; GPTBot/1.4; +https://openai.com/gptbot)"
74.7.227.63 - - [12/Jul/2026:17:42:21 +0530] "GET /item.php?filesrc=//var/softaculous/sitepad/editor/site-data/plugins/kkart-pro/includes/shipping/local-pickup/class-kkart-shipping-local-pickup.php&path=//var/softaculous/sitepad/editor/site-data/plugins/kkart-pro/includes/shipping/local-pickup HTTP/2.0" 200 9684 "https://www.worlddivinityday.rksamson.com/item.php?path=//var/softaculous/sitepad/editor/site-data/plugins/kkart-pro/includes/shipping/local-pickup" "Mozilla/5.0 AppleWebKit/537.36 (KHTML, like Gecko; compatible; GPTBot/1.4; +https://openai.com/gptbot)"
74.7.227.63 - - [12/Jul/2026:17:42:22 +0530] "GET /item.php?filesrc=//var/softaculous/sitepad/editor/site-data/plugins/kkart-pro/vendor/composer/installed.php&path=//var/softaculous/sitepad/editor/site-data/plugins/kkart-pro/vendor/composer HTTP/2.0" 200 10197 "https://www.worlddivinityday.rksamson.com/item.php?path=//var/softaculous/sitepad/editor/site-data/plugins/kkart-pro/vendor/composer" "Mozilla/5.0 AppleWebKit/537.36 (KHTML, like Gecko; compatible; GPTBot/1.4; +https://openai.com/gptbot)"
74.7.227.63 - - [12/Jul/2026:17:42:23 +0530] "GET /item.php?filesrc=//var/softaculous/sitepad/editor/site-data/plugins/kkart-pro/includes/gateways/stripe/stripe-php/.editorconfig&path=//var/softaculous/sitepad/editor/site-data/plugins/kkart-pro/includes/gateways/stripe/stripe-php HTTP/2.0" 200 6568 "https://www.worlddivinityday.rksamson.com/item.php?path=//var/softaculous/sitepad/editor/site-data/plugins/kkart-pro/includes/gateways/stripe/stripe-php" "Mozilla/5.0 AppleWebKit/537.36 (KHTML, like Gecko; compatible; GPTBot/1.4; +https://openai.com/gptbot)"
74.7.227.63 - - [12/Jul/2026:17:42:25 +0530] "GET /item.php?filesrc=//var/softaculous/sitepad/editor/site-data/plugins/kkart-pro/includes/tracks/events/class-kkart-orders-tracking.php&path=//var/softaculous/sitepad/editor/site-data/plugins/kkart-pro/includes/tracks/events HTTP/2.0" 200 13020 "https://www.worlddivinityday.rksamson.com/item.php?path=//var/softaculous/sitepad/editor/site-data/plugins/kkart-pro/includes/tracks/events" "Mozilla/5.0 AppleWebKit/537.36 (KHTML, like Gecko; compatible; GPTBot/1.4; +https://openai.com/gptbot)"
74.7.227.63 - - [12/Jul/2026:17:42:26 +0530] "GET /item.php?aksi=ransom&path=/home/royalaca/www/wp-content/plugins/wordlift/modules/food-kg/includes/admin HTTP/2.0" 200 20078 "https://www.worlddivinityday.rksamson.com/item.php?path=/home/royalaca/www/wp-content/plugins/wordlift/modules/food-kg/includes/admin" "Mozilla/5.0 AppleWebKit/537.36 (KHTML, like Gecko; compatible; GPTBot/1.4; +https://openai.com/gptbot)"
74.7.227.63 - - [12/Jul/2026:17:42:27 +0530] "GET /item.php?aksi=buatfolder&path=//home/royalaca/godlikeengineering.com/wp-includes/js/tinymce/plugins/wpautoresize HTTP/2.0" 200 6136 "https://www.worlddivinityday.rksamson.com/item.php?path=//home/royalaca/godlikeengineering.com/wp-includes/js/tinymce/plugins/wpautoresize" "Mozilla/5.0 AppleWebKit/537.36 (KHTML, like Gecko; compatible; GPTBot/1.4; +https://openai.com/gptbot)"
74.7.227.63 - - [12/Jul/2026:17:42:29 +0530] "GET /item.php?aksi=buatfolder&path=//proc/self/root/proc/self/root/proc/self/root/proc/self/root/proc/self/root/home/royalaca/godlikeengineering.com/wp-content/plugins/woocommerce/assets/client/admin/email-editor-integration HTTP/2.0" 200 8508 "https://www.worlddivinityday.rksamson.com/item.php?path=//proc/self/root/proc/self/root/proc/self/root/proc/self/root/proc/self/root/home/royalaca/godlikeengineering.com/wp-content/plugins/woocommerce/assets/client/admin/email-editor-integration" "Mozilla/5.0 AppleWebKit/537.36 (KHTML, like Gecko; compatible; GPTBot/1.4; +https://openai.com/gptbot)"
74.7.227.63 - - [12/Jul/2026:17:42:31 +0530] "GET /item.php?aksi=buatfolder&path=//proc/self/root/proc/self/root/proc/self/root/proc/self/root/proc/self/root/home/royalaca/godlikeengineering.com/wp-content/plugins/woocommerce/packages/woocommerce-admin HTTP/2.0" 200 8056 "https://www.worlddivinityday.rksamson.com/item.php?path=//proc/self/root/proc/self/root/proc/self/root/proc/self/root/proc/self/root/home/royalaca/godlikeengineering.com/wp-content/plugins/woocommerce/packages/woocommerce-admin" "Mozilla/5.0 AppleWebKit/537.36 (KHTML, like Gecko; compatible; GPTBot/1.4; +https://openai.com/gptbot)"
74.7.227.63 - - [12/Jul/2026:17:42:34 +0530] "GET /item.php?aksi=buatfolder&path=//proc/self/root/proc/self/root/proc/self/root/proc/self/root/proc/self/root/home/royalaca/godlikeengineering.com/wp-content/plugins/woocommerce/assets/client/admin/payment-method-promotions HTTP/2.0" 200 8513 "https://www.worlddivinityday.rksamson.com/item.php?path=//proc/self/root/proc/self/root/proc/self/root/proc/self/root/proc/self/root/home/royalaca/godlikeengineering.com/wp-content/plugins/woocommerce/assets/client/admin/payment-method-promotions" "Mozilla/5.0 AppleWebKit/537.36 (KHTML, like Gecko; compatible; GPTBot/1.4; +https://openai.com/gptbot)"
74.7.227.63 - - [12/Jul/2026:17:42:36 +0530] "GET /item.php?aksi=buatfolder&path=//proc/self/root/proc/self/root/proc/self/root/proc/self/root/proc/self/root/home/royalaca/godlikeengineering.com/wp-content/plugins/woocommerce/assets/client/admin/fulfillments HTTP/2.0" 200 8448 "https://www.worlddivinityday.rksamson.com/item.php?path=//proc/self/root/proc/self/root/proc/self/root/proc/self/root/proc/self/root/home/royalaca/godlikeengineering.com/wp-content/plugins/woocommerce/assets/client/admin/fulfillments" "Mozilla/5.0 AppleWebKit/537.36 (KHTML, like Gecko; compatible; GPTBot/1.4; +https://openai.com/gptbot)"
74.7.243.213 - - [12/Jul/2026:17:42:39 +0530] "GET /item.php?filesrc=//var/softaculous/chamilo/fileindex.php&path=//var/softaculous/chamilo HTTP/2.0" 200 5781 "https://worlddivinityday.rksamson.com/item.php?path=//var/softaculous/chamilo" "Mozilla/5.0 AppleWebKit/537.36 (KHTML, like Gecko; compatible; GPTBot/1.4; +https://openai.com/gptbot)"
74.7.227.63 - - [12/Jul/2026:17:42:38 +0530] "GET /item.php?aksi=ransom&path=//proc/self/root/proc/self/root/proc/self/root/home/royalaca/mcfglobal.org/wp-includes/ID3 HTTP/2.0" 200 30137 "https://www.worlddivinityday.rksamson.com/item.php?path=//proc/self/root/proc/self/root/proc/self/root/home/royalaca/mcfglobal.org/wp-includes/ID3" "Mozilla/5.0 AppleWebKit/537.36 (KHTML, like Gecko; compatible; GPTBot/1.4; +https://openai.com/gptbot)"
74.7.243.213 - - [12/Jul/2026:17:42:41 +0530] "GET /item.php?aksi=ransom&path=//var/softaculous/cumulus HTTP/2.0" 200 25021 "https://worlddivinityday.rksamson.com/item.php?path=//var/softaculous/cumulus" "Mozilla/5.0 AppleWebKit/537.36 (KHTML, like Gecko; compatible; GPTBot/1.4; +https://openai.com/gptbot)"
