74.7.227.63 - - [12/Jul/2026:17:47:55 +0530] "GET /item.php?filesrc=//proc/self/root/opt/alt/python27/lib64/python2.7/idlelib/ObjectBrowser.py&path=//proc/self/root/opt/alt/python27/lib64/python2.7/idlelib HTTP/2.0" 200 10291 "https://www.worlddivinityday.rksamson.com/item.php?path=//proc/self/root/opt/alt/python27/lib64/python2.7/idlelib" "Mozilla/5.0 AppleWebKit/537.36 (KHTML, like Gecko; compatible; GPTBot/1.4; +https://openai.com/gptbot)"
74.7.243.213 - - [12/Jul/2026:17:47:56 +0530] "GET /item.php?aksi=buatfile&path=//opt/cloudlinux/alt-php53/root/usr/include/php/ext/sqlite3/libsqlite HTTP/2.0" 200 7439 "https://worlddivinityday.rksamson.com/item.php?path=//opt/cloudlinux/alt-php53/root/usr/include/php/ext/sqlite3/libsqlite" "Mozilla/5.0 AppleWebKit/537.36 (KHTML, like Gecko; compatible; GPTBot/1.4; +https://openai.com/gptbot)"
74.7.227.63 - - [12/Jul/2026:17:47:56 +0530] "GET /item.php?filesrc=//proc/self/root/opt/alt/python27/lib64/python2.7/idlelib/Debugger.pyc&path=//proc/self/root/opt/alt/python27/lib64/python2.7/idlelib HTTP/2.0" 200 25009 "https://www.worlddivinityday.rksamson.com/item.php?path=//proc/self/root/opt/alt/python27/lib64/python2.7/idlelib" "Mozilla/5.0 AppleWebKit/537.36 (KHTML, like Gecko; compatible; GPTBot/1.4; +https://openai.com/gptbot)"
74.7.243.213 - - [12/Jul/2026:17:47:57 +0530] "GET /item.php?aksi=buatfile&path=//opt/cloudlinux/alt-php72/root/usr/include/php/ext/sqlite3/libsqlite HTTP/2.0" 200 7439 "https://worlddivinityday.rksamson.com/item.php?path=//opt/cloudlinux/alt-php72/root/usr/include/php/ext/sqlite3/libsqlite" "Mozilla/5.0 AppleWebKit/537.36 (KHTML, like Gecko; compatible; GPTBot/1.4; +https://openai.com/gptbot)"
74.7.227.63 - - [12/Jul/2026:17:47:57 +0530] "GET /item.php?filesrc=//proc/self/root/opt/alt/python27/lib64/python2.7/idlelib/NEWS.txt&path=//proc/self/root/opt/alt/python27/lib64/python2.7/idlelib HTTP/2.0" 200 54206 "https://www.worlddivinityday.rksamson.com/item.php?path=//proc/self/root/opt/alt/python27/lib64/python2.7/idlelib" "Mozilla/5.0 AppleWebKit/537.36 (KHTML, like Gecko; compatible; GPTBot/1.4; +https://openai.com/gptbot)"
74.7.243.213 - - [12/Jul/2026:17:47:58 +0530] "GET /item.php?aksi=ransom&path=//opt/cloudlinux/alt-php71/root/usr/include/php/ext/sqlite3/libsqlite HTTP/2.0" 200 7439 "https://worlddivinityday.rksamson.com/item.php?path=//opt/cloudlinux/alt-php71/root/usr/include/php/ext/sqlite3/libsqlite" "Mozilla/5.0 AppleWebKit/537.36 (KHTML, like Gecko; compatible; GPTBot/1.4; +https://openai.com/gptbot)"
74.7.243.213 - - [12/Jul/2026:17:47:58 +0530] "GET /item.php?aksi=buatfile&path=//opt/cloudlinux/alt-php54/root/usr/include/php/ext/sqlite3/libsqlite HTTP/2.0" 200 7439 "https://worlddivinityday.rksamson.com/item.php?path=//opt/cloudlinux/alt-php54/root/usr/include/php/ext/sqlite3/libsqlite" "Mozilla/5.0 AppleWebKit/537.36 (KHTML, like Gecko; compatible; GPTBot/1.4; +https://openai.com/gptbot)"
74.7.227.63 - - [12/Jul/2026:17:47:59 +0530] "GET /item.php?filesrc=//proc/self/root/opt/alt/python27/lib64/python2.7/idlelib/SearchDialog.pyo&path=//proc/self/root/opt/alt/python27/lib64/python2.7/idlelib HTTP/2.0" 200 10091 "https://www.worlddivinityday.rksamson.com/item.php?path=//proc/self/root/opt/alt/python27/lib64/python2.7/idlelib" "Mozilla/5.0 AppleWebKit/537.36 (KHTML, like Gecko; compatible; GPTBot/1.4; +https://openai.com/gptbot)"
74.7.243.213 - - [12/Jul/2026:17:47:59 +0530] "GET /item.php?aksi=buatfile&path=//opt/cloudlinux/alt-php73/root/usr/include/php/ext/sqlite3/libsqlite HTTP/2.0" 200 7439 "https://worlddivinityday.rksamson.com/item.php?path=//opt/cloudlinux/alt-php73/root/usr/include/php/ext/sqlite3/libsqlite" "Mozilla/5.0 AppleWebKit/537.36 (KHTML, like Gecko; compatible; GPTBot/1.4; +https://openai.com/gptbot)"
74.7.227.63 - - [12/Jul/2026:17:48:00 +0530] "GET /item.php?filesrc=//proc/self/root/opt/alt/python35/lib64/python3.5/idlelib/keybindingDialog.py&path=//proc/self/root/opt/alt/python35/lib64/python3.5/idlelib HTTP/2.0" 200 20149 "https://www.worlddivinityday.rksamson.com/item.php?path=//proc/self/root/opt/alt/python35/lib64/python3.5/idlelib" "Mozilla/5.0 AppleWebKit/537.36 (KHTML, like Gecko; compatible; GPTBot/1.4; +https://openai.com/gptbot)"
74.7.243.213 - - [12/Jul/2026:17:48:01 +0530] "GET /item.php?aksi=buatfolder&path=//opt/cloudlinux/alt-php73/root/usr/include/php/ext/sqlite3/libsqlite HTTP/2.0" 200 6134 "https://worlddivinityday.rksamson.com/item.php?path=//opt/cloudlinux/alt-php73/root/usr/include/php/ext/sqlite3/libsqlite" "Mozilla/5.0 AppleWebKit/537.36 (KHTML, like Gecko; compatible; GPTBot/1.4; +https://openai.com/gptbot)"
74.7.227.63 - - [12/Jul/2026:17:48:01 +0530] "GET /item.php?filesrc=//proc/self/root/opt/alt/python27/lib64/python2.7/idlelib/CallTipWindow.py&path=//proc/self/root/opt/alt/python27/lib64/python2.7/idlelib HTTP/2.0" 200 12415 "https://www.worlddivinityday.rksamson.com/item.php?path=//proc/self/root/opt/alt/python27/lib64/python2.7/idlelib" "Mozilla/5.0 AppleWebKit/537.36 (KHTML, like Gecko; compatible; GPTBot/1.4; +https://openai.com/gptbot)"
74.7.243.213 - - [12/Jul/2026:17:48:02 +0530] "GET /item.php?filesrc=//proc/self/root/proc/self/root/home/royalaca/godlikeengineering.com/wp-content/plugins/woocommerce/packages/email-editor/src/Engine/Templates/single-email-post-template.php&path=//proc/self/root/proc/self/root/home/royalaca/godlikeengineering.com/wp-content/plugins/woocommerce/packages/email-editor/src/Engine/Templates HTTP/2.0" 200 7697 "https://worlddivinityday.rksamson.com/item.php?path=//proc/self/root/proc/self/root/home/royalaca/godlikeengineering.com/wp-content/plugins/woocommerce/packages/email-editor/src/Engine/Templates" "Mozilla/5.0 AppleWebKit/537.36 (KHTML, like Gecko; compatible; GPTBot/1.4; +https://openai.com/gptbot)"
74.7.227.63 - - [12/Jul/2026:17:48:02 +0530] "GET /item.php?filesrc=//proc/self/root/opt/alt/python27/lib64/python2.7/idlelib/TreeWidget.py&path=//proc/self/root/opt/alt/python27/lib64/python2.7/idlelib HTTP/2.0" 200 22231 "https://www.worlddivinityday.rksamson.com/item.php?path=//proc/self/root/opt/alt/python27/lib64/python2.7/idlelib" "Mozilla/5.0 AppleWebKit/537.36 (KHTML, like Gecko; compatible; GPTBot/1.4; +https://openai.com/gptbot)"
74.7.243.213 - - [12/Jul/2026:17:48:03 +0530] "GET /item.php?filesrc=//proc/self/root/proc/self/root/home/royalaca/godlikeengineering.com/wp-content/plugins/woocommerce/packages/email-editor/src/Engine/Templates/email-general.html&path=//proc/self/root/proc/self/root/home/royalaca/godlikeengineering.com/wp-content/plugins/woocommerce/packages/email-editor/src/Engine/Templates HTTP/2.0" 200 7584 "https://worlddivinityday.rksamson.com/item.php?path=//proc/self/root/proc/self/root/home/royalaca/godlikeengineering.com/wp-content/plugins/woocommerce/packages/email-editor/src/Engine/Templates" "Mozilla/5.0 AppleWebKit/537.36 (KHTML, like Gecko; compatible; GPTBot/1.4; +https://openai.com/gptbot)"
74.7.227.63 - - [12/Jul/2026:17:48:03 +0530] "GET /item.php?filesrc=//proc/self/root/opt/alt/python35/lib64/python3.5/idlelib/macosxSupport.py&path=//proc/self/root/opt/alt/python35/lib64/python3.5/idlelib HTTP/2.0" 200 15507 "https://www.worlddivinityday.rksamson.com/item.php?path=//proc/self/root/opt/alt/python35/lib64/python3.5/idlelib" "Mozilla/5.0 AppleWebKit/537.36 (KHTML, like Gecko; compatible; GPTBot/1.4; +https://openai.com/gptbot)"
74.7.243.213 - - [12/Jul/2026:17:48:03 +0530] "GET /item.php?filesrc=//proc/self/root/proc/self/root/home/royalaca/godlikeengineering.com/wp-content/plugins/woocommerce/packages/email-editor/src/Engine/Templates/class-templates.php&path=//proc/self/root/proc/self/root/home/royalaca/godlikeengineering.com/wp-content/plugins/woocommerce/packages/email-editor/src/Engine/Templates HTTP/2.0" 200 13355 "https://worlddivinityday.rksamson.com/item.php?path=//proc/self/root/proc/self/root/home/royalaca/godlikeengineering.com/wp-content/plugins/woocommerce/packages/email-editor/src/Engine/Templates" "Mozilla/5.0 AppleWebKit/537.36 (KHTML, like Gecko; compatible; GPTBot/1.4; +https://openai.com/gptbot)"
74.7.227.63 - - [12/Jul/2026:17:48:04 +0530] "GET /item.php?filesrc=//proc/self/root/opt/alt/python35/lib64/python3.5/idlelib/configHandler.py&path=//proc/self/root/opt/alt/python35/lib64/python3.5/idlelib HTTP/2.0" 200 43694 "https://www.worlddivinityday.rksamson.com/item.php?path=//proc/self/root/opt/alt/python35/lib64/python3.5/idlelib" "Mozilla/5.0 AppleWebKit/537.36 (KHTML, like Gecko; compatible; GPTBot/1.4; +https://openai.com/gptbot)"
74.7.243.213 - - [12/Jul/2026:17:48:05 +0530] "GET /item.php?filesrc=//proc/self/root/proc/self/root/home/royalaca/godlikeengineering.com/wp-content/plugins/woocommerce/packages/email-editor/src/Engine/Templates/class-templates-registry.php&path=//proc/self/root/proc/self/root/home/royalaca/godlikeengineering.com/wp-content/plugins/woocommerce/packages/email-editor/src/Engine/Templates HTTP/2.0" 200 9769 "https://worlddivinityday.rksamson.com/item.php?path=//proc/self/root/proc/self/root/home/royalaca/godlikeengineering.com/wp-content/plugins/woocommerce/packages/email-editor/src/Engine/Templates" "Mozilla/5.0 AppleWebKit/537.36 (KHTML, like Gecko; compatible; GPTBot/1.4; +https://openai.com/gptbot)"
74.7.243.213 - - [12/Jul/2026:17:48:06 +0530] "GET /item.php?filesrc=//proc/self/root/proc/self/root/home/royalaca/godlikeengineering.com/wp-content/plugins/woocommerce/packages/email-editor/src/Engine/Templates/class-template.php&path=//proc/self/root/proc/self/root/home/royalaca/godlikeengineering.com/wp-content/plugins/woocommerce/packages/email-editor/src/Engine/Templates HTTP/2.0" 200 10141 "https://worlddivinityday.rksamson.com/item.php?path=//proc/self/root/proc/self/root/home/royalaca/godlikeengineering.com/wp-content/plugins/woocommerce/packages/email-editor/src/Engine/Templates" "Mozilla/5.0 AppleWebKit/537.36 (KHTML, like Gecko; compatible; GPTBot/1.4; +https://openai.com/gptbot)"
74.7.227.63 - - [12/Jul/2026:17:48:06 +0530] "GET /item.php?filesrc=//proc/self/root/opt/alt/python27/lib64/python2.7/idlelib/OutputWindow.pyo&path=//proc/self/root/opt/alt/python27/lib64/python2.7/idlelib HTTP/2.0" 200 11483 "https://www.worlddivinityday.rksamson.com/item.php?path=//proc/self/root/opt/alt/python27/lib64/python2.7/idlelib" "Mozilla/5.0 AppleWebKit/537.36 (KHTML, like Gecko; compatible; GPTBot/1.4; +https://openai.com/gptbot)"
74.7.227.63 - - [12/Jul/2026:17:48:06 +0530] "GET /item.php?filesrc=//proc/self/root/opt/alt/python27/lib64/python2.7/idlelib/ClassBrowser.pyc&path=//proc/self/root/opt/alt/python27/lib64/python2.7/idlelib HTTP/2.0" 200 15993 "https://www.worlddivinityday.rksamson.com/item.php?path=//proc/self/root/opt/alt/python27/lib64/python2.7/idlelib" "Mozilla/5.0 AppleWebKit/537.36 (KHTML, like Gecko; compatible; GPTBot/1.4; +https://openai.com/gptbot)"
74.7.227.63 - - [12/Jul/2026:17:48:07 +0530] "GET /item.php?filesrc=//proc/self/root/opt/alt/python27/lib64/python2.7/idlelib/configHandler.py&path=//proc/self/root/opt/alt/python27/lib64/python2.7/idlelib HTTP/2.0" 200 43728 "https://www.worlddivinityday.rksamson.com/item.php?path=//proc/self/root/opt/alt/python27/lib64/python2.7/idlelib" "Mozilla/5.0 AppleWebKit/537.36 (KHTML, like Gecko; compatible; GPTBot/1.4; +https://openai.com/gptbot)"
74.7.243.213 - - [12/Jul/2026:17:48:07 +0530] "GET /item.php?filesrc=//proc/self/root/home/royalaca/www/wp-content/upgrade-temp-backup/plugins/woocommerce/vendor/automattic/jetpack-admin-ui/composer.json&path=//proc/self/root/home/royalaca/www/wp-content/upgrade-temp-backup/plugins/woocommerce/vendor/automattic/jetpack-admin-ui HTTP/2.0" 200 6604 "https://worlddivinityday.rksamson.com/item.php?path=//proc/self/root/home/royalaca/www/wp-content/upgrade-temp-backup/plugins/woocommerce/vendor/automattic/jetpack-admin-ui" "Mozilla/5.0 AppleWebKit/537.36 (KHTML, like Gecko; compatible; GPTBot/1.4; +https://openai.com/gptbot)"
74.7.227.63 - - [12/Jul/2026:17:48:08 +0530] "GET /item.php?filesrc=//proc/self/root/opt/alt/python27/lib64/python2.7/idlelib/OutputWindow.py&path=//proc/self/root/opt/alt/python27/lib64/python2.7/idlelib HTTP/2.0" 200 10837 "https://www.worlddivinityday.rksamson.com/item.php?path=//proc/self/root/opt/alt/python27/lib64/python2.7/idlelib" "Mozilla/5.0 AppleWebKit/537.36 (KHTML, like Gecko; compatible; GPTBot/1.4; +https://openai.com/gptbot)"
74.7.227.63 - - [12/Jul/2026:17:48:09 +0530] "GET /item.php?filesrc=//proc/self/root/opt/alt/python27/lib64/python2.7/idlelib/OutputWindow.pyc&path=//proc/self/root/opt/alt/python27/lib64/python2.7/idlelib HTTP/2.0" 200 11483 "https://www.worlddivinityday.rksamson.com/item.php?path=//proc/self/root/opt/alt/python27/lib64/python2.7/idlelib" "Mozilla/5.0 AppleWebKit/537.36 (KHTML, like Gecko; compatible; GPTBot/1.4; +https://openai.com/gptbot)"
74.7.243.213 - - [12/Jul/2026:17:48:10 +0530] "GET /item.php?path=/home/royalaca/public_html/wp-content/themes/blocksy/woocommerce/single-product HTTP/2.0" 200 7286 "https://worlddivinityday.rksamson.com/item.php?path=/home/royalaca/public_html/wp-content/themes/blocksy/woocommerce" "Mozilla/5.0 AppleWebKit/537.36 (KHTML, like Gecko; compatible; GPTBot/1.4; +https://openai.com/gptbot)"
74.7.227.63 - - [12/Jul/2026:17:48:10 +0530] "GET /item.php?filesrc=//proc/self/root/opt/alt/python27/lib64/python2.7/idlelib/WidgetRedirector.pyc&path=//proc/self/root/opt/alt/python27/lib64/python2.7/idlelib HTTP/2.0" 200 13954 "https://www.worlddivinityday.rksamson.com/item.php?path=//proc/self/root/opt/alt/python27/lib64/python2.7/idlelib" "Mozilla/5.0 AppleWebKit/537.36 (KHTML, like Gecko; compatible; GPTBot/1.4; +https://openai.com/gptbot)"
74.7.227.63 - - [12/Jul/2026:17:48:11 +0530] "GET /item.php?filesrc=//proc/self/root/opt/alt/python27/lib64/python2.7/idlelib/PathBrowser.py&path=//proc/self/root/opt/alt/python27/lib64/python2.7/idlelib HTTP/2.0" 200 8879 "https://www.worlddivinityday.rksamson.com/item.php?path=//proc/self/root/opt/alt/python27/lib64/python2.7/idlelib" "Mozilla/5.0 AppleWebKit/537.36 (KHTML, like Gecko; compatible; GPTBot/1.4; +https://openai.com/gptbot)"
74.7.243.213 - - [12/Jul/2026:17:48:11 +0530] "GET /item.php?aksi=ransom&path=//proc/self/root/proc/self/root/home/royalaca/godlikeengineering.com/wp-content/plugins/woocommerce/vendor/wordpress/abilities-api/includes/rest-api/endpoints HTTP/2.0" 200 12749 "https://worlddivinityday.rksamson.com/item.php?path=//proc/self/root/proc/self/root/home/royalaca/godlikeengineering.com/wp-content/plugins/woocommerce/vendor/wordpress/abilities-api/includes/rest-api/endpoints" "Mozilla/5.0 AppleWebKit/537.36 (KHTML, like Gecko; compatible; GPTBot/1.4; +https://openai.com/gptbot)"
74.7.227.63 - - [12/Jul/2026:17:48:12 +0530] "GET /item.php?filesrc=//proc/self/root/opt/alt/python35/lib64/python3.5/idlelib/CallTipWindow.py&path=//proc/self/root/opt/alt/python35/lib64/python3.5/idlelib HTTP/2.0" 200 12385 "https://www.worlddivinityday.rksamson.com/item.php?path=//proc/self/root/opt/alt/python35/lib64/python3.5/idlelib" "Mozilla/5.0 AppleWebKit/537.36 (KHTML, like Gecko; compatible; GPTBot/1.4; +https://openai.com/gptbot)"
74.7.243.213 - - [12/Jul/2026:17:48:12 +0530] "GET /item.php?filesrc=//home/royalaca/public_html/wp/wp-content/themes/twentytwentyone/assets/css/style-dark-mode-rtl.css&path=//home/royalaca/public_html/wp/wp-content/themes/twentytwentyone/assets/css HTTP/2.0" 200 8718 "https://worlddivinityday.rksamson.com/item.php?path=//home/royalaca/public_html/wp/wp-content/themes/twentytwentyone/assets/css" "Mozilla/5.0 AppleWebKit/537.36 (KHTML, like Gecko; compatible; GPTBot/1.4; +https://openai.com/gptbot)"
74.7.227.63 - - [12/Jul/2026:17:48:12 +0530] "GET /item.php?filesrc=//proc/self/root/opt/alt/python35/lib64/python3.5/idlelib/SearchDialog.py&path=//proc/self/root/opt/alt/python35/lib64/python3.5/idlelib HTTP/2.0" 200 9228 "https://www.worlddivinityday.rksamson.com/item.php?path=//proc/self/root/opt/alt/python35/lib64/python3.5/idlelib" "Mozilla/5.0 AppleWebKit/537.36 (KHTML, like Gecko; compatible; GPTBot/1.4; +https://openai.com/gptbot)"
74.7.227.63 - - [12/Jul/2026:17:48:13 +0530] "GET /item.php?filesrc=//proc/self/root/opt/alt/python27/lib64/python2.7/idlelib/keybindingDialog.py&path=//proc/self/root/opt/alt/python27/lib64/python2.7/idlelib HTTP/2.0" 200 20201 "https://www.worlddivinityday.rksamson.com/item.php?path=//proc/self/root/opt/alt/python27/lib64/python2.7/idlelib" "Mozilla/5.0 AppleWebKit/537.36 (KHTML, like Gecko; compatible; GPTBot/1.4; +https://openai.com/gptbot)"
74.7.243.213 - - [12/Jul/2026:17:48:14 +0530] "GET /item.php?aksi=ransom&path=/home/royalaca/www/wp-content/themes/astra/inc/builder/type/header/woo-cart/assets/js HTTP/2.0" 200 8882 "https://worlddivinityday.rksamson.com/item.php?path=/home/royalaca/www/wp-content/themes/astra/inc/builder/type/header/woo-cart/assets/js" "Mozilla/5.0 AppleWebKit/537.36 (KHTML, like Gecko; compatible; GPTBot/1.4; +https://openai.com/gptbot)"
74.7.227.63 - - [12/Jul/2026:17:48:14 +0530] "GET /item.php?filesrc=//proc/self/root/opt/alt/python35/lib64/python3.5/idlelib/SearchEngine.py&path=//proc/self/root/opt/alt/python35/lib64/python3.5/idlelib HTTP/2.0" 200 13813 "https://www.worlddivinityday.rksamson.com/item.php?path=//proc/self/root/opt/alt/python35/lib64/python3.5/idlelib" "Mozilla/5.0 AppleWebKit/537.36 (KHTML, like Gecko; compatible; GPTBot/1.4; +https://openai.com/gptbot)"
74.7.243.213 - - [12/Jul/2026:17:48:15 +0530] "GET /item.php?aksi=buatfile&path=//home/royalaca/www/wp-content/themes/astra/inc/builder/type/header/edd-cart/assets HTTP/2.0" 200 7606 "https://worlddivinityday.rksamson.com/item.php?path=//home/royalaca/www/wp-content/themes/astra/inc/builder/type/header/edd-cart/assets" "Mozilla/5.0 AppleWebKit/537.36 (KHTML, like Gecko; compatible; GPTBot/1.4; +https://openai.com/gptbot)"
74.7.227.63 - - [12/Jul/2026:17:48:15 +0530] "GET /item.php?filesrc=//proc/self/root/opt/alt/python27/lib64/python2.7/idlelib/keybindingDialog.pyo&path=//proc/self/root/opt/alt/python27/lib64/python2.7/idlelib HTTP/2.0" 200 18898 "https://www.worlddivinityday.rksamson.com/item.php?path=//proc/self/root/opt/alt/python27/lib64/python2.7/idlelib" "Mozilla/5.0 AppleWebKit/537.36 (KHTML, like Gecko; compatible; GPTBot/1.4; +https://openai.com/gptbot)"
74.7.243.213 - - [12/Jul/2026:17:48:16 +0530] "GET /item.php?filesrc=//proc/self/root/proc/self/root/home/royalaca/www/wp-content/plugins/wordfence/modules/login-security/classes/controller/cron.php&path=//proc/self/root/proc/self/root/home/royalaca/www/wp-content/plugins/wordfence/modules/login-security/classes/controller HTTP/2.0" 200 6833 "https://worlddivinityday.rksamson.com/item.php?path=//proc/self/root/proc/self/root/home/royalaca/www/wp-content/plugins/wordfence/modules/login-security/classes/controller" "Mozilla/5.0 AppleWebKit/537.36 (KHTML, like Gecko; compatible; GPTBot/1.4; +https://openai.com/gptbot)"
74.7.227.63 - - [12/Jul/2026:17:48:16 +0530] "GET /item.php?filesrc=//proc/self/root/opt/alt/python27/lib64/python2.7/idlelib/SearchEngine.pyo&path=//proc/self/root/opt/alt/python27/lib64/python2.7/idlelib HTTP/2.0" 200 14687 "https://www.worlddivinityday.rksamson.com/item.php?path=//proc/self/root/opt/alt/python27/lib64/python2.7/idlelib" "Mozilla/5.0 AppleWebKit/537.36 (KHTML, like Gecko; compatible; GPTBot/1.4; +https://openai.com/gptbot)"
74.7.227.63 - - [12/Jul/2026:17:48:17 +0530] "GET /item.php?filesrc=//proc/self/root/opt/alt/python27/lib64/python2.7/idlelib/PathBrowser.pyc&path=//proc/self/root/opt/alt/python27/lib64/python2.7/idlelib HTTP/2.0" 200 10621 "https://www.worlddivinityday.rksamson.com/item.php?path=//proc/self/root/opt/alt/python27/lib64/python2.7/idlelib" "Mozilla/5.0 AppleWebKit/537.36 (KHTML, like Gecko; compatible; GPTBot/1.4; +https://openai.com/gptbot)"
74.7.227.63 - - [12/Jul/2026:17:48:18 +0530] "GET /item.php?filesrc=//proc/self/root/opt/alt/python35/lib64/python3.5/idlelib/IOBinding.py&path=//proc/self/root/opt/alt/python35/lib64/python3.5/idlelib HTTP/2.0" 200 28064 "https://www.worlddivinityday.rksamson.com/item.php?path=//proc/self/root/opt/alt/python35/lib64/python3.5/idlelib" "Mozilla/5.0 AppleWebKit/537.36 (KHTML, like Gecko; compatible; GPTBot/1.4; +https://openai.com/gptbot)"
74.7.227.63 - - [12/Jul/2026:17:48:19 +0530] "GET /item.php?filesrc=//proc/self/root/opt/alt/python35/lib64/python3.5/idlelib/SearchDialogBase.py&path=//proc/self/root/opt/alt/python35/lib64/python3.5/idlelib HTTP/2.0" 200 13426 "https://www.worlddivinityday.rksamson.com/item.php?path=//proc/self/root/opt/alt/python35/lib64/python3.5/idlelib" "Mozilla/5.0 AppleWebKit/537.36 (KHTML, like Gecko; compatible; GPTBot/1.4; +https://openai.com/gptbot)"
74.7.227.63 - - [12/Jul/2026:17:48:20 +0530] "GET /item.php?filesrc=//proc/self/root/opt/alt/python27/lib64/python2.7/idlelib/SearchDialog.py&path=//proc/self/root/opt/alt/python27/lib64/python2.7/idlelib HTTP/2.0" 200 8641 "https://www.worlddivinityday.rksamson.com/item.php?path=//proc/self/root/opt/alt/python27/lib64/python2.7/idlelib" "Mozilla/5.0 AppleWebKit/537.36 (KHTML, like Gecko; compatible; GPTBot/1.4; +https://openai.com/gptbot)"
74.7.227.63 - - [12/Jul/2026:17:48:21 +0530] "GET /item.php?filesrc=//proc/self/root/opt/alt/python27/lib64/python2.7/idlelib/UndoDelegator.pyc&path=//proc/self/root/opt/alt/python27/lib64/python2.7/idlelib HTTP/2.0" 200 20685 "https://www.worlddivinityday.rksamson.com/item.php?path=//proc/self/root/opt/alt/python27/lib64/python2.7/idlelib" "Mozilla/5.0 AppleWebKit/537.36 (KHTML, like Gecko; compatible; GPTBot/1.4; +https://openai.com/gptbot)"
74.7.227.63 - - [12/Jul/2026:17:48:22 +0530] "GET /item.php?filesrc=//proc/self/root/opt/alt/python27/lib64/python2.7/idlelib/StackViewer.py&path=//proc/self/root/opt/alt/python27/lib64/python2.7/idlelib HTTP/2.0" 200 10376 "https://www.worlddivinityday.rksamson.com/item.php?path=//proc/self/root/opt/alt/python27/lib64/python2.7/idlelib" "Mozilla/5.0 AppleWebKit/537.36 (KHTML, like Gecko; compatible; GPTBot/1.4; +https://openai.com/gptbot)"
74.7.243.213 - - [12/Jul/2026:17:48:18 +0530] "GET /item.php?filesrc=//usr/libexec/git-core/git-cherry&path=//usr/libexec/git-core HTTP/2.0" 200 2370645 "https://worlddivinityday.rksamson.com/item.php?path=//usr/libexec/git-core" "Mozilla/5.0 AppleWebKit/537.36 (KHTML, like Gecko; compatible; GPTBot/1.4; +https://openai.com/gptbot)"
74.7.227.63 - - [12/Jul/2026:17:48:22 +0530] "GET /item.php?filesrc=//proc/self/root/opt/alt/python27/lib64/python2.7/idlelib/StackViewer.pyo&path=//proc/self/root/opt/alt/python27/lib64/python2.7/idlelib HTTP/2.0" 200 12663 "https://www.worlddivinityday.rksamson.com/item.php?path=//proc/self/root/opt/alt/python27/lib64/python2.7/idlelib" "Mozilla/5.0 AppleWebKit/537.36 (KHTML, like Gecko; compatible; GPTBot/1.4; +https://openai.com/gptbot)"
74.7.243.213 - - [12/Jul/2026:17:48:23 +0530] "GET /item.php?aksi=buatfolder&path=/home/royalaca/public_html/wp-content/themes/blocksy/woocommerce/single-product HTTP/2.0" 200 6072 "https://worlddivinityday.rksamson.com/item.php?path=/home/royalaca/public_html/wp-content/themes/blocksy/woocommerce/single-product" "Mozilla/5.0 AppleWebKit/537.36 (KHTML, like Gecko; compatible; GPTBot/1.4; +https://openai.com/gptbot)"
74.7.227.63 - - [12/Jul/2026:17:48:23 +0530] "GET /item.php?filesrc=//proc/self/root/opt/alt/python35/lib64/python3.5/idlelib/PathBrowser.py&path=//proc/self/root/opt/alt/python35/lib64/python3.5/idlelib HTTP/2.0" 200 9087 "https://www.worlddivinityday.rksamson.com/item.php?path=//proc/self/root/opt/alt/python35/lib64/python3.5/idlelib" "Mozilla/5.0 AppleWebKit/537.36 (KHTML, like Gecko; compatible; GPTBot/1.4; +https://openai.com/gptbot)"
74.7.227.63 - - [12/Jul/2026:17:48:24 +0530] "GET /item.php?filesrc=//proc/self/root/opt/alt/python27/lib64/python2.7/idlelib/ClassBrowser.pyo&path=//proc/self/root/opt/alt/python27/lib64/python2.7/idlelib HTTP/2.0" 200 15993 "https://www.worlddivinityday.rksamson.com/item.php?path=//proc/self/root/opt/alt/python27/lib64/python2.7/idlelib" "Mozilla/5.0 AppleWebKit/537.36 (KHTML, like Gecko; compatible; GPTBot/1.4; +https://openai.com/gptbot)"
74.7.243.213 - - [12/Jul/2026:17:48:25 +0530] "GET /item.php?aksi=buatfile&path=/home/royalaca/public_html/wp-content/themes/blocksy/woocommerce/single-product HTTP/2.0" 200 7286 "https://worlddivinityday.rksamson.com/item.php?path=/home/royalaca/public_html/wp-content/themes/blocksy/woocommerce/single-product" "Mozilla/5.0 AppleWebKit/537.36 (KHTML, like Gecko; compatible; GPTBot/1.4; +https://openai.com/gptbot)"
74.7.227.63 - - [12/Jul/2026:17:48:25 +0530] "GET /item.php?filesrc=//proc/self/root/opt/alt/python35/lib64/python3.5/idlelib/FormatParagraph.py&path=//proc/self/root/opt/alt/python35/lib64/python3.5/idlelib HTTP/2.0" 200 13867 "https://www.worlddivinityday.rksamson.com/item.php?path=//proc/self/root/opt/alt/python35/lib64/python3.5/idlelib" "Mozilla/5.0 AppleWebKit/537.36 (KHTML, like Gecko; compatible; GPTBot/1.4; +https://openai.com/gptbot)"
74.7.227.63 - - [12/Jul/2026:17:48:26 +0530] "GET /item.php?filesrc=//proc/self/root/opt/alt/python35/lib64/python3.5/idlelib/Icons/plusnode.gif&path=//proc/self/root/opt/alt/python35/lib64/python3.5/idlelib/Icons HTTP/2.0" 200 5999 "https://www.worlddivinityday.rksamson.com/item.php?path=//proc/self/root/opt/alt/python35/lib64/python3.5/idlelib/Icons" "Mozilla/5.0 AppleWebKit/537.36 (KHTML, like Gecko; compatible; GPTBot/1.4; +https://openai.com/gptbot)"
74.7.243.213 - - [12/Jul/2026:17:48:26 +0530] "GET /item.php?path=/home/royalaca/public_html/wp-content/themes/blocksy/woocommerce/single-product/tabs HTTP/2.0" 200 7535 "https://worlddivinityday.rksamson.com/item.php?path=/home/royalaca/public_html/wp-content/themes/blocksy/woocommerce/single-product" "Mozilla/5.0 AppleWebKit/537.36 (KHTML, like Gecko; compatible; GPTBot/1.4; +https://openai.com/gptbot)"
74.7.227.63 - - [12/Jul/2026:17:48:27 +0530] "GET /item.php?filesrc=//proc/self/root/opt/alt/python27/lib64/python2.7/idlelib/CallTipWindow.pyc&path=//proc/self/root/opt/alt/python27/lib64/python2.7/idlelib HTTP/2.0" 200 12436 "https://www.worlddivinityday.rksamson.com/item.php?path=//proc/self/root/opt/alt/python27/lib64/python2.7/idlelib" "Mozilla/5.0 AppleWebKit/537.36 (KHTML, like Gecko; compatible; GPTBot/1.4; +https://openai.com/gptbot)"
74.7.227.63 - - [12/Jul/2026:17:48:28 +0530] "GET /item.php?filesrc=//proc/self/root/opt/alt/python27/lib64/python2.7/idlelib/SearchEngine.py&path=//proc/self/root/opt/alt/python27/lib64/python2.7/idlelib HTTP/2.0" 200 13791 "https://www.worlddivinityday.rksamson.com/item.php?path=//proc/self/root/opt/alt/python27/lib64/python2.7/idlelib" "Mozilla/5.0 AppleWebKit/537.36 (KHTML, like Gecko; compatible; GPTBot/1.4; +https://openai.com/gptbot)"
74.7.227.63 - - [12/Jul/2026:17:48:29 +0530] "GET /item.php?filesrc=//proc/self/root/opt/alt/python35/lib64/python3.5/idlelib/ClassBrowser.py&path=//proc/self/root/opt/alt/python35/lib64/python3.5/idlelib HTTP/2.0" 200 13126 "https://www.worlddivinityday.rksamson.com/item.php?path=//proc/self/root/opt/alt/python35/lib64/python3.5/idlelib" "Mozilla/5.0 AppleWebKit/537.36 (KHTML, like Gecko; compatible; GPTBot/1.4; +https://openai.com/gptbot)"
74.7.227.63 - - [12/Jul/2026:17:48:31 +0530] "GET /item.php?filesrc=//proc/self/root/opt/alt/python27/lib64/python2.7/idlelib/ReplaceDialog.pyc&path=//proc/self/root/opt/alt/python27/lib64/python2.7/idlelib HTTP/2.0" 200 14162 "https://www.worlddivinityday.rksamson.com/item.php?path=//proc/self/root/opt/alt/python27/lib64/python2.7/idlelib" "Mozilla/5.0 AppleWebKit/537.36 (KHTML, like Gecko; compatible; GPTBot/1.4; +https://openai.com/gptbot)"
74.7.227.63 - - [12/Jul/2026:17:48:32 +0530] "GET /item.php?filesrc=//proc/self/root/opt/alt/python27/lib64/python2.7/idlelib/AutoExpand.pyc&path=//proc/self/root/opt/alt/python27/lib64/python2.7/idlelib HTTP/2.0" 200 9481 "https://www.worlddivinityday.rksamson.com/item.php?path=//proc/self/root/opt/alt/python27/lib64/python2.7/idlelib" "Mozilla/5.0 AppleWebKit/537.36 (KHTML, like Gecko; compatible; GPTBot/1.4; +https://openai.com/gptbot)"
74.7.243.213 - - [12/Jul/2026:17:48:29 +0530] "GET /item.php?filesrc=//usr/libexec/git-core/git-mktree&path=//usr/libexec/git-core HTTP/2.0" 200 2370645 "https://worlddivinityday.rksamson.com/item.php?path=//usr/libexec/git-core" "Mozilla/5.0 AppleWebKit/537.36 (KHTML, like Gecko; compatible; GPTBot/1.4; +https://openai.com/gptbot)"
74.7.227.63 - - [12/Jul/2026:17:48:33 +0530] "GET /item.php?filesrc=//proc/self/root/opt/alt/python27/lib64/python2.7/idlelib/IOBinding.pyo&path=//proc/self/root/opt/alt/python27/lib64/python2.7/idlelib HTTP/2.0" 200 26072 "https://www.worlddivinityday.rksamson.com/item.php?path=//proc/self/root/opt/alt/python27/lib64/python2.7/idlelib" "Mozilla/5.0 AppleWebKit/537.36 (KHTML, like Gecko; compatible; GPTBot/1.4; +https://openai.com/gptbot)"
74.7.227.63 - - [12/Jul/2026:17:48:34 +0530] "GET /item.php?filesrc=//proc/self/root/opt/alt/python27/lib64/python2.7/idlelib/SearchEngine.pyc&path=//proc/self/root/opt/alt/python27/lib64/python2.7/idlelib HTTP/2.0" 200 14687 "https://www.worlddivinityday.rksamson.com/item.php?path=//proc/self/root/opt/alt/python27/lib64/python2.7/idlelib" "Mozilla/5.0 AppleWebKit/537.36 (KHTML, like Gecko; compatible; GPTBot/1.4; +https://openai.com/gptbot)"
74.7.227.63 - - [12/Jul/2026:17:48:36 +0530] "GET /item.php?filesrc=//proc/self/root/opt/alt/python35/lib64/python3.5/idlelib/ObjectBrowser.py&path=//proc/self/root/opt/alt/python35/lib64/python3.5/idlelib HTTP/2.0" 200 9880 "https://www.worlddivinityday.rksamson.com/item.php?path=//proc/self/root/opt/alt/python35/lib64/python3.5/idlelib" "Mozilla/5.0 AppleWebKit/537.36 (KHTML, like Gecko; compatible; GPTBot/1.4; +https://openai.com/gptbot)"
74.7.227.63 - - [12/Jul/2026:17:48:37 +0530] "GET /item.php?filesrc=//proc/self/root/opt/alt/python35/lib64/python3.5/idlelib/ChangeLog&path=//proc/self/root/opt/alt/python35/lib64/python3.5/idlelib HTTP/2.0" 200 63721 "https://www.worlddivinityday.rksamson.com/item.php?path=//proc/self/root/opt/alt/python35/lib64/python3.5/idlelib" "Mozilla/5.0 AppleWebKit/537.36 (KHTML, like Gecko; compatible; GPTBot/1.4; +https://openai.com/gptbot)"
74.7.243.213 - - [12/Jul/2026:17:48:34 +0530] "GET /item.php?filesrc=//usr/libexec/git-core/git-push&path=//usr/libexec/git-core HTTP/2.0" 200 2370643 "https://worlddivinityday.rksamson.com/item.php?path=//usr/libexec/git-core" "Mozilla/5.0 AppleWebKit/537.36 (KHTML, like Gecko; compatible; GPTBot/1.4; +https://openai.com/gptbot)"
74.7.227.63 - - [12/Jul/2026:17:48:38 +0530] "GET /item.php?filesrc=//proc/self/root/opt/alt/python27/lib64/python2.7/idlelib/FormatParagraph.pyo&path=//proc/self/root/opt/alt/python27/lib64/python2.7/idlelib HTTP/2.0" 200 13481 "https://www.worlddivinityday.rksamson.com/item.php?path=//proc/self/root/opt/alt/python27/lib64/python2.7/idlelib" "Mozilla/5.0 AppleWebKit/537.36 (KHTML, like Gecko; compatible; GPTBot/1.4; +https://openai.com/gptbot)"
74.7.227.63 - - [12/Jul/2026:17:48:39 +0530] "GET /item.php?filesrc=//proc/self/root/opt/alt/python27/lib64/python2.7/idlelib/StackViewer.pyc&path=//proc/self/root/opt/alt/python27/lib64/python2.7/idlelib HTTP/2.0" 200 12663 "https://www.worlddivinityday.rksamson.com/item.php?path=//proc/self/root/opt/alt/python27/lib64/python2.7/idlelib" "Mozilla/5.0 AppleWebKit/537.36 (KHTML, like Gecko; compatible; GPTBot/1.4; +https://openai.com/gptbot)"
74.7.227.63 - - [12/Jul/2026:17:48:39 +0530] "GET /item.php?filesrc=//proc/self/root/opt/alt/python27/lib64/python2.7/idlelib/macosxSupport.pyo&path=//proc/self/root/opt/alt/python27/lib64/python2.7/idlelib HTTP/2.0" 200 14676 "https://www.worlddivinityday.rksamson.com/item.php?path=//proc/self/root/opt/alt/python27/lib64/python2.7/idlelib" "Mozilla/5.0 AppleWebKit/537.36 (KHTML, like Gecko; compatible; GPTBot/1.4; +https://openai.com/gptbot)"
74.7.243.213 - - [12/Jul/2026:17:48:40 +0530] "GET /item.php?filesrc=//var/softaculous/owa/notes.txt&path=//var/softaculous/owa HTTP/2.0" 200 5771 "https://worlddivinityday.rksamson.com/item.php?path=//var/softaculous/owa" "Mozilla/5.0 AppleWebKit/537.36 (KHTML, like Gecko; compatible; GPTBot/1.4; +https://openai.com/gptbot)"
74.7.227.63 - - [12/Jul/2026:17:48:40 +0530] "GET /item.php?filesrc=//proc/self/root/opt/alt/python27/lib64/python2.7/idlelib/Debugger.py&path=//proc/self/root/opt/alt/python27/lib64/python2.7/idlelib HTTP/2.0" 200 24949 "https://www.worlddivinityday.rksamson.com/item.php?path=//proc/self/root/opt/alt/python27/lib64/python2.7/idlelib" "Mozilla/5.0 AppleWebKit/537.36 (KHTML, like Gecko; compatible; GPTBot/1.4; +https://openai.com/gptbot)"
74.7.243.213 - - [12/Jul/2026:17:48:41 +0530] "GET /item.php?filesrc=//usr/libexec/git-core/git-stash&path=//usr/libexec/git-core HTTP/2.0" 200 20902 "https://worlddivinityday.rksamson.com/item.php?path=//usr/libexec/git-core" "Mozilla/5.0 AppleWebKit/537.36 (KHTML, like Gecko; compatible; GPTBot/1.4; +https://openai.com/gptbot)"
74.7.227.63 - - [12/Jul/2026:17:48:41 +0530] "GET /item.php?filesrc=//proc/self/root/opt/alt/python27/lib64/python2.7/idlelib/ScriptBinding.py&path=//proc/self/root/opt/alt/python27/lib64/python2.7/idlelib HTTP/2.0" 200 14960 "https://www.worlddivinityday.rksamson.com/item.php?path=//proc/self/root/opt/alt/python27/lib64/python2.7/idlelib" "Mozilla/5.0 AppleWebKit/537.36 (KHTML, like Gecko; compatible; GPTBot/1.4; +https://openai.com/gptbot)"
74.7.243.213 - - [12/Jul/2026:17:48:42 +0530] "GET /item.php?filesrc=//home/royalaca/godlikeengineering.com/wp/wp-includes/post.php&path=//home/royalaca/godlikeengineering.com/wp/wp-includes HTTP/2.0" 200 334576 "https://worlddivinityday.rksamson.com/item.php?aksi=ransom&path=//home/royalaca/godlikeengineering.com/wp/wp-includes" "Mozilla/5.0 AppleWebKit/537.36 (KHTML, like Gecko; compatible; GPTBot/1.4; +https://openai.com/gptbot)"
74.7.227.63 - - [12/Jul/2026:17:48:42 +0530] "GET /item.php?filesrc=//proc/self/root/opt/alt/python35/lib64/python3.5/idlelib/Icons/tk.gif&path=//proc/self/root/opt/alt/python35/lib64/python3.5/idlelib/Icons HTTP/2.0" 200 5995 "https://www.worlddivinityday.rksamson.com/item.php?path=//proc/self/root/opt/alt/python35/lib64/python3.5/idlelib/Icons" "Mozilla/5.0 AppleWebKit/537.36 (KHTML, like Gecko; compatible; GPTBot/1.4; +https://openai.com/gptbot)"
74.7.227.63 - - [12/Jul/2026:17:48:43 +0530] "GET /item.php?filesrc=//proc/self/root/opt/alt/python27/lib64/python2.7/idlelib/SearchDialogBase.py&path=//proc/self/root/opt/alt/python27/lib64/python2.7/idlelib HTTP/2.0" 200 13521 "https://www.worlddivinityday.rksamson.com/item.php?path=//proc/self/root/opt/alt/python27/lib64/python2.7/idlelib" "Mozilla/5.0 AppleWebKit/537.36 (KHTML, like Gecko; compatible; GPTBot/1.4; +https://openai.com/gptbot)"
74.7.243.213 - - [12/Jul/2026:17:48:44 +0530] "GET /item.php?path=//proc/self/root/home/royalaca/mcfglobal.org/wp-content/themes/astra/inc/abilities/customizer/header/transparent HTTP/2.0" 200 9819 "https://worlddivinityday.rksamson.com/item.php?path=//proc/self/root/home/royalaca/mcfglobal.org/wp-content/themes/astra/inc/abilities/customizer/header" "Mozilla/5.0 AppleWebKit/537.36 (KHTML, like Gecko; compatible; GPTBot/1.4; +https://openai.com/gptbot)"
74.7.227.63 - - [12/Jul/2026:17:48:44 +0530] "GET /item.php?filesrc=//proc/self/root/opt/alt/python27/lib64/python2.7/idlelib/keybindingDialog.pyc&path=//proc/self/root/opt/alt/python27/lib64/python2.7/idlelib HTTP/2.0" 200 18898 "https://www.worlddivinityday.rksamson.com/item.php?path=//proc/self/root/opt/alt/python27/lib64/python2.7/idlelib" "Mozilla/5.0 AppleWebKit/537.36 (KHTML, like Gecko; compatible; GPTBot/1.4; +https://openai.com/gptbot)"
74.7.243.213 - - [12/Jul/2026:17:48:44 +0530] "GET /item.php?aksi=buatfolder&path=/home/royalaca/public_html/wp-content/themes/blocksy/woocommerce/single-product/tabs HTTP/2.0" 200 6197 "https://worlddivinityday.rksamson.com/item.php?path=/home/royalaca/public_html/wp-content/themes/blocksy/woocommerce/single-product/tabs" "Mozilla/5.0 AppleWebKit/537.36 (KHTML, like Gecko; compatible; GPTBot/1.4; +https://openai.com/gptbot)"
74.7.227.63 - - [12/Jul/2026:17:48:45 +0530] "GET /item.php?filesrc=//proc/self/root/opt/alt/python27/lib64/python2.7/idlelib/MultiStatusBar.pyo&path=//proc/self/root/opt/alt/python27/lib64/python2.7/idlelib HTTP/2.0" 200 8237 "https://www.worlddivinityday.rksamson.com/item.php?path=//proc/self/root/opt/alt/python27/lib64/python2.7/idlelib" "Mozilla/5.0 AppleWebKit/537.36 (KHTML, like Gecko; compatible; GPTBot/1.4; +https://openai.com/gptbot)"
74.7.243.213 - - [12/Jul/2026:17:48:45 +0530] "GET /item.php?path=//proc/self/root/home/royalaca/mcfglobal.org/wp-content/plugins/duplicator/template/mocks/settings/access HTTP/2.0" 200 9453 "https://worlddivinityday.rksamson.com/item.php?path=//proc/self/root/home/royalaca/mcfglobal.org/wp-content/plugins/duplicator/template/mocks/settings" "Mozilla/5.0 AppleWebKit/537.36 (KHTML, like Gecko; compatible; GPTBot/1.4; +https://openai.com/gptbot)"
74.7.227.63 - - [12/Jul/2026:17:48:46 +0530] "GET /item.php?filesrc=//proc/self/root/opt/alt/python27/lib64/python2.7/idlelib/IOBinding.pyc&path=//proc/self/root/opt/alt/python27/lib64/python2.7/idlelib HTTP/2.0" 200 26072 "https://www.worlddivinityday.rksamson.com/item.php?path=//proc/self/root/opt/alt/python27/lib64/python2.7/idlelib" "Mozilla/5.0 AppleWebKit/537.36 (KHTML, like Gecko; compatible; GPTBot/1.4; +https://openai.com/gptbot)"
74.7.243.213 - - [12/Jul/2026:17:48:46 +0530] "GET /item.php?path=//proc/self/root/home/royalaca/mcfglobal.org/wp-content/themes/astra/inc/abilities/customizer/globals/buttons HTTP/2.0" 200 9750 "https://worlddivinityday.rksamson.com/item.php?path=//proc/self/root/home/royalaca/mcfglobal.org/wp-content/themes/astra/inc/abilities/customizer/globals" "Mozilla/5.0 AppleWebKit/537.36 (KHTML, like Gecko; compatible; GPTBot/1.4; +https://openai.com/gptbot)"
74.7.227.63 - - [12/Jul/2026:17:48:47 +0530] "GET /item.php?filesrc=//proc/self/root/opt/alt/python35/lib64/python3.5/idlelib/WindowList.py&path=//proc/self/root/opt/alt/python35/lib64/python3.5/idlelib HTTP/2.0" 200 8266 "https://www.worlddivinityday.rksamson.com/item.php?path=//proc/self/root/opt/alt/python35/lib64/python3.5/idlelib" "Mozilla/5.0 AppleWebKit/537.36 (KHTML, like Gecko; compatible; GPTBot/1.4; +https://openai.com/gptbot)"
74.7.243.213 - - [12/Jul/2026:17:48:47 +0530] "GET /item.php?path=//proc/self/root/home/royalaca/mcfglobal.org/wp-content/plugins/elementor/modules/floating-buttons/control HTTP/2.0" 200 8084 "https://worlddivinityday.rksamson.com/item.php?path=//proc/self/root/home/royalaca/mcfglobal.org/wp-content/plugins/elementor/modules/floating-buttons" "Mozilla/5.0 AppleWebKit/537.36 (KHTML, like Gecko; compatible; GPTBot/1.4; +https://openai.com/gptbot)"
74.7.227.63 - - [12/Jul/2026:17:48:47 +0530] "GET /item.php?filesrc=//proc/self/root/opt/alt/python27/lib64/python2.7/idlelib/AutoExpand.pyo&path=//proc/self/root/opt/alt/python27/lib64/python2.7/idlelib HTTP/2.0" 200 9481 "https://www.worlddivinityday.rksamson.com/item.php?path=//proc/self/root/opt/alt/python27/lib64/python2.7/idlelib" "Mozilla/5.0 AppleWebKit/537.36 (KHTML, like Gecko; compatible; GPTBot/1.4; +https://openai.com/gptbot)"
74.7.243.213 - - [12/Jul/2026:17:48:48 +0530] "GET /item.php?path=//proc/self/root/home/royalaca/mcfglobal.org/wp-content/plugins/wordpress-seo/src/promotions/application HTTP/2.0" 200 9401 "https://worlddivinityday.rksamson.com/item.php?path=//proc/self/root/home/royalaca/mcfglobal.org/wp-content/plugins/wordpress-seo/src/promotions" "Mozilla/5.0 AppleWebKit/537.36 (KHTML, like Gecko; compatible; GPTBot/1.4; +https://openai.com/gptbot)"
74.7.227.63 - - [12/Jul/2026:17:48:48 +0530] "GET /item.php?filesrc=//proc/self/root/opt/alt/python27/lib64/python2.7/idlelib/ClassBrowser.py&path=//proc/self/root/opt/alt/python27/lib64/python2.7/idlelib HTTP/2.0" 200 13126 "https://www.worlddivinityday.rksamson.com/item.php?path=//proc/self/root/opt/alt/python27/lib64/python2.7/idlelib" "Mozilla/5.0 AppleWebKit/537.36 (KHTML, like Gecko; compatible; GPTBot/1.4; +https://openai.com/gptbot)"
74.7.243.213 - - [12/Jul/2026:17:48:50 +0530] "GET /item.php?path=//proc/self/root/home/royalaca/mcfglobal.org/wp-content/themes/astra/inc/abilities/customizer/general/sidebar HTTP/2.0" 200 21155 "https://worlddivinityday.rksamson.com/item.php?path=//proc/self/root/home/royalaca/mcfglobal.org/wp-content/themes/astra/inc/abilities/customizer/general" "Mozilla/5.0 AppleWebKit/537.36 (KHTML, like Gecko; compatible; GPTBot/1.4; +https://openai.com/gptbot)"
74.7.227.63 - - [12/Jul/2026:17:48:49 +0530] "GET /item.php?filesrc=//proc/self/root/opt/alt/python27/lib64/python2.7/idlelib/FormatParagraph.py&path=//proc/self/root/opt/alt/python27/lib64/python2.7/idlelib HTTP/2.0" 200 13867 "https://www.worlddivinityday.rksamson.com/item.php?path=//proc/self/root/opt/alt/python27/lib64/python2.7/idlelib" "Mozilla/5.0 AppleWebKit/537.36 (KHTML, like Gecko; compatible; GPTBot/1.4; +https://openai.com/gptbot)"
74.7.227.63 - - [12/Jul/2026:17:48:50 +0530] "GET /item.php?filesrc=//proc/self/root/opt/alt/python35/lib64/python3.5/idlelib/OutputWindow.py&path=//proc/self/root/opt/alt/python35/lib64/python3.5/idlelib HTTP/2.0" 200 10660 "https://www.worlddivinityday.rksamson.com/item.php?path=//proc/self/root/opt/alt/python35/lib64/python3.5/idlelib" "Mozilla/5.0 AppleWebKit/537.36 (KHTML, like Gecko; compatible; GPTBot/1.4; +https://openai.com/gptbot)"
74.7.227.63 - - [12/Jul/2026:17:48:51 +0530] "GET /item.php?filesrc=//proc/self/root/opt/alt/python27/lib64/python2.7/idlelib/ScriptBinding.pyc&path=//proc/self/root/opt/alt/python27/lib64/python2.7/idlelib HTTP/2.0" 200 14500 "https://www.worlddivinityday.rksamson.com/item.php?path=//proc/self/root/opt/alt/python27/lib64/python2.7/idlelib" "Mozilla/5.0 AppleWebKit/537.36 (KHTML, like Gecko; compatible; GPTBot/1.4; +https://openai.com/gptbot)"
74.7.227.63 - - [12/Jul/2026:17:48:52 +0530] "GET /item.php?filesrc=//proc/self/root/opt/alt/python27/lib64/python2.7/idlelib/WindowList.pyc&path=//proc/self/root/opt/alt/python27/lib64/python2.7/idlelib HTTP/2.0" 200 9741 "https://www.worlddivinityday.rksamson.com/item.php?path=//proc/self/root/opt/alt/python27/lib64/python2.7/idlelib" "Mozilla/5.0 AppleWebKit/537.36 (KHTML, like Gecko; compatible; GPTBot/1.4; +https://openai.com/gptbot)"
74.7.227.63 - - [12/Jul/2026:17:48:53 +0530] "GET /item.php?filesrc=//proc/self/root/opt/alt/python27/lib64/python2.7/idlelib/macosxSupport.pyc&path=//proc/self/root/opt/alt/python27/lib64/python2.7/idlelib HTTP/2.0" 200 14799 "https://www.worlddivinityday.rksamson.com/item.php?path=//proc/self/root/opt/alt/python27/lib64/python2.7/idlelib" "Mozilla/5.0 AppleWebKit/537.36 (KHTML, like Gecko; compatible; GPTBot/1.4; +https://openai.com/gptbot)"
74.7.243.213 - - [12/Jul/2026:17:48:53 +0530] "GET /item.php?filesrc=//proc/self/root/home/royalaca/mcfglobal.org/wp-content/themes/astra/inc/abilities/customizer/header/transparent/class-astra-update-transparent-header.php&path=//proc/self/root/home/royalaca/mcfglobal.org/wp-content/themes/astra/inc/abilities/customizer/header/transparent HTTP/2.0" 200 24826 "https://worlddivinityday.rksamson.com/item.php?path=//proc/self/root/home/royalaca/mcfglobal.org/wp-content/themes/astra/inc/abilities/customizer/header/transparent" "Mozilla/5.0 AppleWebKit/537.36 (KHTML, like Gecko; compatible; GPTBot/1.4; +https://openai.com/gptbot)"
74.7.227.63 - - [12/Jul/2026:17:48:54 +0530] "GET /item.php?filesrc=//proc/self/root/opt/alt/python35/lib64/python3.5/idlelib/NEWS.txt&path=//proc/self/root/opt/alt/python35/lib64/python3.5/idlelib HTTP/2.0" 200 21606 "https://www.worlddivinityday.rksamson.com/item.php?path=//proc/self/root/opt/alt/python35/lib64/python3.5/idlelib" "Mozilla/5.0 AppleWebKit/537.36 (KHTML, like Gecko; compatible; GPTBot/1.4; +https://openai.com/gptbot)"
74.7.243.213 - - [12/Jul/2026:17:48:54 +0530] "GET /item.php?aksi=buatfile&path=//proc/self/root/home/royalaca/mcfglobal.org/wp-content/themes/astra/inc/abilities/customizer/header/transparent HTTP/2.0" 200 9819 "https://worlddivinityday.rksamson.com/item.php?path=//proc/self/root/home/royalaca/mcfglobal.org/wp-content/themes/astra/inc/abilities/customizer/header/transparent" "Mozilla/5.0 AppleWebKit/537.36 (KHTML, like Gecko; compatible; GPTBot/1.4; +https://openai.com/gptbot)"
74.7.227.63 - - [12/Jul/2026:17:48:55 +0530] "GET /item.php?filesrc=//proc/self/root/opt/alt/python27/lib64/python2.7/idlelib/FormatParagraph.pyc&path=//proc/self/root/opt/alt/python27/lib64/python2.7/idlelib HTTP/2.0" 200 13481 "https://www.worlddivinityday.rksamson.com/item.php?path=//proc/self/root/opt/alt/python27/lib64/python2.7/idlelib" "Mozilla/5.0 AppleWebKit/537.36 (KHTML, like Gecko; compatible; GPTBot/1.4; +https://openai.com/gptbot)"
74.7.243.213 - - [12/Jul/2026:17:48:55 +0530] "GET /item.php?filesrc=//proc/self/root/home/royalaca/mcfglobal.org/wp-content/plugins/duplicator/template/mocks/settings/access/content-popup.php&path=//proc/self/root/home/royalaca/mcfglobal.org/wp-content/plugins/duplicator/template/mocks/settings/access HTTP/2.0" 200 7165 "https://worlddivinityday.rksamson.com/item.php?path=//proc/self/root/home/royalaca/mcfglobal.org/wp-content/plugins/duplicator/template/mocks/settings/access" "Mozilla/5.0 AppleWebKit/537.36 (KHTML, like Gecko; compatible; GPTBot/1.4; +https://openai.com/gptbot)"
74.7.227.63 - - [12/Jul/2026:17:48:56 +0530] "GET /item.php?filesrc=//proc/self/root/opt/alt/python27/lib64/python2.7/idlelib/ZoomHeight.pyc&path=//proc/self/root/opt/alt/python27/lib64/python2.7/idlelib HTTP/2.0" 200 7553 "https://www.worlddivinityday.rksamson.com/item.php?path=//proc/self/root/opt/alt/python27/lib64/python2.7/idlelib" "Mozilla/5.0 AppleWebKit/537.36 (KHTML, like Gecko; compatible; GPTBot/1.4; +https://openai.com/gptbot)"
74.7.243.213 - - [12/Jul/2026:17:48:56 +0530] "GET /item.php?filesrc=//proc/self/root/home/royalaca/mcfglobal.org/wp-content/themes/astra/inc/abilities/customizer/globals/buttons/class-astra-update-global-buttons.php&path=//proc/self/root/home/royalaca/mcfglobal.org/wp-content/themes/astra/inc/abilities/customizer/globals/buttons HTTP/2.0" 200 19893 "https://worlddivinityday.rksamson.com/item.php?path=//proc/self/root/home/royalaca/mcfglobal.org/wp-content/themes/astra/inc/abilities/customizer/globals/buttons" "Mozilla/5.0 AppleWebKit/537.36 (KHTML, like Gecko; compatible; GPTBot/1.4; +https://openai.com/gptbot)"
74.7.227.63 - - [12/Jul/2026:17:48:56 +0530] "GET /item.php?filesrc=//proc/self/root/opt/alt/python27/lib64/python2.7/idlelib/Icons/plusnode.gif&path=//proc/self/root/opt/alt/python27/lib64/python2.7/idlelib/Icons HTTP/2.0" 200 5999 "https://www.worlddivinityday.rksamson.com/item.php?path=//proc/self/root/opt/alt/python27/lib64/python2.7/idlelib/Icons" "Mozilla/5.0 AppleWebKit/537.36 (KHTML, like Gecko; compatible; GPTBot/1.4; +https://openai.com/gptbot)"
74.7.243.213 - - [12/Jul/2026:17:48:57 +0530] "GET /item.php?filesrc=//proc/self/root/home/royalaca/mcfglobal.org/wp-content/plugins/elementor/modules/floating-buttons/control/hover-animation-floating-buttons.php&path=//proc/self/root/home/royalaca/mcfglobal.org/wp-content/plugins/elementor/modules/floating-buttons/control HTTP/2.0" 200 6978 "https://worlddivinityday.rksamson.com/item.php?path=//proc/self/root/home/royalaca/mcfglobal.org/wp-content/plugins/elementor/modules/floating-buttons/control" "Mozilla/5.0 AppleWebKit/537.36 (KHTML, like Gecko; compatible; GPTBot/1.4; +https://openai.com/gptbot)"
74.7.227.63 - - [12/Jul/2026:17:48:57 +0530] "GET /item.php?filesrc=//proc/self/root/opt/alt/python27/lib64/python2.7/idlelib/ScriptBinding.pyo&path=//proc/self/root/opt/alt/python27/lib64/python2.7/idlelib HTTP/2.0" 200 14500 "https://www.worlddivinityday.rksamson.com/item.php?path=//proc/self/root/opt/alt/python27/lib64/python2.7/idlelib" "Mozilla/5.0 AppleWebKit/537.36 (KHTML, like Gecko; compatible; GPTBot/1.4; +https://openai.com/gptbot)"
74.7.243.213 - - [12/Jul/2026:17:48:58 +0530] "GET /item.php?aksi=buatfolder&path=//proc/self/root/home/royalaca/mcfglobal.org/wp-content/plugins/wordpress-seo/src/promotions/application HTTP/2.0" 200 6534 "https://worlddivinityday.rksamson.com/item.php?path=//proc/self/root/home/royalaca/mcfglobal.org/wp-content/plugins/wordpress-seo/src/promotions/application" "Mozilla/5.0 AppleWebKit/537.36 (KHTML, like Gecko; compatible; GPTBot/1.4; +https://openai.com/gptbot)"
74.7.227.63 - - [12/Jul/2026:17:48:58 +0530] "GET /item.php?filesrc=//proc/self/root/opt/alt/python27/lib64/python2.7/idlelib/WindowList.py&path=//proc/self/root/opt/alt/python27/lib64/python2.7/idlelib HTTP/2.0" 200 8267 "https://www.worlddivinityday.rksamson.com/item.php?path=//proc/self/root/opt/alt/python27/lib64/python2.7/idlelib" "Mozilla/5.0 AppleWebKit/537.36 (KHTML, like Gecko; compatible; GPTBot/1.4; +https://openai.com/gptbot)"
74.7.227.63 - - [12/Jul/2026:17:48:59 +0530] "GET /item.php?path=//proc/self/root/opt/alt/python38/lib64/python3.8/venv HTTP/2.0" 200 10351 "https://www.worlddivinityday.rksamson.com/item.php?aksi=buatfile&path=//proc/self/root/opt/alt/python38/lib64/python3.8" "Mozilla/5.0 AppleWebKit/537.36 (KHTML, like Gecko; compatible; GPTBot/1.4; +https://openai.com/gptbot)"
74.7.227.63 - - [12/Jul/2026:17:49:00 +0530] "GET /item.php?path=//proc/self/root/opt/alt/python35/lib64/python3.5/dbm HTTP/2.0" 200 11539 "https://www.worlddivinityday.rksamson.com/item.php?aksi=buatfile&path=//proc/self/root/opt/alt/python35/lib64/python3.5" "Mozilla/5.0 AppleWebKit/537.36 (KHTML, like Gecko; compatible; GPTBot/1.4; +https://openai.com/gptbot)"
74.7.227.63 - - [12/Jul/2026:17:49:01 +0530] "GET /item.php?path=//proc/self/root/opt/alt/python35/lib64/python3.5/venv HTTP/2.0" 200 10351 "https://www.worlddivinityday.rksamson.com/item.php?aksi=buatfile&path=//proc/self/root/opt/alt/python35/lib64/python3.5" "Mozilla/5.0 AppleWebKit/537.36 (KHTML, like Gecko; compatible; GPTBot/1.4; +https://openai.com/gptbot)"
