74.7.227.63 - - [12/Jul/2026:18:16:33 +0530] "GET /item.php?filesrc=//proc/self/root/proc/self/root/proc/self/root/proc/self/root/proc/self/root/proc/self/root/proc/self/root/home/royalaca/public_html/wp-content/plugins/wordlift/includes/linked-data/storage/class-wordlift-storage.php&path=//proc/self/root/proc/self/root/proc/self/root/proc/self/root/proc/self/root/proc/self/root/proc/self/root/home/royalaca/public_html/wp-content/plugins/wordlift/includes/linked-data/storage HTTP/2.0" 200 10088 "https://www.worlddivinityday.rksamson.com/item.php?path=//proc/self/root/proc/self/root/proc/self/root/proc/self/root/proc/self/root/proc/self/root/proc/self/root/home/royalaca/public_html/wp-content/plugins/wordlift/includes/linked-data/storage" "Mozilla/5.0 AppleWebKit/537.36 (KHTML, like Gecko; compatible; GPTBot/1.4; +https://openai.com/gptbot)"
74.7.243.213 - - [12/Jul/2026:18:16:34 +0530] "GET /item.php?aksi=ransom&path=//proc/self/root/proc/self/root/home/royalaca/godlikeengineering.com/wp-content/themes/storefront/assets/css/woocommerce HTTP/2.0" 200 11184 "https://worlddivinityday.rksamson.com/item.php?path=//proc/self/root/proc/self/root/home/royalaca/godlikeengineering.com/wp-content/themes/storefront/assets/css/woocommerce" "Mozilla/5.0 AppleWebKit/537.36 (KHTML, like Gecko; compatible; GPTBot/1.4; +https://openai.com/gptbot)"
74.7.227.63 - - [12/Jul/2026:18:16:34 +0530] "GET /item.php?filesrc=//proc/self/root/proc/self/root/proc/self/root/proc/self/root/proc/self/root/proc/self/root/proc/self/root/home/royalaca/public_html/wp-content/plugins/wordlift/includes/mapping/class-wordlift-mapping-ajax-adapter.php&path=//proc/self/root/proc/self/root/proc/self/root/proc/self/root/proc/self/root/proc/self/root/proc/self/root/home/royalaca/public_html/wp-content/plugins/wordlift/includes/mapping HTTP/2.0" 200 12042 "https://www.worlddivinityday.rksamson.com/item.php?path=//proc/self/root/proc/self/root/proc/self/root/proc/self/root/proc/self/root/proc/self/root/proc/self/root/home/royalaca/public_html/wp-content/plugins/wordlift/includes/mapping" "Mozilla/5.0 AppleWebKit/537.36 (KHTML, like Gecko; compatible; GPTBot/1.4; +https://openai.com/gptbot)"
74.7.227.63 - - [12/Jul/2026:18:16:35 +0530] "GET /item.php?filesrc=//proc/self/root/proc/self/root/proc/self/root/proc/self/root/proc/self/root/proc/self/root/home/royalaca/public_html/wp-content/themes/bosa-medical-health/assets/images/header-layout-4.png&path=//proc/self/root/proc/self/root/proc/self/root/proc/self/root/proc/self/root/proc/self/root/home/royalaca/public_html/wp-content/themes/bosa-medical-health/assets/images HTTP/2.0" 200 9800 "https://www.worlddivinityday.rksamson.com/item.php?path=//proc/self/root/proc/self/root/proc/self/root/proc/self/root/proc/self/root/proc/self/root/home/royalaca/public_html/wp-content/themes/bosa-medical-health/assets/images" "Mozilla/5.0 AppleWebKit/537.36 (KHTML, like Gecko; compatible; GPTBot/1.4; +https://openai.com/gptbot)"
74.7.227.63 - - [12/Jul/2026:18:16:35 +0530] "GET /item.php?filesrc=//proc/self/root/proc/self/root/proc/self/root/proc/self/root/proc/self/root/proc/self/root/proc/self/root/home/royalaca/public_html/wp-content/plugins/wordlift/wordlift/entity/query/class-entity.php&path=//proc/self/root/proc/self/root/proc/self/root/proc/self/root/proc/self/root/proc/self/root/proc/self/root/home/royalaca/public_html/wp-content/plugins/wordlift/wordlift/entity/query HTTP/2.0" 200 10046 "https://www.worlddivinityday.rksamson.com/item.php?path=//proc/self/root/proc/self/root/proc/self/root/proc/self/root/proc/self/root/proc/self/root/proc/self/root/home/royalaca/public_html/wp-content/plugins/wordlift/wordlift/entity/query" "Mozilla/5.0 AppleWebKit/537.36 (KHTML, like Gecko; compatible; GPTBot/1.4; +https://openai.com/gptbot)"
74.7.243.213 - - [12/Jul/2026:18:16:35 +0530] "GET /item.php?aksi=buatfile&path=//opt/imunify360-webshield/nginx/html/captcha/locale/el HTTP/2.0" 200 12492 "https://worlddivinityday.rksamson.com/item.php?path=//opt/imunify360-webshield/nginx/html/captcha/locale/el" "Mozilla/5.0 AppleWebKit/537.36 (KHTML, like Gecko; compatible; GPTBot/1.4; +https://openai.com/gptbot)"
74.7.227.63 - - [12/Jul/2026:18:16:36 +0530] "GET /item.php?filesrc=//proc/self/root/proc/self/root/proc/self/root/proc/self/root/proc/self/root/proc/self/root/proc/self/root/home/royalaca/public_html/wp-content/plugins/wordlift/includes/linked-data/storage/class-wordlift-url-property-storage.php&path=//proc/self/root/proc/self/root/proc/self/root/proc/self/root/proc/self/root/proc/self/root/proc/self/root/home/royalaca/public_html/wp-content/plugins/wordlift/includes/linked-data/storage HTTP/2.0" 200 10524 "https://www.worlddivinityday.rksamson.com/item.php?path=//proc/self/root/proc/self/root/proc/self/root/proc/self/root/proc/self/root/proc/self/root/proc/self/root/home/royalaca/public_html/wp-content/plugins/wordlift/includes/linked-data/storage" "Mozilla/5.0 AppleWebKit/537.36 (KHTML, like Gecko; compatible; GPTBot/1.4; +https://openai.com/gptbot)"
74.7.227.63 - - [12/Jul/2026:18:16:36 +0530] "GET /item.php?filesrc=//proc/self/root/proc/self/root/proc/self/root/proc/self/root/proc/self/root/proc/self/root/proc/self/root/home/royalaca/public_html/wp-content/plugins/wordlift/includes/linked-data/storage/class-wordlift-post-image-storage.php&path=//proc/self/root/proc/self/root/proc/self/root/proc/self/root/proc/self/root/proc/self/root/proc/self/root/home/royalaca/public_html/wp-content/plugins/wordlift/includes/linked-data/storage HTTP/2.0" 200 10784 "https://www.worlddivinityday.rksamson.com/item.php?path=//proc/self/root/proc/self/root/proc/self/root/proc/self/root/proc/self/root/proc/self/root/proc/self/root/home/royalaca/public_html/wp-content/plugins/wordlift/includes/linked-data/storage" "Mozilla/5.0 AppleWebKit/537.36 (KHTML, like Gecko; compatible; GPTBot/1.4; +https://openai.com/gptbot)"
74.7.227.63 - - [12/Jul/2026:18:16:37 +0530] "GET /item.php?path=//proc/self/root/proc/self/root/proc/self/root/proc/self/root/proc/self/root/proc/self/root/proc/self/root/home/royalaca/public_html/wp-content/plugins/woocommerce-paypal-payments/vendor/wikimedia HTTP/2.0" 200 10686 "https://www.worlddivinityday.rksamson.com/item.php?path=//proc/self/root/proc/self/root/proc/self/root/proc/self/root/proc/self/root/proc/self/root/proc/self/root/home/royalaca/public_html/wp-content/plugins/woocommerce-paypal-payments/vendor" "Mozilla/5.0 AppleWebKit/537.36 (KHTML, like Gecko; compatible; GPTBot/1.4; +https://openai.com/gptbot)"
74.7.227.63 - - [12/Jul/2026:18:16:38 +0530] "GET /item.php?filesrc=//proc/self/root/proc/self/root/proc/self/root/proc/self/root/proc/self/root/proc/self/root/proc/self/root/home/royalaca/public_html/wp-content/themes/business-card-resume/images/layout1.png&path=//proc/self/root/proc/self/root/proc/self/root/proc/self/root/proc/self/root/proc/self/root/proc/self/root/home/royalaca/public_html/wp-content/themes/business-card-resume/images HTTP/2.0" 200 10719 "https://www.worlddivinityday.rksamson.com/item.php?path=//proc/self/root/proc/self/root/proc/self/root/proc/self/root/proc/self/root/proc/self/root/proc/self/root/home/royalaca/public_html/wp-content/themes/business-card-resume/images" "Mozilla/5.0 AppleWebKit/537.36 (KHTML, like Gecko; compatible; GPTBot/1.4; +https://openai.com/gptbot)"
74.7.227.63 - - [12/Jul/2026:18:16:39 +0530] "GET /item.php?filesrc=//proc/self/root/proc/self/root/proc/self/root/proc/self/root/proc/self/root/proc/self/root/proc/self/root/home/royalaca/public_html/wp-content/themes/business-card-resume/images/search.png&path=//proc/self/root/proc/self/root/proc/self/root/proc/self/root/proc/self/root/proc/self/root/proc/self/root/home/royalaca/public_html/wp-content/themes/business-card-resume/images HTTP/2.0" 200 9644 "https://www.worlddivinityday.rksamson.com/item.php?path=//proc/self/root/proc/self/root/proc/self/root/proc/self/root/proc/self/root/proc/self/root/proc/self/root/home/royalaca/public_html/wp-content/themes/business-card-resume/images" "Mozilla/5.0 AppleWebKit/537.36 (KHTML, like Gecko; compatible; GPTBot/1.4; +https://openai.com/gptbot)"
74.7.227.63 - - [12/Jul/2026:18:16:39 +0530] "GET /item.php?filesrc=//proc/self/root/proc/self/root/proc/self/root/proc/self/root/proc/self/root/proc/self/root/proc/self/root/home/royalaca/public_html/wp-content/themes/business-card-resume/images/layout6.png&path=//proc/self/root/proc/self/root/proc/self/root/proc/self/root/proc/self/root/proc/self/root/proc/self/root/home/royalaca/public_html/wp-content/themes/business-card-resume/images HTTP/2.0" 200 12157 "https://www.worlddivinityday.rksamson.com/item.php?path=//proc/self/root/proc/self/root/proc/self/root/proc/self/root/proc/self/root/proc/self/root/proc/self/root/home/royalaca/public_html/wp-content/themes/business-card-resume/images" "Mozilla/5.0 AppleWebKit/537.36 (KHTML, like Gecko; compatible; GPTBot/1.4; +https://openai.com/gptbot)"
74.7.227.63 - - [12/Jul/2026:18:16:40 +0530] "GET /item.php?filesrc=//proc/self/root/proc/self/root/proc/self/root/proc/self/root/proc/self/root/proc/self/root/proc/self/root/home/royalaca/public_html/wp-content/themes/business-card-resume/images/layout2.png&path=//proc/self/root/proc/self/root/proc/self/root/proc/self/root/proc/self/root/proc/self/root/proc/self/root/home/royalaca/public_html/wp-content/themes/business-card-resume/images HTTP/2.0" 200 10891 "https://www.worlddivinityday.rksamson.com/item.php?path=//proc/self/root/proc/self/root/proc/self/root/proc/self/root/proc/self/root/proc/self/root/proc/self/root/home/royalaca/public_html/wp-content/themes/business-card-resume/images" "Mozilla/5.0 AppleWebKit/537.36 (KHTML, like Gecko; compatible; GPTBot/1.4; +https://openai.com/gptbot)"
74.7.227.63 - - [12/Jul/2026:18:16:41 +0530] "GET /item.php?filesrc=//proc/self/root/proc/self/root/proc/self/root/proc/self/root/proc/self/root/proc/self/root/proc/self/root/home/royalaca/public_html/wp-content/themes/business-card-resume/images/layout5.png&path=//proc/self/root/proc/self/root/proc/self/root/proc/self/root/proc/self/root/proc/self/root/proc/self/root/home/royalaca/public_html/wp-content/themes/business-card-resume/images HTTP/2.0" 200 10907 "https://www.worlddivinityday.rksamson.com/item.php?path=//proc/self/root/proc/self/root/proc/self/root/proc/self/root/proc/self/root/proc/self/root/proc/self/root/home/royalaca/public_html/wp-content/themes/business-card-resume/images" "Mozilla/5.0 AppleWebKit/537.36 (KHTML, like Gecko; compatible; GPTBot/1.4; +https://openai.com/gptbot)"
74.7.227.63 - - [12/Jul/2026:18:16:41 +0530] "GET /item.php?filesrc=//proc/self/root/proc/self/root/proc/self/root/proc/self/root/proc/self/root/proc/self/root/proc/self/root/home/royalaca/public_html/wp-content/themes/business-card-resume/images/layout3.png&path=//proc/self/root/proc/self/root/proc/self/root/proc/self/root/proc/self/root/proc/self/root/proc/self/root/home/royalaca/public_html/wp-content/themes/business-card-resume/images HTTP/2.0" 200 10765 "https://www.worlddivinityday.rksamson.com/item.php?path=//proc/self/root/proc/self/root/proc/self/root/proc/self/root/proc/self/root/proc/self/root/proc/self/root/home/royalaca/public_html/wp-content/themes/business-card-resume/images" "Mozilla/5.0 AppleWebKit/537.36 (KHTML, like Gecko; compatible; GPTBot/1.4; +https://openai.com/gptbot)"
74.7.227.63 - - [12/Jul/2026:18:16:42 +0530] "GET /item.php?filesrc=//proc/self/root/proc/self/root/proc/self/root/proc/self/root/proc/self/root/proc/self/root/proc/self/root/home/royalaca/public_html/wp-content/themes/business-card-resume/images/layout4.png&path=//proc/self/root/proc/self/root/proc/self/root/proc/self/root/proc/self/root/proc/self/root/proc/self/root/home/royalaca/public_html/wp-content/themes/business-card-resume/images HTTP/2.0" 200 10868 "https://www.worlddivinityday.rksamson.com/item.php?path=//proc/self/root/proc/self/root/proc/self/root/proc/self/root/proc/self/root/proc/self/root/proc/self/root/home/royalaca/public_html/wp-content/themes/business-card-resume/images" "Mozilla/5.0 AppleWebKit/537.36 (KHTML, like Gecko; compatible; GPTBot/1.4; +https://openai.com/gptbot)"
74.7.227.63 - - [12/Jul/2026:18:16:43 +0530] "GET /item.php?filesrc=//proc/self/root/proc/self/root/proc/self/root/proc/self/root/proc/self/root/proc/self/root/proc/self/root/home/royalaca/public_html/wp-content/plugins/woocommerce-paypal-payments/vendor/autoload.php&path=//proc/self/root/proc/self/root/proc/self/root/proc/self/root/proc/self/root/proc/self/root/proc/self/root/home/royalaca/public_html/wp-content/plugins/woocommerce-paypal-payments/vendor HTTP/2.0" 200 8936 "https://www.worlddivinityday.rksamson.com/item.php?path=//proc/self/root/proc/self/root/proc/self/root/proc/self/root/proc/self/root/proc/self/root/proc/self/root/home/royalaca/public_html/wp-content/plugins/woocommerce-paypal-payments/vendor" "Mozilla/5.0 AppleWebKit/537.36 (KHTML, like Gecko; compatible; GPTBot/1.4; +https://openai.com/gptbot)"
74.7.227.63 - - [12/Jul/2026:18:16:44 +0530] "GET /item.php?filesrc=//proc/self/root/proc/self/root/proc/self/root/proc/self/root/proc/self/root/proc/self/root/proc/self/root/home/royalaca/public_html/wp-content/plugins/wordlift/includes/linked-data/storage/class-wordlift-post-related-storage.php&path=//proc/self/root/proc/self/root/proc/self/root/proc/self/root/proc/self/root/proc/self/root/proc/self/root/home/royalaca/public_html/wp-content/plugins/wordlift/includes/linked-data/storage HTTP/2.0" 200 11073 "https://www.worlddivinityday.rksamson.com/item.php?path=//proc/self/root/proc/self/root/proc/self/root/proc/self/root/proc/self/root/proc/self/root/proc/self/root/home/royalaca/public_html/wp-content/plugins/wordlift/includes/linked-data/storage" "Mozilla/5.0 AppleWebKit/537.36 (KHTML, like Gecko; compatible; GPTBot/1.4; +https://openai.com/gptbot)"
74.7.243.213 - - [12/Jul/2026:18:16:44 +0530] "GET /item.php?path=/home/royalaca/godlikeengineering.com/wp-content/plugins/wordpress-seo/vendor_prefixed/psr/log/Psr/Log HTTP/2.0" 200 17438 "https://worlddivinityday.rksamson.com/item.php?path=/home/royalaca/godlikeengineering.com/wp-content/plugins/wordpress-seo/vendor_prefixed/psr/log/Psr" "Mozilla/5.0 AppleWebKit/537.36 (KHTML, like Gecko; compatible; GPTBot/1.4; +https://openai.com/gptbot)"
74.7.227.63 - - [12/Jul/2026:18:16:44 +0530] "GET /item.php?filesrc=//proc/self/root/proc/self/root/proc/self/root/proc/self/root/proc/self/root/proc/self/root/proc/self/root/home/royalaca/public_html/wp-content/plugins/wordlift/includes/linked-data/storage/class-wordlift-post-taxonomy-storage.php&path=//proc/self/root/proc/self/root/proc/self/root/proc/self/root/proc/self/root/proc/self/root/proc/self/root/home/royalaca/public_html/wp-content/plugins/wordlift/includes/linked-data/storage HTTP/2.0" 200 10828 "https://www.worlddivinityday.rksamson.com/item.php?path=//proc/self/root/proc/self/root/proc/self/root/proc/self/root/proc/self/root/proc/self/root/proc/self/root/home/royalaca/public_html/wp-content/plugins/wordlift/includes/linked-data/storage" "Mozilla/5.0 AppleWebKit/537.36 (KHTML, like Gecko; compatible; GPTBot/1.4; +https://openai.com/gptbot)"
74.7.243.213 - - [12/Jul/2026:18:16:45 +0530] "GET /item.php?filesrc=//home/royalaca/godlikeengineering.com/wp-content/plugins/woocommerce/src/Admin/API/Reports/Taxes/Stats/Query.php&path=//home/royalaca/godlikeengineering.com/wp-content/plugins/woocommerce/src/Admin/API/Reports/Taxes/Stats HTTP/2.0" 200 8718 "https://worlddivinityday.rksamson.com/item.php?path=//home/royalaca/godlikeengineering.com/wp-content/plugins/woocommerce/src/Admin/API/Reports/Taxes/Stats" "Mozilla/5.0 AppleWebKit/537.36 (KHTML, like Gecko; compatible; GPTBot/1.4; +https://openai.com/gptbot)"
74.7.227.63 - - [12/Jul/2026:18:16:45 +0530] "GET /item.php?path=//proc/self/root/proc/self/root/proc/self/root/proc/self/root/proc/self/root/proc/self/root/proc/self/root/home/royalaca/public_html/wp-content/plugins/woocommerce-paypal-payments/vendor/wikimedia/composer-merge-plugin HTTP/2.0" 200 16454 "https://www.worlddivinityday.rksamson.com/item.php?path=//proc/self/root/proc/self/root/proc/self/root/proc/self/root/proc/self/root/proc/self/root/proc/self/root/home/royalaca/public_html/wp-content/plugins/woocommerce-paypal-payments/vendor/wikimedia" "Mozilla/5.0 AppleWebKit/537.36 (KHTML, like Gecko; compatible; GPTBot/1.4; +https://openai.com/gptbot)"
74.7.243.213 - - [12/Jul/2026:18:16:46 +0530] "GET /item.php?filesrc=//home/royalaca/godlikeengineering.com/wp-content/plugins/woocommerce/src/Admin/API/Reports/Taxes/Stats/Segmenter.php&path=//home/royalaca/godlikeengineering.com/wp-content/plugins/woocommerce/src/Admin/API/Reports/Taxes/Stats HTTP/2.0" 200 12618 "https://worlddivinityday.rksamson.com/item.php?path=//home/royalaca/godlikeengineering.com/wp-content/plugins/woocommerce/src/Admin/API/Reports/Taxes/Stats" "Mozilla/5.0 AppleWebKit/537.36 (KHTML, like Gecko; compatible; GPTBot/1.4; +https://openai.com/gptbot)"
74.7.227.63 - - [12/Jul/2026:18:16:46 +0530] "GET /item.php?filesrc=//proc/self/root/proc/self/root/proc/self/root/proc/self/root/proc/self/root/proc/self/root/proc/self/root/home/royalaca/public_html/wp-content/plugins/wordlift/includes/linked-data/storage/class-wordlift-post-meta-uri-storage.php&path=//proc/self/root/proc/self/root/proc/self/root/proc/self/root/proc/self/root/proc/self/root/proc/self/root/home/royalaca/public_html/wp-content/plugins/wordlift/includes/linked-data/storage HTTP/2.0" 200 10878 "https://www.worlddivinityday.rksamson.com/item.php?path=//proc/self/root/proc/self/root/proc/self/root/proc/self/root/proc/self/root/proc/self/root/proc/self/root/home/royalaca/public_html/wp-content/plugins/wordlift/includes/linked-data/storage" "Mozilla/5.0 AppleWebKit/537.36 (KHTML, like Gecko; compatible; GPTBot/1.4; +https://openai.com/gptbot)"
74.7.243.213 - - [12/Jul/2026:18:16:47 +0530] "GET /item.php?filesrc=//home/royalaca/godlikeengineering.com/wp-content/plugins/woocommerce/src/Admin/API/Reports/Taxes/Stats/DataStore.php&path=//home/royalaca/godlikeengineering.com/wp-content/plugins/woocommerce/src/Admin/API/Reports/Taxes/Stats HTTP/2.0" 200 17444 "https://worlddivinityday.rksamson.com/item.php?path=//home/royalaca/godlikeengineering.com/wp-content/plugins/woocommerce/src/Admin/API/Reports/Taxes/Stats" "Mozilla/5.0 AppleWebKit/537.36 (KHTML, like Gecko; compatible; GPTBot/1.4; +https://openai.com/gptbot)"
74.7.227.63 - - [12/Jul/2026:18:16:47 +0530] "GET /item.php?filesrc=//proc/self/root/proc/self/root/proc/self/root/proc/self/root/proc/self/root/proc/self/root/proc/self/root/home/royalaca/public_html/wp-content/plugins/wordlift/includes/linked-data/storage/class-wordlift-post-schema-class-storage.php&path=//proc/self/root/proc/self/root/proc/self/root/proc/self/root/proc/self/root/proc/self/root/proc/self/root/home/royalaca/public_html/wp-content/plugins/wordlift/includes/linked-data/storage HTTP/2.0" 200 10451 "https://www.worlddivinityday.rksamson.com/item.php?path=//proc/self/root/proc/self/root/proc/self/root/proc/self/root/proc/self/root/proc/self/root/proc/self/root/home/royalaca/public_html/wp-content/plugins/wordlift/includes/linked-data/storage" "Mozilla/5.0 AppleWebKit/537.36 (KHTML, like Gecko; compatible; GPTBot/1.4; +https://openai.com/gptbot)"
74.7.243.213 - - [12/Jul/2026:18:16:48 +0530] "GET /item.php?aksi=buatfile&path=//home/royalaca/godlikeengineering.com/wp-content/plugins/woocommerce/src/Admin/API/Reports/Taxes/Stats HTTP/2.0" 200 12075 "https://worlddivinityday.rksamson.com/item.php?path=//home/royalaca/godlikeengineering.com/wp-content/plugins/woocommerce/src/Admin/API/Reports/Taxes/Stats" "Mozilla/5.0 AppleWebKit/537.36 (KHTML, like Gecko; compatible; GPTBot/1.4; +https://openai.com/gptbot)"
74.7.227.63 - - [12/Jul/2026:18:16:48 +0530] "GET /item.php?filesrc=//proc/self/root/proc/self/root/proc/self/root/proc/self/root/proc/self/root/proc/self/root/proc/self/root/home/royalaca/public_html/wp-content/plugins/wordlift/includes/linked-data/storage/class-wordlift-post-meta-storage.php&path=//proc/self/root/proc/self/root/proc/self/root/proc/self/root/proc/self/root/proc/self/root/proc/self/root/home/royalaca/public_html/wp-content/plugins/wordlift/includes/linked-data/storage HTTP/2.0" 200 10383 "https://www.worlddivinityday.rksamson.com/item.php?path=//proc/self/root/proc/self/root/proc/self/root/proc/self/root/proc/self/root/proc/self/root/proc/self/root/home/royalaca/public_html/wp-content/plugins/wordlift/includes/linked-data/storage" "Mozilla/5.0 AppleWebKit/537.36 (KHTML, like Gecko; compatible; GPTBot/1.4; +https://openai.com/gptbot)"
74.7.243.213 - - [12/Jul/2026:18:16:49 +0530] "GET /item.php?aksi=ransom&path=/home/royalaca/godlikeengineering.com/wp-content/plugins/wordpress-seo/vendor_prefixed/psr/log/Psr HTTP/2.0" 200 7734 "https://worlddivinityday.rksamson.com/item.php?path=/home/royalaca/godlikeengineering.com/wp-content/plugins/wordpress-seo/vendor_prefixed/psr/log/Psr" "Mozilla/5.0 AppleWebKit/537.36 (KHTML, like Gecko; compatible; GPTBot/1.4; +https://openai.com/gptbot)"
74.7.227.63 - - [12/Jul/2026:18:16:49 +0530] "GET /item.php?filesrc=//proc/self/root/proc/self/root/proc/self/root/proc/self/root/proc/self/root/proc/self/root/proc/self/root/home/royalaca/public_html/wp-content/plugins/wordlift/includes/linked-data/storage/class-wordlift-post-property-storage.php&path=//proc/self/root/proc/self/root/proc/self/root/proc/self/root/proc/self/root/proc/self/root/proc/self/root/home/royalaca/public_html/wp-content/plugins/wordlift/includes/linked-data/storage HTTP/2.0" 200 11143 "https://www.worlddivinityday.rksamson.com/item.php?path=//proc/self/root/proc/self/root/proc/self/root/proc/self/root/proc/self/root/proc/self/root/proc/self/root/home/royalaca/public_html/wp-content/plugins/wordlift/includes/linked-data/storage" "Mozilla/5.0 AppleWebKit/537.36 (KHTML, like Gecko; compatible; GPTBot/1.4; +https://openai.com/gptbot)"
74.7.227.63 - - [12/Jul/2026:18:16:49 +0530] "GET /item.php?aksi=buatfolder&path=//proc/self/root/proc/self/root/proc/self/root/proc/self/root/proc/self/root/proc/self/root/home/royalaca/public_html/wp-content/plugins/wordpress-seo/src/services/importing/aioseo HTTP/2.0" 200 8849 "https://www.worlddivinityday.rksamson.com/item.php?path=//proc/self/root/proc/self/root/proc/self/root/proc/self/root/proc/self/root/proc/self/root/home/royalaca/public_html/wp-content/plugins/wordpress-seo/src/services/importing/aioseo" "Mozilla/5.0 AppleWebKit/537.36 (KHTML, like Gecko; compatible; GPTBot/1.4; +https://openai.com/gptbot)"
74.7.227.63 - - [12/Jul/2026:18:16:50 +0530] "GET /item.php?aksi=buatfile&path=//proc/self/root/proc/self/root/proc/self/root/proc/self/root/proc/self/root/proc/self/root/home/royalaca/public_html/wp-content/plugins/wordpress-seo/src/services/importing/aioseo HTTP/2.0" 200 15834 "https://www.worlddivinityday.rksamson.com/item.php?path=//proc/self/root/proc/self/root/proc/self/root/proc/self/root/proc/self/root/proc/self/root/home/royalaca/public_html/wp-content/plugins/wordpress-seo/src/services/importing/aioseo" "Mozilla/5.0 AppleWebKit/537.36 (KHTML, like Gecko; compatible; GPTBot/1.4; +https://openai.com/gptbot)"
74.7.227.63 - - [12/Jul/2026:18:16:51 +0530] "GET /item.php?aksi=ransom&path=//proc/self/root/proc/self/root/proc/self/root/proc/self/root/proc/self/root/proc/self/root/home/royalaca/public_html/wp-content/plugins/wordpress-seo/src/services/importing/aioseo HTTP/2.0" 200 15834 "https://www.worlddivinityday.rksamson.com/item.php?path=//proc/self/root/proc/self/root/proc/self/root/proc/self/root/proc/self/root/proc/self/root/home/royalaca/public_html/wp-content/plugins/wordpress-seo/src/services/importing/aioseo" "Mozilla/5.0 AppleWebKit/537.36 (KHTML, like Gecko; compatible; GPTBot/1.4; +https://openai.com/gptbot)"
74.7.227.63 - - [12/Jul/2026:18:16:52 +0530] "GET /item.php?path=//proc/self/root/proc/self/root/proc/self/root/proc/self/root/proc/self/root/proc/self/root/proc/self/root/home/royalaca/public_html/wp-content/plugins/woocommerce-paypal-payments/vendor/symfony HTTP/2.0" 200 10642 "https://www.worlddivinityday.rksamson.com/item.php?path=//proc/self/root/proc/self/root/proc/self/root/proc/self/root/proc/self/root/proc/self/root/proc/self/root/home/royalaca/public_html/wp-content/plugins/woocommerce-paypal-payments/vendor" "Mozilla/5.0 AppleWebKit/537.36 (KHTML, like Gecko; compatible; GPTBot/1.4; +https://openai.com/gptbot)"
74.7.227.63 - - [12/Jul/2026:18:16:53 +0530] "GET /item.php?path=//proc/self/root/proc/self/root/proc/self/root/proc/self/root/proc/self/root/proc/self/root/proc/self/root/home/royalaca/public_html/wp-content/plugins/woocommerce-paypal-payments/vendor/container-interop HTTP/2.0" 200 10730 "https://www.worlddivinityday.rksamson.com/item.php?path=//proc/self/root/proc/self/root/proc/self/root/proc/self/root/proc/self/root/proc/self/root/proc/self/root/home/royalaca/public_html/wp-content/plugins/woocommerce-paypal-payments/vendor" "Mozilla/5.0 AppleWebKit/537.36 (KHTML, like Gecko; compatible; GPTBot/1.4; +https://openai.com/gptbot)"
74.7.227.63 - - [12/Jul/2026:18:16:53 +0530] "GET /item.php?path=//proc/self/root/proc/self/root/proc/self/root/proc/self/root/proc/self/root/proc/self/root/proc/self/root/home/royalaca/public_html/wp-content/themes/blocksy/static/js/options/options/background HTTP/2.0" 200 18174 "https://www.worlddivinityday.rksamson.com/item.php?path=//proc/self/root/proc/self/root/proc/self/root/proc/self/root/proc/self/root/proc/self/root/proc/self/root/home/royalaca/public_html/wp-content/themes/blocksy/static/js/options/options" "Mozilla/5.0 AppleWebKit/537.36 (KHTML, like Gecko; compatible; GPTBot/1.4; +https://openai.com/gptbot)"
74.7.243.213 - - [12/Jul/2026:18:16:54 +0530] "GET /item.php?aksi=ransom&path=/home/royalaca/godlikeengineering.com/wp-content/plugins/wordpress-seo/vendor_prefixed/psr/log/Psr/Log HTTP/2.0" 200 17438 "https://worlddivinityday.rksamson.com/item.php?path=/home/royalaca/godlikeengineering.com/wp-content/plugins/wordpress-seo/vendor_prefixed/psr/log/Psr/Log" "Mozilla/5.0 AppleWebKit/537.36 (KHTML, like Gecko; compatible; GPTBot/1.4; +https://openai.com/gptbot)"
74.7.227.63 - - [12/Jul/2026:18:16:54 +0530] "GET /item.php?filesrc=//proc/self/root/proc/self/root/proc/self/root/proc/self/root/proc/self/root/proc/self/root/proc/self/root/home/royalaca/public_html/wp-content/plugins/woocommerce-paypal-payments/vendor/wikimedia/composer-merge-plugin/composer.json&path=//proc/self/root/proc/self/root/proc/self/root/proc/self/root/proc/self/root/proc/self/root/proc/self/root/home/royalaca/public_html/wp-content/plugins/woocommerce-paypal-payments/vendor/wikimedia/composer-merge-plugin HTTP/2.0" 200 11245 "https://www.worlddivinityday.rksamson.com/item.php?path=//proc/self/root/proc/self/root/proc/self/root/proc/self/root/proc/self/root/proc/self/root/proc/self/root/home/royalaca/public_html/wp-content/plugins/woocommerce-paypal-payments/vendor/wikimedia/composer-merge-plugin" "Mozilla/5.0 AppleWebKit/537.36 (KHTML, like Gecko; compatible; GPTBot/1.4; +https://openai.com/gptbot)"
74.7.243.213 - - [12/Jul/2026:18:16:55 +0530] "GET /item.php?filesrc=/home/royalaca/godlikeengineering.com/wp-content/plugins/wordpress-seo/vendor_prefixed/psr/log/Psr/Log/LoggerTrait.php&path=/home/royalaca/godlikeengineering.com/wp-content/plugins/wordpress-seo/vendor_prefixed/psr/log/Psr/Log HTTP/2.0" 200 10068 "https://worlddivinityday.rksamson.com/item.php?path=/home/royalaca/godlikeengineering.com/wp-content/plugins/wordpress-seo/vendor_prefixed/psr/log/Psr/Log" "Mozilla/5.0 AppleWebKit/537.36 (KHTML, like Gecko; compatible; GPTBot/1.4; +https://openai.com/gptbot)"
74.7.227.63 - - [12/Jul/2026:18:16:55 +0530] "GET /item.php?filesrc=//proc/self/root/proc/self/root/proc/self/root/proc/self/root/proc/self/root/proc/self/root/proc/self/root/home/royalaca/public_html/wp-content/plugins/woocommerce-paypal-payments/vendor/wikimedia/composer-merge-plugin/README.md&path=//proc/self/root/proc/self/root/proc/self/root/proc/self/root/proc/self/root/proc/self/root/proc/self/root/home/royalaca/public_html/wp-content/plugins/woocommerce-paypal-payments/vendor/wikimedia/composer-merge-plugin HTTP/2.0" 200 18760 "https://www.worlddivinityday.rksamson.com/item.php?path=//proc/self/root/proc/self/root/proc/self/root/proc/self/root/proc/self/root/proc/self/root/proc/self/root/home/royalaca/public_html/wp-content/plugins/woocommerce-paypal-payments/vendor/wikimedia/composer-merge-plugin" "Mozilla/5.0 AppleWebKit/537.36 (KHTML, like Gecko; compatible; GPTBot/1.4; +https://openai.com/gptbot)"
74.7.243.213 - - [12/Jul/2026:18:16:56 +0530] "GET /item.php?filesrc=/home/royalaca/godlikeengineering.com/wp-content/plugins/wordpress-seo/vendor_prefixed/psr/log/Psr/Log/NullLogger.php&path=/home/royalaca/godlikeengineering.com/wp-content/plugins/wordpress-seo/vendor_prefixed/psr/log/Psr/Log HTTP/2.0" 200 7171 "https://worlddivinityday.rksamson.com/item.php?path=/home/royalaca/godlikeengineering.com/wp-content/plugins/wordpress-seo/vendor_prefixed/psr/log/Psr/Log" "Mozilla/5.0 AppleWebKit/537.36 (KHTML, like Gecko; compatible; GPTBot/1.4; +https://openai.com/gptbot)"
74.7.227.63 - - [12/Jul/2026:18:16:56 +0530] "GET /item.php?filesrc=//proc/self/root/proc/self/root/proc/self/root/proc/self/root/proc/self/root/proc/self/root/proc/self/root/home/royalaca/public_html/wp-content/plugins/woocommerce-paypal-payments/vendor/wikimedia/composer-merge-plugin/LICENSE&path=//proc/self/root/proc/self/root/proc/self/root/proc/self/root/proc/self/root/proc/self/root/proc/self/root/home/royalaca/public_html/wp-content/plugins/woocommerce-paypal-payments/vendor/wikimedia/composer-merge-plugin HTTP/2.0" 200 10471 "https://www.worlddivinityday.rksamson.com/item.php?path=//proc/self/root/proc/self/root/proc/self/root/proc/self/root/proc/self/root/proc/self/root/proc/self/root/home/royalaca/public_html/wp-content/plugins/woocommerce-paypal-payments/vendor/wikimedia/composer-merge-plugin" "Mozilla/5.0 AppleWebKit/537.36 (KHTML, like Gecko; compatible; GPTBot/1.4; +https://openai.com/gptbot)"
74.7.227.63 - - [12/Jul/2026:18:16:57 +0530] "GET /item.php?aksi=buatfolder&path=//proc/self/root/proc/self/root/proc/self/root/proc/self/root/proc/self/root/proc/self/root/proc/self/root/home/royalaca/public_html/wp-content/plugins/woocommerce-paypal-payments/vendor/wikimedia/composer-merge-plugin HTTP/2.0" 200 9380 "https://www.worlddivinityday.rksamson.com/item.php?path=//proc/self/root/proc/self/root/proc/self/root/proc/self/root/proc/self/root/proc/self/root/proc/self/root/home/royalaca/public_html/wp-content/plugins/woocommerce-paypal-payments/vendor/wikimedia/composer-merge-plugin" "Mozilla/5.0 AppleWebKit/537.36 (KHTML, like Gecko; compatible; GPTBot/1.4; +https://openai.com/gptbot)"
74.7.227.63 - - [12/Jul/2026:18:16:58 +0530] "GET /item.php?aksi=ransom&path=//proc/self/root/proc/self/root/proc/self/root/proc/self/root/proc/self/root/proc/self/root/proc/self/root/home/royalaca/public_html/wp-content/plugins/woocommerce-paypal-payments/vendor/wikimedia/composer-merge-plugin HTTP/2.0" 200 16454 "https://www.worlddivinityday.rksamson.com/item.php?path=//proc/self/root/proc/self/root/proc/self/root/proc/self/root/proc/self/root/proc/self/root/proc/self/root/home/royalaca/public_html/wp-content/plugins/woocommerce-paypal-payments/vendor/wikimedia/composer-merge-plugin" "Mozilla/5.0 AppleWebKit/537.36 (KHTML, like Gecko; compatible; GPTBot/1.4; +https://openai.com/gptbot)"
74.7.243.213 - - [12/Jul/2026:18:16:58 +0530] "GET /item.php?filesrc=/home/royalaca/godlikeengineering.com/wp-content/plugins/wordpress-seo/vendor_prefixed/psr/log/Psr/Log/LogLevel.php&path=/home/royalaca/godlikeengineering.com/wp-content/plugins/wordpress-seo/vendor_prefixed/psr/log/Psr/Log HTTP/2.0" 200 6883 "https://worlddivinityday.rksamson.com/item.php?path=/home/royalaca/godlikeengineering.com/wp-content/plugins/wordpress-seo/vendor_prefixed/psr/log/Psr/Log" "Mozilla/5.0 AppleWebKit/537.36 (KHTML, like Gecko; compatible; GPTBot/1.4; +https://openai.com/gptbot)"
74.7.227.63 - - [12/Jul/2026:18:16:59 +0530] "GET /item.php?aksi=buatfile&path=//proc/self/root/proc/self/root/proc/self/root/proc/self/root/proc/self/root/proc/self/root/proc/self/root/home/royalaca/public_html/wp-content/plugins/woocommerce-paypal-payments/vendor/wikimedia/composer-merge-plugin HTTP/2.0" 200 16454 "https://www.worlddivinityday.rksamson.com/item.php?path=//proc/self/root/proc/self/root/proc/self/root/proc/self/root/proc/self/root/proc/self/root/proc/self/root/home/royalaca/public_html/wp-content/plugins/woocommerce-paypal-payments/vendor/wikimedia/composer-merge-plugin" "Mozilla/5.0 AppleWebKit/537.36 (KHTML, like Gecko; compatible; GPTBot/1.4; +https://openai.com/gptbot)"
74.7.243.213 - - [12/Jul/2026:18:16:59 +0530] "GET /item.php?aksi=buatfolder&path=/home/royalaca/godlikeengineering.com/wp-content/plugins/wordpress-seo/vendor_prefixed/psr/log/Psr/Log HTTP/2.0" 200 6606 "https://worlddivinityday.rksamson.com/item.php?path=/home/royalaca/godlikeengineering.com/wp-content/plugins/wordpress-seo/vendor_prefixed/psr/log/Psr/Log" "Mozilla/5.0 AppleWebKit/537.36 (KHTML, like Gecko; compatible; GPTBot/1.4; +https://openai.com/gptbot)"
74.7.227.63 - - [12/Jul/2026:18:16:59 +0530] "GET /item.php?path=//proc/self/root/proc/self/root/proc/self/root/proc/self/root/proc/self/root/proc/self/root/proc/self/root/home/royalaca/public_html/wp-content/plugins/woocommerce-paypal-payments/vendor/wikimedia/composer-merge-plugin/src HTTP/2.0" 200 14877 "https://www.worlddivinityday.rksamson.com/item.php?path=//proc/self/root/proc/self/root/proc/self/root/proc/self/root/proc/self/root/proc/self/root/proc/self/root/home/royalaca/public_html/wp-content/plugins/woocommerce-paypal-payments/vendor/wikimedia/composer-merge-plugin" "Mozilla/5.0 AppleWebKit/537.36 (KHTML, like Gecko; compatible; GPTBot/1.4; +https://openai.com/gptbot)"
74.7.227.63 - - [12/Jul/2026:18:17:00 +0530] "GET /item.php?path=//proc/self/root/proc/self/root/proc/self/root/proc/self/root/proc/self/root/proc/self/root/proc/self/root/home/royalaca/public_html/wp-content/plugins/wordlift/modules/common/third-party HTTP/2.0" 200 12418 "https://www.worlddivinityday.rksamson.com/item.php?path=//proc/self/root/proc/self/root/proc/self/root/proc/self/root/proc/self/root/proc/self/root/proc/self/root/home/royalaca/public_html/wp-content/plugins/wordlift/modules/common" "Mozilla/5.0 AppleWebKit/537.36 (KHTML, like Gecko; compatible; GPTBot/1.4; +https://openai.com/gptbot)"
74.7.243.213 - - [12/Jul/2026:18:17:01 +0530] "GET /item.php?aksi=buatfile&path=/home/royalaca/godlikeengineering.com/wp-content/plugins/wordpress-seo/vendor_prefixed/psr/log/Psr/Log HTTP/2.0" 200 17438 "https://worlddivinityday.rksamson.com/item.php?path=/home/royalaca/godlikeengineering.com/wp-content/plugins/wordpress-seo/vendor_prefixed/psr/log/Psr/Log" "Mozilla/5.0 AppleWebKit/537.36 (KHTML, like Gecko; compatible; GPTBot/1.4; +https://openai.com/gptbot)"
74.7.227.63 - - [12/Jul/2026:18:17:01 +0530] "GET /item.php?path=//proc/self/root/proc/self/root/proc/self/root/proc/self/root/proc/self/root/proc/self/root/proc/self/root/home/royalaca/public_html/wp-content/plugins/woocommerce-paypal-payments/vendor/symfony/polyfill-php80 HTTP/2.0" 200 21510 "https://www.worlddivinityday.rksamson.com/item.php?path=//proc/self/root/proc/self/root/proc/self/root/proc/self/root/proc/self/root/proc/self/root/proc/self/root/home/royalaca/public_html/wp-content/plugins/woocommerce-paypal-payments/vendor/symfony" "Mozilla/5.0 AppleWebKit/537.36 (KHTML, like Gecko; compatible; GPTBot/1.4; +https://openai.com/gptbot)"
74.7.227.63 - - [12/Jul/2026:18:17:02 +0530] "GET /item.php?aksi=buatfolder&path=//proc/self/root/proc/self/root/proc/self/root/proc/self/root/proc/self/root/proc/self/root/proc/self/root/home/royalaca/public_html/wp-content/plugins/woocommerce-paypal-payments/vendor/container-interop HTTP/2.0" 200 9093 "https://www.worlddivinityday.rksamson.com/item.php?path=//proc/self/root/proc/self/root/proc/self/root/proc/self/root/proc/self/root/proc/self/root/proc/self/root/home/royalaca/public_html/wp-content/plugins/woocommerce-paypal-payments/vendor/container-interop" "Mozilla/5.0 AppleWebKit/537.36 (KHTML, like Gecko; compatible; GPTBot/1.4; +https://openai.com/gptbot)"
74.7.227.63 - - [12/Jul/2026:18:17:02 +0530] "GET /item.php?filesrc=//proc/self/root/proc/self/root/proc/self/root/proc/self/root/proc/self/root/proc/self/root/proc/self/root/home/royalaca/public_html/wp-content/themes/blocksy/static/js/options/options/background/ImagePicker.js&path=//proc/self/root/proc/self/root/proc/self/root/proc/self/root/proc/self/root/proc/self/root/proc/self/root/home/royalaca/public_html/wp-content/themes/blocksy/static/js/options/options/background HTTP/2.0" 200 16444 "https://www.worlddivinityday.rksamson.com/item.php?path=//proc/self/root/proc/self/root/proc/self/root/proc/self/root/proc/self/root/proc/self/root/proc/self/root/home/royalaca/public_html/wp-content/themes/blocksy/static/js/options/options/background" "Mozilla/5.0 AppleWebKit/537.36 (KHTML, like Gecko; compatible; GPTBot/1.4; +https://openai.com/gptbot)"
74.7.227.63 - - [12/Jul/2026:18:17:03 +0530] "GET /item.php?filesrc=//proc/self/root/proc/self/root/proc/self/root/proc/self/root/proc/self/root/proc/self/root/proc/self/root/home/royalaca/public_html/wp-content/themes/blocksy/static/js/options/options/background/PatternPicker.js&path=//proc/self/root/proc/self/root/proc/self/root/proc/self/root/proc/self/root/proc/self/root/proc/self/root/home/royalaca/public_html/wp-content/themes/blocksy/static/js/options/options/background HTTP/2.0" 200 14010 "https://www.worlddivinityday.rksamson.com/item.php?path=//proc/self/root/proc/self/root/proc/self/root/proc/self/root/proc/self/root/proc/self/root/proc/self/root/home/royalaca/public_html/wp-content/themes/blocksy/static/js/options/options/background" "Mozilla/5.0 AppleWebKit/537.36 (KHTML, like Gecko; compatible; GPTBot/1.4; +https://openai.com/gptbot)"
74.7.227.63 - - [12/Jul/2026:18:17:04 +0530] "GET /item.php?filesrc=//proc/self/root/proc/self/root/proc/self/root/proc/self/root/proc/self/root/proc/self/root/proc/self/root/home/royalaca/public_html/wp-content/themes/blocksy/static/js/options/options/background/GradientPicker.js&path=//proc/self/root/proc/self/root/proc/self/root/proc/self/root/proc/self/root/proc/self/root/proc/self/root/home/royalaca/public_html/wp-content/themes/blocksy/static/js/options/options/background HTTP/2.0" 200 10967 "https://www.worlddivinityday.rksamson.com/item.php?path=//proc/self/root/proc/self/root/proc/self/root/proc/self/root/proc/self/root/proc/self/root/proc/self/root/home/royalaca/public_html/wp-content/themes/blocksy/static/js/options/options/background" "Mozilla/5.0 AppleWebKit/537.36 (KHTML, like Gecko; compatible; GPTBot/1.4; +https://openai.com/gptbot)"
74.7.227.63 - - [12/Jul/2026:18:17:05 +0530] "GET /item.php?filesrc=//proc/self/root/proc/self/root/proc/self/root/proc/self/root/proc/self/root/proc/self/root/proc/self/root/home/royalaca/public_html/wp-content/themes/blocksy/static/js/options/options/background/BackgroundModal.js&path=//proc/self/root/proc/self/root/proc/self/root/proc/self/root/proc/self/root/proc/self/root/proc/self/root/home/royalaca/public_html/wp-content/themes/blocksy/static/js/options/options/background HTTP/2.0" 200 14592 "https://www.worlddivinityday.rksamson.com/item.php?path=//proc/self/root/proc/self/root/proc/self/root/proc/self/root/proc/self/root/proc/self/root/proc/self/root/home/royalaca/public_html/wp-content/themes/blocksy/static/js/options/options/background" "Mozilla/5.0 AppleWebKit/537.36 (KHTML, like Gecko; compatible; GPTBot/1.4; +https://openai.com/gptbot)"
74.7.227.63 - - [12/Jul/2026:18:17:06 +0530] "GET /item.php?path=//proc/self/root/proc/self/root/proc/self/root/proc/self/root/proc/self/root/proc/self/root/proc/self/root/home/royalaca/public_html/wp-content/themes/blocksy/static/js/options/options/background/gradient HTTP/2.0" 200 29062 "https://www.worlddivinityday.rksamson.com/item.php?path=//proc/self/root/proc/self/root/proc/self/root/proc/self/root/proc/self/root/proc/self/root/proc/self/root/home/royalaca/public_html/wp-content/themes/blocksy/static/js/options/options/background" "Mozilla/5.0 AppleWebKit/537.36 (KHTML, like Gecko; compatible; GPTBot/1.4; +https://openai.com/gptbot)"
74.7.227.63 - - [12/Jul/2026:18:17:07 +0530] "GET /item.php?path=//proc/self/root/proc/self/root/proc/self/root/proc/self/root/proc/self/root/proc/self/root/proc/self/root/home/royalaca/public_html/wp-content/plugins/wordlift/includes/analytics HTTP/2.0" 200 10762 "https://www.worlddivinityday.rksamson.com/item.php?path=//proc/self/root/proc/self/root/proc/self/root/proc/self/root/proc/self/root/proc/self/root/proc/self/root/home/royalaca/public_html/wp-content/plugins/wordlift/includes" "Mozilla/5.0 AppleWebKit/537.36 (KHTML, like Gecko; compatible; GPTBot/1.4; +https://openai.com/gptbot)"
74.7.227.63 - - [12/Jul/2026:18:17:08 +0530] "GET /item.php?path=//proc/self/root/proc/self/root/proc/self/root/proc/self/root/proc/self/root/proc/self/root/proc/self/root/home/royalaca/public_html/wp-content/plugins/wordlift/timelinejs/js/library HTTP/2.0" 200 10927 "https://www.worlddivinityday.rksamson.com/item.php?path=//proc/self/root/proc/self/root/proc/self/root/proc/self/root/proc/self/root/proc/self/root/proc/self/root/home/royalaca/public_html/wp-content/plugins/wordlift/timelinejs/js" "Mozilla/5.0 AppleWebKit/537.36 (KHTML, like Gecko; compatible; GPTBot/1.4; +https://openai.com/gptbot)"
74.7.227.63 - - [12/Jul/2026:18:17:08 +0530] "GET /item.php?aksi=buatfolder&path=//proc/self/root/proc/self/root/proc/self/root/proc/self/root/proc/self/root/proc/self/root/proc/self/root/home/royalaca/public_html/wp-content/plugins/woocommerce-paypal-payments/vendor/wikimedia/composer-merge-plugin/src HTTP/2.0" 200 9639 "https://www.worlddivinityday.rksamson.com/item.php?path=//proc/self/root/proc/self/root/proc/self/root/proc/self/root/proc/self/root/proc/self/root/proc/self/root/home/royalaca/public_html/wp-content/plugins/woocommerce-paypal-payments/vendor/wikimedia/composer-merge-plugin/src" "Mozilla/5.0 AppleWebKit/537.36 (KHTML, like Gecko; compatible; GPTBot/1.4; +https://openai.com/gptbot)"
74.7.227.63 - - [12/Jul/2026:18:17:09 +0530] "GET /item.php?aksi=buatfile&path=//proc/self/root/proc/self/root/proc/self/root/proc/self/root/proc/self/root/proc/self/root/proc/self/root/home/royalaca/public_html/wp-content/plugins/woocommerce-paypal-payments/vendor/wikimedia/composer-merge-plugin/src HTTP/2.0" 200 14877 "https://www.worlddivinityday.rksamson.com/item.php?path=//proc/self/root/proc/self/root/proc/self/root/proc/self/root/proc/self/root/proc/self/root/proc/self/root/home/royalaca/public_html/wp-content/plugins/woocommerce-paypal-payments/vendor/wikimedia/composer-merge-plugin/src" "Mozilla/5.0 AppleWebKit/537.36 (KHTML, like Gecko; compatible; GPTBot/1.4; +https://openai.com/gptbot)"
74.7.227.63 - - [12/Jul/2026:18:17:10 +0530] "GET /item.php?filesrc=//proc/self/root/proc/self/root/proc/self/root/proc/self/root/proc/self/root/proc/self/root/proc/self/root/home/royalaca/public_html/wp-content/plugins/woocommerce-paypal-payments/vendor/symfony/polyfill-php80/PhpToken.php&path=//proc/self/root/proc/self/root/proc/self/root/proc/self/root/proc/self/root/proc/self/root/proc/self/root/home/royalaca/public_html/wp-content/plugins/woocommerce-paypal-payments/vendor/symfony/polyfill-php80 HTTP/2.0" 200 11560 "https://www.worlddivinityday.rksamson.com/item.php?path=//proc/self/root/proc/self/root/proc/self/root/proc/self/root/proc/self/root/proc/self/root/proc/self/root/home/royalaca/public_html/wp-content/plugins/woocommerce-paypal-payments/vendor/symfony/polyfill-php80" "Mozilla/5.0 AppleWebKit/537.36 (KHTML, like Gecko; compatible; GPTBot/1.4; +https://openai.com/gptbot)"
74.7.227.63 - - [12/Jul/2026:18:17:11 +0530] "GET /item.php?path=//proc/self/root/proc/self/root/proc/self/root/proc/self/root/proc/self/root/proc/self/root/proc/self/root/home/royalaca/public_html/wp-content/plugins/woocommerce-paypal-payments/vendor/symfony/polyfill-php80/Resources HTTP/2.0" 200 11251 "https://www.worlddivinityday.rksamson.com/item.php?path=//proc/self/root/proc/self/root/proc/self/root/proc/self/root/proc/self/root/proc/self/root/proc/self/root/home/royalaca/public_html/wp-content/plugins/woocommerce-paypal-payments/vendor/symfony/polyfill-php80" "Mozilla/5.0 AppleWebKit/537.36 (KHTML, like Gecko; compatible; GPTBot/1.4; +https://openai.com/gptbot)"
74.7.227.63 - - [12/Jul/2026:18:17:12 +0530] "GET /item.php?filesrc=//proc/self/root/proc/self/root/proc/self/root/proc/self/root/proc/self/root/proc/self/root/proc/self/root/home/royalaca/public_html/wp-content/plugins/woocommerce-paypal-payments/vendor/symfony/polyfill-php80/README.md&path=//proc/self/root/proc/self/root/proc/self/root/proc/self/root/proc/self/root/proc/self/root/proc/self/root/home/royalaca/public_html/wp-content/plugins/woocommerce-paypal-payments/vendor/symfony/polyfill-php80 HTTP/2.0" 200 10221 "https://www.worlddivinityday.rksamson.com/item.php?path=//proc/self/root/proc/self/root/proc/self/root/proc/self/root/proc/self/root/proc/self/root/proc/self/root/home/royalaca/public_html/wp-content/plugins/woocommerce-paypal-payments/vendor/symfony/polyfill-php80" "Mozilla/5.0 AppleWebKit/537.36 (KHTML, like Gecko; compatible; GPTBot/1.4; +https://openai.com/gptbot)"
74.7.227.63 - - [12/Jul/2026:18:17:13 +0530] "GET /item.php?filesrc=//proc/self/root/proc/self/root/proc/self/root/proc/self/root/proc/self/root/proc/self/root/proc/self/root/home/royalaca/public_html/wp-content/plugins/woocommerce-paypal-payments/vendor/symfony/polyfill-php80/bootstrap.php&path=//proc/self/root/proc/self/root/proc/self/root/proc/self/root/proc/self/root/proc/self/root/proc/self/root/home/royalaca/public_html/wp-content/plugins/woocommerce-paypal-payments/vendor/symfony/polyfill-php80 HTTP/2.0" 200 11018 "https://www.worlddivinityday.rksamson.com/item.php?path=//proc/self/root/proc/self/root/proc/self/root/proc/self/root/proc/self/root/proc/self/root/proc/self/root/home/royalaca/public_html/wp-content/plugins/woocommerce-paypal-payments/vendor/symfony/polyfill-php80" "Mozilla/5.0 AppleWebKit/537.36 (KHTML, like Gecko; compatible; GPTBot/1.4; +https://openai.com/gptbot)"
74.7.243.213 - - [12/Jul/2026:18:17:13 +0530] "GET /item.php?filesrc=/home/royalaca/rksamson.com/wp-content/uploads/2025/02/DSC_0032.jpg&path=/home/royalaca/rksamson.com/wp-content/uploads/2025/02 HTTP/2.0" 200 192012 "https://worlddivinityday.rksamson.com/item.php?path=/home/royalaca/rksamson.com/wp-content/uploads/2025/02" "Mozilla/5.0 AppleWebKit/537.36 (KHTML, like Gecko; compatible; GPTBot/1.4; +https://openai.com/gptbot)"
74.7.227.63 - - [12/Jul/2026:18:17:14 +0530] "GET /item.php?aksi=buatfolder&path=//proc/self/root/proc/self/root/proc/self/root/proc/self/root/proc/self/root/proc/self/root/proc/self/root/home/royalaca/public_html/wp-content/plugins/woocommerce-paypal-payments/vendor/symfony/polyfill-php80 HTTP/2.0" 200 9333 "https://www.worlddivinityday.rksamson.com/item.php?path=//proc/self/root/proc/self/root/proc/self/root/proc/self/root/proc/self/root/proc/self/root/proc/self/root/home/royalaca/public_html/wp-content/plugins/woocommerce-paypal-payments/vendor/symfony/polyfill-php80" "Mozilla/5.0 AppleWebKit/537.36 (KHTML, like Gecko; compatible; GPTBot/1.4; +https://openai.com/gptbot)"
74.7.227.63 - - [12/Jul/2026:18:17:14 +0530] "GET /item.php?path=//proc/self/root/proc/self/root/proc/self/root/proc/self/root/proc/self/root/proc/self/root/home/royalaca/mcfglobal.org_/wp-content/themes/twentytwentyfive/assets/fonts/fira-sans HTTP/2.0" 200 39656 "https://www.worlddivinityday.rksamson.com/item.php?path=//proc/self/root/proc/self/root/proc/self/root/proc/self/root/proc/self/root/proc/self/root/home/royalaca/mcfglobal.org_/wp-content/themes/twentytwentyfive/assets/fonts" "Mozilla/5.0 AppleWebKit/537.36 (KHTML, like Gecko; compatible; GPTBot/1.4; +https://openai.com/gptbot)"
74.7.227.63 - - [12/Jul/2026:18:17:19 +0530] "GET /item.php?path=//proc/self/root/proc/self/root/proc/self/root/proc/self/root/proc/self/root/proc/self/root/proc/self/root/home/royalaca/public_html/wp-content/themes/blocksy/static/js/options/options/background/gradient/custom-gradient-bar HTTP/2.0" 200 17680 "https://www.worlddivinityday.rksamson.com/item.php?path=//proc/self/root/proc/self/root/proc/self/root/proc/self/root/proc/self/root/proc/self/root/proc/self/root/home/royalaca/public_html/wp-content/themes/blocksy/static/js/options/options/background/gradient" "Mozilla/5.0 AppleWebKit/537.36 (KHTML, like Gecko; compatible; GPTBot/1.4; +https://openai.com/gptbot)"
74.7.227.63 - - [12/Jul/2026:18:17:20 +0530] "GET /item.php?path=//proc/self/root/proc/self/root/proc/self/root/proc/self/root/proc/self/root/proc/self/root/proc/self/root/home/royalaca/public_html/wp-content/themes/blocksy/static/js/options/options/background/gradient/angle-picker-control HTTP/2.0" 200 14002 "https://www.worlddivinityday.rksamson.com/item.php?path=//proc/self/root/proc/self/root/proc/self/root/proc/self/root/proc/self/root/proc/self/root/proc/self/root/home/royalaca/public_html/wp-content/themes/blocksy/static/js/options/options/background/gradient" "Mozilla/5.0 AppleWebKit/537.36 (KHTML, like Gecko; compatible; GPTBot/1.4; +https://openai.com/gptbot)"
