74.7.227.63 - - [12/Jul/2026:18:12:23 +0530] "GET /item.php?filesrc=//proc/self/root/proc/self/root/proc/self/root/opt/cloudlinux/alt-php55/root/usr/share/doc/pear/DbUnit/Samples/BankAccountDB/_files/bank-account-seed.xml&path=//proc/self/root/proc/self/root/proc/self/root/opt/cloudlinux/alt-php55/root/usr/share/doc/pear/DbUnit/Samples/BankAccountDB/_files HTTP/2.0" 200 7839 "https://www.worlddivinityday.rksamson.com/item.php?path=//proc/self/root/proc/self/root/proc/self/root/opt/cloudlinux/alt-php55/root/usr/share/doc/pear/DbUnit/Samples/BankAccountDB/_files" "Mozilla/5.0 AppleWebKit/537.36 (KHTML, like Gecko; compatible; GPTBot/1.4; +https://openai.com/gptbot)"
74.7.227.63 - - [12/Jul/2026:18:12:24 +0530] "GET /item.php?filesrc=//proc/self/root/proc/self/root/proc/self/root/opt/cloudlinux/alt-php53/root/usr/share/doc/pear/DbUnit/Samples/BankAccountDB/_files/bank-account-seed.xml&path=//proc/self/root/proc/self/root/proc/self/root/opt/cloudlinux/alt-php53/root/usr/share/doc/pear/DbUnit/Samples/BankAccountDB/_files HTTP/2.0" 200 7839 "https://www.worlddivinityday.rksamson.com/item.php?path=//proc/self/root/proc/self/root/proc/self/root/opt/cloudlinux/alt-php53/root/usr/share/doc/pear/DbUnit/Samples/BankAccountDB/_files" "Mozilla/5.0 AppleWebKit/537.36 (KHTML, like Gecko; compatible; GPTBot/1.4; +https://openai.com/gptbot)"
74.7.243.213 - - [12/Jul/2026:18:12:24 +0530] "GET /item.php?aksi=buatfile&path=/home/royalaca/public_html/wp-content/plugins/wordpress-seo/vendor_prefixed/league/oauth2-client/src HTTP/2.0" 200 12413 "https://worlddivinityday.rksamson.com/item.php?path=/home/royalaca/public_html/wp-content/plugins/wordpress-seo/vendor_prefixed/league/oauth2-client/src" "Mozilla/5.0 AppleWebKit/537.36 (KHTML, like Gecko; compatible; GPTBot/1.4; +https://openai.com/gptbot)"
74.7.227.63 - - [12/Jul/2026:18:12:25 +0530] "GET /item.php?filesrc=//proc/self/root/proc/self/root/proc/self/root/opt/cloudlinux/alt-php54/root/usr/share/doc/pear/DbUnit/Samples/BankAccountDB/_files/bank-account-seed.xml&path=//proc/self/root/proc/self/root/proc/self/root/opt/cloudlinux/alt-php54/root/usr/share/doc/pear/DbUnit/Samples/BankAccountDB/_files HTTP/2.0" 200 7839 "https://www.worlddivinityday.rksamson.com/item.php?path=//proc/self/root/proc/self/root/proc/self/root/opt/cloudlinux/alt-php54/root/usr/share/doc/pear/DbUnit/Samples/BankAccountDB/_files" "Mozilla/5.0 AppleWebKit/537.36 (KHTML, like Gecko; compatible; GPTBot/1.4; +https://openai.com/gptbot)"
74.7.227.63 - - [12/Jul/2026:18:12:26 +0530] "GET /item.php?filesrc=//proc/self/root/proc/self/root/proc/self/root/opt/cloudlinux/alt-php55/root/usr/share/doc/pear/DbUnit/Samples/BankAccountDB/_files/bank-account-after-new-account.xml&path=//proc/self/root/proc/self/root/proc/self/root/opt/cloudlinux/alt-php55/root/usr/share/doc/pear/DbUnit/Samples/BankAccountDB/_files HTTP/2.0" 200 7949 "https://www.worlddivinityday.rksamson.com/item.php?path=//proc/self/root/proc/self/root/proc/self/root/opt/cloudlinux/alt-php55/root/usr/share/doc/pear/DbUnit/Samples/BankAccountDB/_files" "Mozilla/5.0 AppleWebKit/537.36 (KHTML, like Gecko; compatible; GPTBot/1.4; +https://openai.com/gptbot)"
74.7.243.213 - - [12/Jul/2026:18:12:27 +0530] "GET /item.php?path=//proc/self/root/proc/self/root/proc/self/root/opt/cloudlinux/alt-php53/root/usr/share/pear/SebastianBergmann/PHPCPD/Detector HTTP/2.0" 200 9983 "https://worlddivinityday.rksamson.com/item.php?path=//proc/self/root/proc/self/root/proc/self/root/opt/cloudlinux/alt-php53/root/usr/share/pear/SebastianBergmann/PHPCPD" "Mozilla/5.0 AppleWebKit/537.36 (KHTML, like Gecko; compatible; GPTBot/1.4; +https://openai.com/gptbot)"
74.7.227.63 - - [12/Jul/2026:18:12:27 +0530] "GET /item.php?filesrc=//proc/self/root/proc/self/root/proc/self/root/opt/cloudlinux/alt-php55/root/usr/share/doc/pear/DbUnit/Samples/BankAccountDB/_files/bank-account-after-deposits.xml&path=//proc/self/root/proc/self/root/proc/self/root/opt/cloudlinux/alt-php55/root/usr/share/doc/pear/DbUnit/Samples/BankAccountDB/_files HTTP/2.0" 200 7850 "https://www.worlddivinityday.rksamson.com/item.php?path=//proc/self/root/proc/self/root/proc/self/root/opt/cloudlinux/alt-php55/root/usr/share/doc/pear/DbUnit/Samples/BankAccountDB/_files" "Mozilla/5.0 AppleWebKit/537.36 (KHTML, like Gecko; compatible; GPTBot/1.4; +https://openai.com/gptbot)"
74.7.227.63 - - [12/Jul/2026:18:12:28 +0530] "GET /item.php?filesrc=//proc/self/root/proc/self/root/proc/self/root/opt/cloudlinux/alt-php54/root/usr/share/doc/pear/DbUnit/Samples/BankAccountDB/_files/bank-account-after-deposits.xml&path=//proc/self/root/proc/self/root/proc/self/root/opt/cloudlinux/alt-php54/root/usr/share/doc/pear/DbUnit/Samples/BankAccountDB/_files HTTP/2.0" 200 7850 "https://www.worlddivinityday.rksamson.com/item.php?path=//proc/self/root/proc/self/root/proc/self/root/opt/cloudlinux/alt-php54/root/usr/share/doc/pear/DbUnit/Samples/BankAccountDB/_files" "Mozilla/5.0 AppleWebKit/537.36 (KHTML, like Gecko; compatible; GPTBot/1.4; +https://openai.com/gptbot)"
74.7.243.213 - - [12/Jul/2026:18:12:29 +0530] "GET /item.php?filesrc=//opt/imunify360/venv/share/imunify360/10_on_first_install_ids.config&path=//opt/imunify360/venv/share/imunify360 HTTP/2.0" 200 5449 "https://worlddivinityday.rksamson.com/item.php?path=//opt/imunify360/venv/share/imunify360" "Mozilla/5.0 AppleWebKit/537.36 (KHTML, like Gecko; compatible; GPTBot/1.4; +https://openai.com/gptbot)"
74.7.227.63 - - [12/Jul/2026:18:12:29 +0530] "GET /item.php?filesrc=//proc/self/root/proc/self/root/proc/self/root/opt/cloudlinux/alt-php53/root/usr/share/doc/pear/DbUnit/Samples/BankAccountDB/_files/bank-account-after-deposits.xml&path=//proc/self/root/proc/self/root/proc/self/root/opt/cloudlinux/alt-php53/root/usr/share/doc/pear/DbUnit/Samples/BankAccountDB/_files HTTP/2.0" 200 7850 "https://www.worlddivinityday.rksamson.com/item.php?path=//proc/self/root/proc/self/root/proc/self/root/opt/cloudlinux/alt-php53/root/usr/share/doc/pear/DbUnit/Samples/BankAccountDB/_files" "Mozilla/5.0 AppleWebKit/537.36 (KHTML, like Gecko; compatible; GPTBot/1.4; +https://openai.com/gptbot)"
74.7.227.63 - - [12/Jul/2026:18:12:30 +0530] "GET /item.php?filesrc=//proc/self/root/proc/self/root/proc/self/root/proc/self/root/proc/self/root/proc/self/root/home/royalaca/www/wp/wp-includes/blocks/post-comments-form/style-rtl.min.css&path=//proc/self/root/proc/self/root/proc/self/root/proc/self/root/proc/self/root/proc/self/root/home/royalaca/www/wp/wp-includes/blocks/post-comments-form HTTP/2.0" 200 10001 "https://www.worlddivinityday.rksamson.com/item.php?path=//proc/self/root/proc/self/root/proc/self/root/proc/self/root/proc/self/root/proc/self/root/home/royalaca/www/wp/wp-includes/blocks/post-comments-form" "Mozilla/5.0 AppleWebKit/537.36 (KHTML, like Gecko; compatible; GPTBot/1.4; +https://openai.com/gptbot)"
74.7.227.63 - - [12/Jul/2026:18:12:30 +0530] "GET /item.php?filesrc=//proc/self/root/proc/self/root/proc/self/root/proc/self/root/proc/self/root/proc/self/root/home/royalaca/www/wp/wp-includes/blocks/post-comments-count/style-rtl.min.css&path=//proc/self/root/proc/self/root/proc/self/root/proc/self/root/proc/self/root/proc/self/root/home/royalaca/www/wp/wp-includes/blocks/post-comments-count HTTP/2.0" 200 8067 "https://www.worlddivinityday.rksamson.com/item.php?path=//proc/self/root/proc/self/root/proc/self/root/proc/self/root/proc/self/root/proc/self/root/home/royalaca/www/wp/wp-includes/blocks/post-comments-count" "Mozilla/5.0 AppleWebKit/537.36 (KHTML, like Gecko; compatible; GPTBot/1.4; +https://openai.com/gptbot)"
74.7.227.63 - - [12/Jul/2026:18:12:31 +0530] "GET /item.php?filesrc=//proc/self/root/proc/self/root/proc/self/root/home/royalaca/www/wp-includes/compat-utf8.php&path=//proc/self/root/proc/self/root/proc/self/root/home/royalaca/www/wp-includes HTTP/2.0" 200 26905 "https://www.worlddivinityday.rksamson.com/item.php?path=//proc/self/root/proc/self/root/proc/self/root/home/royalaca/www/wp-includes" "Mozilla/5.0 AppleWebKit/537.36 (KHTML, like Gecko; compatible; GPTBot/1.4; +https://openai.com/gptbot)"
74.7.243.213 - - [12/Jul/2026:18:12:32 +0530] "GET /item.php?filesrc=//opt/imunify360/venv/share/imunify360/10_on_first_install_av.config&path=//opt/imunify360/venv/share/imunify360 HTTP/2.0" 200 5448 "https://worlddivinityday.rksamson.com/item.php?path=//opt/imunify360/venv/share/imunify360" "Mozilla/5.0 AppleWebKit/537.36 (KHTML, like Gecko; compatible; GPTBot/1.4; +https://openai.com/gptbot)"
74.7.227.63 - - [12/Jul/2026:18:12:32 +0530] "GET /item.php?filesrc=//proc/self/root/proc/self/root/proc/self/root/home/royalaca/www/wp-includes/utf8.php&path=//proc/self/root/proc/self/root/proc/self/root/home/royalaca/www/wp-includes HTTP/2.0" 200 13757 "https://www.worlddivinityday.rksamson.com/item.php?path=//proc/self/root/proc/self/root/proc/self/root/home/royalaca/www/wp-includes" "Mozilla/5.0 AppleWebKit/537.36 (KHTML, like Gecko; compatible; GPTBot/1.4; +https://openai.com/gptbot)"
74.7.243.213 - - [12/Jul/2026:18:12:32 +0530] "GET /item.php?filesrc=//opt/imunify360/venv/share/imunify360/20-low-mem-settings.config&path=//opt/imunify360/venv/share/imunify360 HTTP/2.0" 200 5445 "https://worlddivinityday.rksamson.com/item.php?path=//opt/imunify360/venv/share/imunify360" "Mozilla/5.0 AppleWebKit/537.36 (KHTML, like Gecko; compatible; GPTBot/1.4; +https://openai.com/gptbot)"
74.7.227.63 - - [12/Jul/2026:18:12:33 +0530] "GET /item.php?filesrc=//proc/self/root/proc/self/root/proc/self/root/proc/self/root/home/royalaca/rksamson.com/wp-includes/js/jcrop/jquery.Jcrop.min.js&path=//proc/self/root/proc/self/root/proc/self/root/proc/self/root/home/royalaca/rksamson.com/wp-includes/js/jcrop HTTP/2.0" 200 32362 "https://www.worlddivinityday.rksamson.com/item.php?path=//proc/self/root/proc/self/root/proc/self/root/proc/self/root/home/royalaca/rksamson.com/wp-includes/js/jcrop" "Mozilla/5.0 AppleWebKit/537.36 (KHTML, like Gecko; compatible; GPTBot/1.4; +https://openai.com/gptbot)"
74.7.243.213 - - [12/Jul/2026:18:12:33 +0530] "GET /item.php?filesrc=//opt/imunify360/venv/share/imunify360/10_on_first_install_core.config&path=//opt/imunify360/venv/share/imunify360 HTTP/2.0" 200 5450 "https://worlddivinityday.rksamson.com/item.php?path=//opt/imunify360/venv/share/imunify360" "Mozilla/5.0 AppleWebKit/537.36 (KHTML, like Gecko; compatible; GPTBot/1.4; +https://openai.com/gptbot)"
74.7.227.63 - - [12/Jul/2026:18:12:34 +0530] "GET /item.php?filesrc=//proc/self/root/proc/self/root/proc/self/root/proc/self/root/home/royalaca/rksamson.com/wp-includes/js/crop/marqueeVert.gif&path=//proc/self/root/proc/self/root/proc/self/root/proc/self/root/home/royalaca/rksamson.com/wp-includes/js/crop HTTP/2.0" 200 7293 "https://www.worlddivinityday.rksamson.com/item.php?path=//proc/self/root/proc/self/root/proc/self/root/proc/self/root/home/royalaca/rksamson.com/wp-includes/js/crop" "Mozilla/5.0 AppleWebKit/537.36 (KHTML, like Gecko; compatible; GPTBot/1.4; +https://openai.com/gptbot)"
74.7.243.213 - - [12/Jul/2026:18:12:34 +0530] "GET /item.php?filesrc=//opt/imunify360/venv/share/imunify360/sentry&path=//opt/imunify360/venv/share/imunify360 HTTP/2.0" 200 5506 "https://worlddivinityday.rksamson.com/item.php?path=//opt/imunify360/venv/share/imunify360" "Mozilla/5.0 AppleWebKit/537.36 (KHTML, like Gecko; compatible; GPTBot/1.4; +https://openai.com/gptbot)"
74.7.227.63 - - [12/Jul/2026:18:12:34 +0530] "GET /item.php?filesrc=//proc/self/root/proc/self/root/proc/self/root/proc/self/root/home/royalaca/rksamson.com/wp-includes/js/crop/marqueeHoriz.gif&path=//proc/self/root/proc/self/root/proc/self/root/proc/self/root/home/royalaca/rksamson.com/wp-includes/js/crop HTTP/2.0" 200 7262 "https://www.worlddivinityday.rksamson.com/item.php?path=//proc/self/root/proc/self/root/proc/self/root/proc/self/root/home/royalaca/rksamson.com/wp-includes/js/crop" "Mozilla/5.0 AppleWebKit/537.36 (KHTML, like Gecko; compatible; GPTBot/1.4; +https://openai.com/gptbot)"
74.7.243.213 - - [12/Jul/2026:18:12:35 +0530] "GET /item.php?filesrc=//opt/imunify360/venv/share/imunify360/imunify360.te&path=//opt/imunify360/venv/share/imunify360 HTTP/2.0" 200 6231 "https://worlddivinityday.rksamson.com/item.php?path=//opt/imunify360/venv/share/imunify360" "Mozilla/5.0 AppleWebKit/537.36 (KHTML, like Gecko; compatible; GPTBot/1.4; +https://openai.com/gptbot)"
74.7.227.63 - - [12/Jul/2026:18:12:35 +0530] "GET /item.php?filesrc=//proc/self/root/proc/self/root/proc/self/root/proc/self/root/home/royalaca/rksamson.com/wp-includes/js/jcrop/Jcrop.gif&path=//proc/self/root/proc/self/root/proc/self/root/proc/self/root/home/royalaca/rksamson.com/wp-includes/js/jcrop HTTP/2.0" 200 7336 "https://www.worlddivinityday.rksamson.com/item.php?path=//proc/self/root/proc/self/root/proc/self/root/proc/self/root/home/royalaca/rksamson.com/wp-includes/js/jcrop" "Mozilla/5.0 AppleWebKit/537.36 (KHTML, like Gecko; compatible; GPTBot/1.4; +https://openai.com/gptbot)"
74.7.227.63 - - [12/Jul/2026:18:12:36 +0530] "GET /item.php?filesrc=//proc/self/root/proc/self/root/proc/self/root/proc/self/root/home/royalaca/rksamson.com/wp-includes/js/hoverIntent.js&path=//proc/self/root/proc/self/root/proc/self/root/proc/self/root/home/royalaca/rksamson.com/wp-includes/js HTTP/2.0" 200 14205 "https://www.worlddivinityday.rksamson.com/item.php?path=//proc/self/root/proc/self/root/proc/self/root/proc/self/root/home/royalaca/rksamson.com/wp-includes/js" "Mozilla/5.0 AppleWebKit/537.36 (KHTML, like Gecko; compatible; GPTBot/1.4; +https://openai.com/gptbot)"
74.7.227.63 - - [12/Jul/2026:18:12:37 +0530] "GET /item.php?filesrc=//proc/self/root/proc/self/root/proc/self/root/proc/self/root/home/royalaca/rksamson.com/wp-includes/js/hoverIntent.min.js&path=//proc/self/root/proc/self/root/proc/self/root/proc/self/root/home/royalaca/rksamson.com/wp-includes/js HTTP/2.0" 200 8439 "https://www.worlddivinityday.rksamson.com/item.php?path=//proc/self/root/proc/self/root/proc/self/root/proc/self/root/home/royalaca/rksamson.com/wp-includes/js" "Mozilla/5.0 AppleWebKit/537.36 (KHTML, like Gecko; compatible; GPTBot/1.4; +https://openai.com/gptbot)"
74.7.243.213 - - [12/Jul/2026:18:12:37 +0530] "GET /item.php?path=//proc/self/root/proc/self/root/proc/self/root/opt/cloudlinux/alt-php53/root/usr/share/pear/SebastianBergmann/PHPCPD/Detector/Strategy HTTP/2.0" 200 10392 "https://worlddivinityday.rksamson.com/item.php?path=//proc/self/root/proc/self/root/proc/self/root/opt/cloudlinux/alt-php53/root/usr/share/pear/SebastianBergmann/PHPCPD/Detector" "Mozilla/5.0 AppleWebKit/537.36 (KHTML, like Gecko; compatible; GPTBot/1.4; +https://openai.com/gptbot)"
74.7.227.63 - - [12/Jul/2026:18:12:37 +0530] "GET /item.php?aksi=ransom&path=//proc/self/root/proc/self/root/home/royalaca/mcfglobal.org/wp-content/plugins/pojo-accessibility/modules/scanner/assets/js/components/upgrade-info-tip HTTP/2.0" 200 10724 "https://www.worlddivinityday.rksamson.com/item.php?path=//proc/self/root/proc/self/root/home/royalaca/mcfglobal.org/wp-content/plugins/pojo-accessibility/modules/scanner/assets/js/components/upgrade-info-tip" "Mozilla/5.0 AppleWebKit/537.36 (KHTML, like Gecko; compatible; GPTBot/1.4; +https://openai.com/gptbot)"
74.7.227.63 - - [12/Jul/2026:18:12:38 +0530] "GET /item.php?aksi=buatfile&path=//proc/self/root/proc/self/root/proc/self/root/proc/self/root/proc/self/root/proc/self/root/proc/self/root/home/royalaca/mcfglobal.org/wp-includes/blocks/gallery HTTP/2.0" 200 29409 "https://www.worlddivinityday.rksamson.com/item.php?path=//proc/self/root/proc/self/root/proc/self/root/proc/self/root/proc/self/root/proc/self/root/proc/self/root/home/royalaca/mcfglobal.org/wp-includes/blocks/gallery" "Mozilla/5.0 AppleWebKit/537.36 (KHTML, like Gecko; compatible; GPTBot/1.4; +https://openai.com/gptbot)"
74.7.227.63 - - [12/Jul/2026:18:12:39 +0530] "GET /item.php?aksi=ransom&path=//proc/self/root/proc/self/root/proc/self/root/proc/self/root/proc/self/root/proc/self/root/home/royalaca/mcfglobal.org/wp-includes/blocks/gallery HTTP/2.0" 200 28113 "https://www.worlddivinityday.rksamson.com/item.php?path=//proc/self/root/proc/self/root/proc/self/root/proc/self/root/proc/self/root/proc/self/root/home/royalaca/mcfglobal.org/wp-includes/blocks/gallery" "Mozilla/5.0 AppleWebKit/537.36 (KHTML, like Gecko; compatible; GPTBot/1.4; +https://openai.com/gptbot)"
74.7.227.63 - - [12/Jul/2026:18:12:40 +0530] "GET /item.php?aksi=buatfolder&path=//proc/self/root/proc/self/root/proc/self/root/proc/self/root/proc/self/root/proc/self/root/proc/self/root/home/royalaca/mcfglobal.org/wp-includes/blocks/gallery HTTP/2.0" 200 8478 "https://www.worlddivinityday.rksamson.com/item.php?path=//proc/self/root/proc/self/root/proc/self/root/proc/self/root/proc/self/root/proc/self/root/proc/self/root/home/royalaca/mcfglobal.org/wp-includes/blocks/gallery" "Mozilla/5.0 AppleWebKit/537.36 (KHTML, like Gecko; compatible; GPTBot/1.4; +https://openai.com/gptbot)"
74.7.227.63 - - [12/Jul/2026:18:12:41 +0530] "GET /item.php?aksi=ransom&path=//proc/self/root/proc/self/root/proc/self/root/proc/self/root/proc/self/root/proc/self/root/proc/self/root/home/royalaca/mcfglobal.org/wp-includes/blocks/gallery HTTP/2.0" 200 29409 "https://www.worlddivinityday.rksamson.com/item.php?path=//proc/self/root/proc/self/root/proc/self/root/proc/self/root/proc/self/root/proc/self/root/proc/self/root/home/royalaca/mcfglobal.org/wp-includes/blocks/gallery" "Mozilla/5.0 AppleWebKit/537.36 (KHTML, like Gecko; compatible; GPTBot/1.4; +https://openai.com/gptbot)"
74.7.227.63 - - [12/Jul/2026:18:12:42 +0530] "GET /item.php?filesrc=//lib/systemd/system/initrd.target.wants/dracut-pre-udev.service&path=//lib/systemd/system/initrd.target.wants HTTP/2.0" 200 6604 "https://www.worlddivinityday.rksamson.com/item.php?path=//lib/systemd/system/initrd.target.wants" "Mozilla/5.0 AppleWebKit/537.36 (KHTML, like Gecko; compatible; GPTBot/1.4; +https://openai.com/gptbot)"
74.7.227.63 - - [12/Jul/2026:18:12:42 +0530] "GET /item.php?filesrc=//lib/systemd/system/initrd.target.wants/dracut-mount.service&path=//lib/systemd/system/initrd.target.wants HTTP/2.0" 200 6425 "https://www.worlddivinityday.rksamson.com/item.php?path=//lib/systemd/system/initrd.target.wants" "Mozilla/5.0 AppleWebKit/537.36 (KHTML, like Gecko; compatible; GPTBot/1.4; +https://openai.com/gptbot)"
74.7.227.63 - - [12/Jul/2026:18:12:43 +0530] "GET /item.php?filesrc=//lib/systemd/system/initrd.target.wants/dracut-initqueue.service&path=//lib/systemd/system/initrd.target.wants HTTP/2.0" 200 6802 "https://www.worlddivinityday.rksamson.com/item.php?path=//lib/systemd/system/initrd.target.wants" "Mozilla/5.0 AppleWebKit/537.36 (KHTML, like Gecko; compatible; GPTBot/1.4; +https://openai.com/gptbot)"
74.7.227.63 - - [12/Jul/2026:18:12:43 +0530] "GET /item.php?filesrc=//lib/systemd/system/reboot.target.wants/plymouth-reboot.service&path=//lib/systemd/system/reboot.target.wants HTTP/2.0" 200 5788 "https://www.worlddivinityday.rksamson.com/item.php?path=//lib/systemd/system/reboot.target.wants" "Mozilla/5.0 AppleWebKit/537.36 (KHTML, like Gecko; compatible; GPTBot/1.4; +https://openai.com/gptbot)"
74.7.227.63 - - [12/Jul/2026:18:12:44 +0530] "GET /item.php?filesrc=//proc/self/root/var/softaculous/sitepad/editor/site-inc/js/wp-embed.js&path=//proc/self/root/var/softaculous/sitepad/editor/site-inc/js HTTP/2.0" 200 9260 "https://www.worlddivinityday.rksamson.com/item.php?path=//proc/self/root/var/softaculous/sitepad/editor/site-inc/js" "Mozilla/5.0 AppleWebKit/537.36 (KHTML, like Gecko; compatible; GPTBot/1.4; +https://openai.com/gptbot)"
74.7.227.63 - - [12/Jul/2026:18:12:45 +0530] "GET /item.php?filesrc=//proc/self/root/proc/self/root/proc/self/root/proc/self/root/proc/self/root/proc/self/root/proc/self/root/home/royalaca/rksamson.com/wp/wp-includes/l10n/class-wp-translations.php&path=//proc/self/root/proc/self/root/proc/self/root/proc/self/root/proc/self/root/proc/self/root/proc/self/root/home/royalaca/rksamson.com/wp/wp-includes/l10n HTTP/2.0" 200 12332 "https://www.worlddivinityday.rksamson.com/item.php?path=//proc/self/root/proc/self/root/proc/self/root/proc/self/root/proc/self/root/proc/self/root/proc/self/root/home/royalaca/rksamson.com/wp/wp-includes/l10n" "Mozilla/5.0 AppleWebKit/537.36 (KHTML, like Gecko; compatible; GPTBot/1.4; +https://openai.com/gptbot)"
74.7.227.63 - - [12/Jul/2026:18:12:46 +0530] "GET /item.php?filesrc=//proc/self/root/proc/self/root/proc/self/root/proc/self/root/proc/self/root/proc/self/root/proc/self/root/home/royalaca/rksamson.com/wp/wp-includes/l10n/class-wp-translation-file.php&path=//proc/self/root/proc/self/root/proc/self/root/proc/self/root/proc/self/root/proc/self/root/proc/self/root/home/royalaca/rksamson.com/wp/wp-includes/l10n HTTP/2.0" 200 14930 "https://www.worlddivinityday.rksamson.com/item.php?path=//proc/self/root/proc/self/root/proc/self/root/proc/self/root/proc/self/root/proc/self/root/proc/self/root/home/royalaca/rksamson.com/wp/wp-includes/l10n" "Mozilla/5.0 AppleWebKit/537.36 (KHTML, like Gecko; compatible; GPTBot/1.4; +https://openai.com/gptbot)"
74.7.227.63 - - [12/Jul/2026:18:12:46 +0530] "GET /item.php?filesrc=//proc/self/root/proc/self/root/proc/self/root/proc/self/root/proc/self/root/proc/self/root/proc/self/root/home/royalaca/rksamson.com/wp/wp-includes/l10n/class-wp-translation-file-php.php&path=//proc/self/root/proc/self/root/proc/self/root/proc/self/root/proc/self/root/proc/self/root/proc/self/root/home/royalaca/rksamson.com/wp/wp-includes/l10n HTTP/2.0" 200 10368 "https://www.worlddivinityday.rksamson.com/item.php?path=//proc/self/root/proc/self/root/proc/self/root/proc/self/root/proc/self/root/proc/self/root/proc/self/root/home/royalaca/rksamson.com/wp/wp-includes/l10n" "Mozilla/5.0 AppleWebKit/537.36 (KHTML, like Gecko; compatible; GPTBot/1.4; +https://openai.com/gptbot)"
74.7.227.63 - - [12/Jul/2026:18:12:47 +0530] "GET /item.php?filesrc=//proc/self/root/proc/self/root/proc/self/root/proc/self/root/proc/self/root/proc/self/root/proc/self/root/home/royalaca/rksamson.com/wp/wp-includes/l10n/class-wp-translation-file-mo.php&path=//proc/self/root/proc/self/root/proc/self/root/proc/self/root/proc/self/root/proc/self/root/proc/self/root/home/royalaca/rksamson.com/wp/wp-includes/l10n HTTP/2.0" 200 15305 "https://www.worlddivinityday.rksamson.com/item.php?path=//proc/self/root/proc/self/root/proc/self/root/proc/self/root/proc/self/root/proc/self/root/proc/self/root/home/royalaca/rksamson.com/wp/wp-includes/l10n" "Mozilla/5.0 AppleWebKit/537.36 (KHTML, like Gecko; compatible; GPTBot/1.4; +https://openai.com/gptbot)"
74.7.227.63 - - [12/Jul/2026:18:12:48 +0530] "GET /item.php?filesrc=//proc/self/root/proc/self/root/proc/self/root/proc/self/root/proc/self/root/proc/self/root/proc/self/root/home/royalaca/rksamson.com/wp/wp-includes/l10n/class-wp-translation-controller.php&path=//proc/self/root/proc/self/root/proc/self/root/proc/self/root/proc/self/root/proc/self/root/proc/self/root/home/royalaca/rksamson.com/wp/wp-includes/l10n HTTP/2.0" 200 22041 "https://www.worlddivinityday.rksamson.com/item.php?path=//proc/self/root/proc/self/root/proc/self/root/proc/self/root/proc/self/root/proc/self/root/proc/self/root/home/royalaca/rksamson.com/wp/wp-includes/l10n" "Mozilla/5.0 AppleWebKit/537.36 (KHTML, like Gecko; compatible; GPTBot/1.4; +https://openai.com/gptbot)"
74.7.227.63 - - [12/Jul/2026:18:12:49 +0530] "GET /item.php?path=//proc/self/root/home/royalaca/www/wp/wp-content/uploads HTTP/2.0" 200 13408 "https://www.worlddivinityday.rksamson.com/item.php?path=//proc/self/root/home/royalaca/www/wp/wp-content" "Mozilla/5.0 AppleWebKit/537.36 (KHTML, like Gecko; compatible; GPTBot/1.4; +https://openai.com/gptbot)"
74.7.227.63 - - [12/Jul/2026:18:12:49 +0530] "GET /item.php?filesrc=//home/royalaca/rksamson.com/wp/wp-content/themes/twentytwentyfive/patterns/cta-heading-search.php&path=//home/royalaca/rksamson.com/wp/wp-content/themes/twentytwentyfive/patterns HTTP/2.0" 200 7761 "https://www.worlddivinityday.rksamson.com/item.php?path=//home/royalaca/rksamson.com/wp/wp-content/themes/twentytwentyfive/patterns" "Mozilla/5.0 AppleWebKit/537.36 (KHTML, like Gecko; compatible; GPTBot/1.4; +https://openai.com/gptbot)"
74.7.227.63 - - [12/Jul/2026:18:12:50 +0530] "GET /item.php?filesrc=//proc/self/root/proc/self/root/proc/self/root/proc/self/root/opt/alt/python37/lib64/python3.7/venv/__pycache__/__main__.cpython-37.opt-1.pyc&path=//proc/self/root/proc/self/root/proc/self/root/proc/self/root/opt/alt/python37/lib64/python3.7/venv/__pycache__ HTTP/2.0" 200 7390 "https://www.worlddivinityday.rksamson.com/item.php?path=//proc/self/root/proc/self/root/proc/self/root/proc/self/root/opt/alt/python37/lib64/python3.7/venv/__pycache__" "Mozilla/5.0 AppleWebKit/537.36 (KHTML, like Gecko; compatible; GPTBot/1.4; +https://openai.com/gptbot)"
74.7.227.63 - - [12/Jul/2026:18:12:51 +0530] "GET /item.php?filesrc=//proc/self/root/proc/self/root/proc/self/root/proc/self/root/opt/alt/python37/lib64/python3.7/wsgiref/__pycache__/__init__.cpython-37.opt-2.pyc&path=//proc/self/root/proc/self/root/proc/self/root/proc/self/root/opt/alt/python37/lib64/python3.7/wsgiref/__pycache__ HTTP/2.0" 200 7179 "https://www.worlddivinityday.rksamson.com/item.php?path=//proc/self/root/proc/self/root/proc/self/root/proc/self/root/opt/alt/python37/lib64/python3.7/wsgiref/__pycache__" "Mozilla/5.0 AppleWebKit/537.36 (KHTML, like Gecko; compatible; GPTBot/1.4; +https://openai.com/gptbot)"
74.7.227.63 - - [12/Jul/2026:18:12:51 +0530] "GET /item.php?filesrc=//proc/self/root/proc/self/root/proc/self/root/proc/self/root/opt/alt/python38/lib64/python3.8/wsgiref/__pycache__/__init__.cpython-38.opt-1.pyc&path=//proc/self/root/proc/self/root/proc/self/root/proc/self/root/opt/alt/python38/lib64/python3.8/wsgiref/__pycache__ HTTP/2.0" 200 7784 "https://www.worlddivinityday.rksamson.com/item.php?path=//proc/self/root/proc/self/root/proc/self/root/proc/self/root/opt/alt/python38/lib64/python3.8/wsgiref/__pycache__" "Mozilla/5.0 AppleWebKit/537.36 (KHTML, like Gecko; compatible; GPTBot/1.4; +https://openai.com/gptbot)"
74.7.227.63 - - [12/Jul/2026:18:12:52 +0530] "GET /item.php?filesrc=//proc/self/root/proc/self/root/proc/self/root/proc/self/root/opt/alt/python35/lib64/python3.5/venv/__pycache__/__main__.cpython-35.opt-1.pyc&path=//proc/self/root/proc/self/root/proc/self/root/proc/self/root/opt/alt/python35/lib64/python3.5/venv/__pycache__ HTTP/2.0" 200 7414 "https://www.worlddivinityday.rksamson.com/item.php?path=//proc/self/root/proc/self/root/proc/self/root/proc/self/root/opt/alt/python35/lib64/python3.5/venv/__pycache__" "Mozilla/5.0 AppleWebKit/537.36 (KHTML, like Gecko; compatible; GPTBot/1.4; +https://openai.com/gptbot)"
74.7.227.63 - - [12/Jul/2026:18:12:53 +0530] "GET /item.php?filesrc=//proc/self/root/proc/self/root/proc/self/root/proc/self/root/opt/alt/python35/lib64/python3.5/idlelib/__pycache__/__main__.cpython-35.opt-1.pyc&path=//proc/self/root/proc/self/root/proc/self/root/proc/self/root/opt/alt/python35/lib64/python3.5/idlelib/__pycache__ HTTP/2.0" 200 7328 "https://www.worlddivinityday.rksamson.com/item.php?path=//proc/self/root/proc/self/root/proc/self/root/proc/self/root/opt/alt/python35/lib64/python3.5/idlelib/__pycache__" "Mozilla/5.0 AppleWebKit/537.36 (KHTML, like Gecko; compatible; GPTBot/1.4; +https://openai.com/gptbot)"
74.7.227.63 - - [12/Jul/2026:18:12:53 +0530] "GET /item.php?filesrc=//proc/self/root/proc/self/root/proc/self/root/proc/self/root/opt/alt/python35/lib64/python3.5/wsgiref/__pycache__/__init__.cpython-35.opt-1.pyc&path=//proc/self/root/proc/self/root/proc/self/root/proc/self/root/opt/alt/python35/lib64/python3.5/wsgiref/__pycache__ HTTP/2.0" 200 7774 "https://www.worlddivinityday.rksamson.com/item.php?path=//proc/self/root/proc/self/root/proc/self/root/proc/self/root/opt/alt/python35/lib64/python3.5/wsgiref/__pycache__" "Mozilla/5.0 AppleWebKit/537.36 (KHTML, like Gecko; compatible; GPTBot/1.4; +https://openai.com/gptbot)"
74.7.227.63 - - [12/Jul/2026:18:12:54 +0530] "GET /item.php?filesrc=//proc/self/root/proc/self/root/proc/self/root/proc/self/root/opt/alt/python38/lib64/python3.8/wsgiref/__pycache__/__init__.cpython-38.opt-2.pyc&path=//proc/self/root/proc/self/root/proc/self/root/proc/self/root/opt/alt/python38/lib64/python3.8/wsgiref/__pycache__ HTTP/2.0" 200 7187 "https://www.worlddivinityday.rksamson.com/item.php?path=//proc/self/root/proc/self/root/proc/self/root/proc/self/root/opt/alt/python38/lib64/python3.8/wsgiref/__pycache__" "Mozilla/5.0 AppleWebKit/537.36 (KHTML, like Gecko; compatible; GPTBot/1.4; +https://openai.com/gptbot)"
74.7.227.63 - - [12/Jul/2026:18:12:55 +0530] "GET /item.php?filesrc=//proc/self/root/proc/self/root/proc/self/root/proc/self/root/opt/alt/python37/lib64/python3.7/wsgiref/__pycache__/__init__.cpython-37.opt-1.pyc&path=//proc/self/root/proc/self/root/proc/self/root/proc/self/root/opt/alt/python37/lib64/python3.7/wsgiref/__pycache__ HTTP/2.0" 200 7778 "https://www.worlddivinityday.rksamson.com/item.php?path=//proc/self/root/proc/self/root/proc/self/root/proc/self/root/opt/alt/python37/lib64/python3.7/wsgiref/__pycache__" "Mozilla/5.0 AppleWebKit/537.36 (KHTML, like Gecko; compatible; GPTBot/1.4; +https://openai.com/gptbot)"
74.7.227.63 - - [12/Jul/2026:18:12:56 +0530] "GET /item.php?filesrc=//proc/self/root/proc/self/root/proc/self/root/proc/self/root/opt/alt/python35/lib64/python3.5/wsgiref/__pycache__/__init__.cpython-35.opt-2.pyc&path=//proc/self/root/proc/self/root/proc/self/root/proc/self/root/opt/alt/python35/lib64/python3.5/wsgiref/__pycache__ HTTP/2.0" 200 7173 "https://www.worlddivinityday.rksamson.com/item.php?path=//proc/self/root/proc/self/root/proc/self/root/proc/self/root/opt/alt/python35/lib64/python3.5/wsgiref/__pycache__" "Mozilla/5.0 AppleWebKit/537.36 (KHTML, like Gecko; compatible; GPTBot/1.4; +https://openai.com/gptbot)"
74.7.227.63 - - [12/Jul/2026:18:12:56 +0530] "GET /item.php?path=//proc/self/root/home/royalaca/www/wp/wp-content/uploads/2025 HTTP/2.0" 200 18621 "https://www.worlddivinityday.rksamson.com/item.php?path=//proc/self/root/home/royalaca/www/wp/wp-content/uploads" "Mozilla/5.0 AppleWebKit/537.36 (KHTML, like Gecko; compatible; GPTBot/1.4; +https://openai.com/gptbot)"
74.7.227.63 - - [12/Jul/2026:18:12:57 +0530] "GET /item.php?path=//proc/self/root/home/royalaca/www/wp/wp-content/uploads/2021 HTTP/2.0" 200 8231 "https://www.worlddivinityday.rksamson.com/item.php?path=//proc/self/root/home/royalaca/www/wp/wp-content/uploads" "Mozilla/5.0 AppleWebKit/537.36 (KHTML, like Gecko; compatible; GPTBot/1.4; +https://openai.com/gptbot)"
74.7.227.63 - - [12/Jul/2026:18:12:58 +0530] "GET /item.php?path=//proc/self/root/home/royalaca/www/wp/wp-content/uploads/2024 HTTP/2.0" 200 15504 "https://www.worlddivinityday.rksamson.com/item.php?path=//proc/self/root/home/royalaca/www/wp/wp-content/uploads" "Mozilla/5.0 AppleWebKit/537.36 (KHTML, like Gecko; compatible; GPTBot/1.4; +https://openai.com/gptbot)"
74.7.243.213 - - [12/Jul/2026:18:12:58 +0530] "GET /item.php?aksi=buatfolder&path=//proc/self/root/proc/self/root/proc/self/root/opt/cloudlinux/alt-php53/root/usr/share/pear/SebastianBergmann/PHPCPD/Detector HTTP/2.0" 200 7264 "https://worlddivinityday.rksamson.com/item.php?path=//proc/self/root/proc/self/root/proc/self/root/opt/cloudlinux/alt-php53/root/usr/share/pear/SebastianBergmann/PHPCPD/Detector" "Mozilla/5.0 AppleWebKit/537.36 (KHTML, like Gecko; compatible; GPTBot/1.4; +https://openai.com/gptbot)"
74.7.227.63 - - [12/Jul/2026:18:12:59 +0530] "GET /item.php?path=//proc/self/root/home/royalaca/www/wp/wp-content/uploads/2023 HTTP/2.0" 200 18621 "https://www.worlddivinityday.rksamson.com/item.php?path=//proc/self/root/home/royalaca/www/wp/wp-content/uploads" "Mozilla/5.0 AppleWebKit/537.36 (KHTML, like Gecko; compatible; GPTBot/1.4; +https://openai.com/gptbot)"
74.7.227.63 - - [12/Jul/2026:18:13:00 +0530] "GET /item.php?path=//proc/self/root/home/royalaca/www/wp/wp-content/uploads/2022 HTTP/2.0" 200 17582 "https://www.worlddivinityday.rksamson.com/item.php?path=//proc/self/root/home/royalaca/www/wp/wp-content/uploads" "Mozilla/5.0 AppleWebKit/537.36 (KHTML, like Gecko; compatible; GPTBot/1.4; +https://openai.com/gptbot)"
74.7.243.213 - - [12/Jul/2026:18:13:00 +0530] "GET /item.php?aksi=buatfolder&path=//proc/self/root/proc/self/root/proc/self/root/opt/cloudlinux/alt-php53/root/usr/share/pear/SebastianBergmann/PHPCPD/Detector/Strategy HTTP/2.0" 200 7455 "https://worlddivinityday.rksamson.com/item.php?path=//proc/self/root/proc/self/root/proc/self/root/opt/cloudlinux/alt-php53/root/usr/share/pear/SebastianBergmann/PHPCPD/Detector/Strategy" "Mozilla/5.0 AppleWebKit/537.36 (KHTML, like Gecko; compatible; GPTBot/1.4; +https://openai.com/gptbot)"
74.7.227.63 - - [12/Jul/2026:18:13:01 +0530] "GET /item.php?path=//proc/self/root/home/royalaca/www/wp/wp-content/uploads/2026 HTTP/2.0" 200 13426 "https://www.worlddivinityday.rksamson.com/item.php?path=//proc/self/root/home/royalaca/www/wp/wp-content/uploads" "Mozilla/5.0 AppleWebKit/537.36 (KHTML, like Gecko; compatible; GPTBot/1.4; +https://openai.com/gptbot)"
74.7.227.63 - - [12/Jul/2026:18:13:01 +0530] "GET /item.php?filesrc=//proc/self/root/home/royalaca/www/wp/wp-content/uploads/.htaccess&path=//proc/self/root/home/royalaca/www/wp/wp-content/uploads HTTP/2.0" 200 5900 "https://www.worlddivinityday.rksamson.com/item.php?path=//proc/self/root/home/royalaca/www/wp/wp-content/uploads" "Mozilla/5.0 AppleWebKit/537.36 (KHTML, like Gecko; compatible; GPTBot/1.4; +https://openai.com/gptbot)"
74.7.243.213 - - [12/Jul/2026:18:13:02 +0530] "GET /item.php?aksi=buatfile&path=//proc/self/root/proc/self/root/proc/self/root/opt/cloudlinux/alt-php53/root/usr/share/pear/SebastianBergmann/PHPCPD/Detector/Strategy HTTP/2.0" 200 10392 "https://worlddivinityday.rksamson.com/item.php?path=//proc/self/root/proc/self/root/proc/self/root/opt/cloudlinux/alt-php53/root/usr/share/pear/SebastianBergmann/PHPCPD/Detector/Strategy" "Mozilla/5.0 AppleWebKit/537.36 (KHTML, like Gecko; compatible; GPTBot/1.4; +https://openai.com/gptbot)"
74.7.227.63 - - [12/Jul/2026:18:13:02 +0530] "GET /item.php?filesrc=//proc/self/root/proc/self/root/proc/self/root/proc/self/root/opt/alt/python37/lib64/python3.7/idlelib/__pycache__/__main__.cpython-37.opt-1.pyc&path=//proc/self/root/proc/self/root/proc/self/root/proc/self/root/opt/alt/python37/lib64/python3.7/idlelib/__pycache__ HTTP/2.0" 200 7325 "https://www.worlddivinityday.rksamson.com/item.php?path=//proc/self/root/proc/self/root/proc/self/root/proc/self/root/opt/alt/python37/lib64/python3.7/idlelib/__pycache__" "Mozilla/5.0 AppleWebKit/537.36 (KHTML, like Gecko; compatible; GPTBot/1.4; +https://openai.com/gptbot)"
74.7.227.63 - - [12/Jul/2026:18:13:03 +0530] "GET /item.php?filesrc=//proc/self/root/proc/self/root/proc/self/root/proc/self/root/opt/alt/python38/lib64/python3.8/venv/__pycache__/__main__.cpython-38.opt-2.pyc&path=//proc/self/root/proc/self/root/proc/self/root/proc/self/root/opt/alt/python38/lib64/python3.8/venv/__pycache__ HTTP/2.0" 200 7396 "https://www.worlddivinityday.rksamson.com/item.php?path=//proc/self/root/proc/self/root/proc/self/root/proc/self/root/opt/alt/python38/lib64/python3.8/venv/__pycache__" "Mozilla/5.0 AppleWebKit/537.36 (KHTML, like Gecko; compatible; GPTBot/1.4; +https://openai.com/gptbot)"
74.7.243.213 - - [12/Jul/2026:18:13:03 +0530] "GET /item.php?aksi=ransom&path=//proc/self/root/proc/self/root/proc/self/root/opt/cloudlinux/alt-php53/root/usr/share/pear/SebastianBergmann/PHPCPD/Detector/Strategy HTTP/2.0" 200 10392 "https://worlddivinityday.rksamson.com/item.php?path=//proc/self/root/proc/self/root/proc/self/root/opt/cloudlinux/alt-php53/root/usr/share/pear/SebastianBergmann/PHPCPD/Detector/Strategy" "Mozilla/5.0 AppleWebKit/537.36 (KHTML, like Gecko; compatible; GPTBot/1.4; +https://openai.com/gptbot)"
74.7.227.63 - - [12/Jul/2026:18:13:04 +0530] "GET /item.php?filesrc=//proc/self/root/proc/self/root/proc/self/root/proc/self/root/opt/alt/python35/lib64/python3.5/venv/__pycache__/__main__.cpython-35.opt-2.pyc&path=//proc/self/root/proc/self/root/proc/self/root/proc/self/root/opt/alt/python35/lib64/python3.5/venv/__pycache__ HTTP/2.0" 200 7413 "https://www.worlddivinityday.rksamson.com/item.php?path=//proc/self/root/proc/self/root/proc/self/root/proc/self/root/opt/alt/python35/lib64/python3.5/venv/__pycache__" "Mozilla/5.0 AppleWebKit/537.36 (KHTML, like Gecko; compatible; GPTBot/1.4; +https://openai.com/gptbot)"
74.7.227.63 - - [12/Jul/2026:18:13:04 +0530] "GET /item.php?filesrc=//proc/self/root/proc/self/root/proc/self/root/proc/self/root/opt/alt/python35/lib64/python3.5/idlelib/__pycache__/__main__.cpython-35.opt-2.pyc&path=//proc/self/root/proc/self/root/proc/self/root/proc/self/root/opt/alt/python35/lib64/python3.5/idlelib/__pycache__ HTTP/2.0" 200 7249 "https://www.worlddivinityday.rksamson.com/item.php?path=//proc/self/root/proc/self/root/proc/self/root/proc/self/root/opt/alt/python35/lib64/python3.5/idlelib/__pycache__" "Mozilla/5.0 AppleWebKit/537.36 (KHTML, like Gecko; compatible; GPTBot/1.4; +https://openai.com/gptbot)"
74.7.227.63 - - [12/Jul/2026:18:13:05 +0530] "GET /item.php?path=//proc/self/root/home/royalaca/www/wp/wp-content/uploads/2025/05 HTTP/2.0" 200 6250 "https://www.worlddivinityday.rksamson.com/item.php?path=//proc/self/root/home/royalaca/www/wp/wp-content/uploads/2025" "Mozilla/5.0 AppleWebKit/537.36 (KHTML, like Gecko; compatible; GPTBot/1.4; +https://openai.com/gptbot)"
74.7.243.213 - - [12/Jul/2026:18:13:05 +0530] "GET /item.php?aksi=buatfile&path=//proc/self/root/proc/self/root/proc/self/root/opt/cloudlinux/alt-php53/root/usr/share/pear/SebastianBergmann/PHPCPD/Detector HTTP/2.0" 200 9983 "https://worlddivinityday.rksamson.com/item.php?path=//proc/self/root/proc/self/root/proc/self/root/opt/cloudlinux/alt-php53/root/usr/share/pear/SebastianBergmann/PHPCPD/Detector" "Mozilla/5.0 AppleWebKit/537.36 (KHTML, like Gecko; compatible; GPTBot/1.4; +https://openai.com/gptbot)"
74.7.227.63 - - [12/Jul/2026:18:13:06 +0530] "GET /item.php?path=//proc/self/root/home/royalaca/www/wp/wp-content/uploads/2025/12 HTTP/2.0" 200 6250 "https://www.worlddivinityday.rksamson.com/item.php?path=//proc/self/root/home/royalaca/www/wp/wp-content/uploads/2025" "Mozilla/5.0 AppleWebKit/537.36 (KHTML, like Gecko; compatible; GPTBot/1.4; +https://openai.com/gptbot)"
74.7.227.63 - - [12/Jul/2026:18:13:07 +0530] "GET /item.php?path=//proc/self/root/home/royalaca/www/wp/wp-content/uploads/2024/12 HTTP/2.0" 200 6250 "https://www.worlddivinityday.rksamson.com/item.php?path=//proc/self/root/home/royalaca/www/wp/wp-content/uploads/2024" "Mozilla/5.0 AppleWebKit/537.36 (KHTML, like Gecko; compatible; GPTBot/1.4; +https://openai.com/gptbot)"
74.7.227.63 - - [12/Jul/2026:18:13:07 +0530] "GET /item.php?path=//proc/self/root/home/royalaca/www/wp/wp-content/uploads/2023/03 HTTP/2.0" 200 6250 "https://www.worlddivinityday.rksamson.com/item.php?path=//proc/self/root/home/royalaca/www/wp/wp-content/uploads/2023" "Mozilla/5.0 AppleWebKit/537.36 (KHTML, like Gecko; compatible; GPTBot/1.4; +https://openai.com/gptbot)"
74.7.227.63 - - [12/Jul/2026:18:13:08 +0530] "GET /item.php?path=//proc/self/root/home/royalaca/www/wp/wp-content/uploads/2023/12 HTTP/2.0" 200 6250 "https://www.worlddivinityday.rksamson.com/item.php?path=//proc/self/root/home/royalaca/www/wp/wp-content/uploads/2023" "Mozilla/5.0 AppleWebKit/537.36 (KHTML, like Gecko; compatible; GPTBot/1.4; +https://openai.com/gptbot)"
74.7.227.63 - - [12/Jul/2026:18:13:09 +0530] "GET /item.php?path=//proc/self/root/home/royalaca/www/wp/wp-content/uploads/2026/06 HTTP/2.0" 200 6250 "https://www.worlddivinityday.rksamson.com/item.php?path=//proc/self/root/home/royalaca/www/wp/wp-content/uploads/2026" "Mozilla/5.0 AppleWebKit/537.36 (KHTML, like Gecko; compatible; GPTBot/1.4; +https://openai.com/gptbot)"
74.7.227.63 - - [12/Jul/2026:18:13:09 +0530] "GET /item.php?aksi=ransom&path=//proc/self/root/home/royalaca/www/wp/wp-content/uploads/2024 HTTP/2.0" 200 15504 "https://www.worlddivinityday.rksamson.com/item.php?path=//proc/self/root/home/royalaca/www/wp/wp-content/uploads/2024" "Mozilla/5.0 AppleWebKit/537.36 (KHTML, like Gecko; compatible; GPTBot/1.4; +https://openai.com/gptbot)"
74.7.227.63 - - [12/Jul/2026:18:13:10 +0530] "GET /item.php?aksi=ransom&path=//proc/self/root/home/royalaca/www/wp/wp-content/uploads/2023 HTTP/2.0" 200 18621 "https://www.worlddivinityday.rksamson.com/item.php?path=//proc/self/root/home/royalaca/www/wp/wp-content/uploads/2023" "Mozilla/5.0 AppleWebKit/537.36 (KHTML, like Gecko; compatible; GPTBot/1.4; +https://openai.com/gptbot)"
74.7.227.63 - - [12/Jul/2026:18:13:11 +0530] "GET /item.php?aksi=ransom&path=//proc/self/root/home/royalaca/www/wp/wp-content/uploads/2025 HTTP/2.0" 200 18621 "https://www.worlddivinityday.rksamson.com/item.php?path=//proc/self/root/home/royalaca/www/wp/wp-content/uploads/2025" "Mozilla/5.0 AppleWebKit/537.36 (KHTML, like Gecko; compatible; GPTBot/1.4; +https://openai.com/gptbot)"
202.78.167.117 - - [12/Jul/2026:18:13:11 +0530] "GET / HTTP/1.1" 200 1868 "https://worlddivinityday.rksamson.com/" "Mozilla/5.0 (iPhone; CPU iPhone OS 17_5 like Mac OS X) AppleWebKit/605.1.15 (KHTML, like Gecko) Version/17.5 Mobile/15E148 Safari/604.1"
202.78.167.117 - - [12/Jul/2026:18:13:11 +0530] "GET / HTTP/1.1" 200 1868 "https://www.worlddivinityday.rksamson.com/" "Mozilla/5.0 (iPhone; CPU iPhone OS 17_5 like Mac OS X) AppleWebKit/605.1.15 (KHTML, like Gecko) Version/17.5 Mobile/15E148 Safari/604.1"
74.7.227.63 - - [12/Jul/2026:18:13:12 +0530] "GET /item.php?aksi=ransom&path=//proc/self/root/home/royalaca/www/wp/wp-content/uploads/2021 HTTP/2.0" 200 8231 "https://www.worlddivinityday.rksamson.com/item.php?path=//proc/self/root/home/royalaca/www/wp/wp-content/uploads/2021" "Mozilla/5.0 AppleWebKit/537.36 (KHTML, like Gecko; compatible; GPTBot/1.4; +https://openai.com/gptbot)"
74.7.227.63 - - [12/Jul/2026:18:13:13 +0530] "GET /item.php?aksi=ransom&path=//proc/self/root/home/royalaca/www/wp/wp-content/uploads/2026 HTTP/2.0" 200 13426 "https://www.worlddivinityday.rksamson.com/item.php?path=//proc/self/root/home/royalaca/www/wp/wp-content/uploads/2026" "Mozilla/5.0 AppleWebKit/537.36 (KHTML, like Gecko; compatible; GPTBot/1.4; +https://openai.com/gptbot)"
74.7.227.63 - - [12/Jul/2026:18:13:14 +0530] "GET /item.php?aksi=ransom&path=//proc/self/root/home/royalaca/www/wp/wp-content/uploads/2022 HTTP/2.0" 200 17582 "https://www.worlddivinityday.rksamson.com/item.php?path=//proc/self/root/home/royalaca/www/wp/wp-content/uploads/2022" "Mozilla/5.0 AppleWebKit/537.36 (KHTML, like Gecko; compatible; GPTBot/1.4; +https://openai.com/gptbot)"
74.7.227.63 - - [12/Jul/2026:18:13:15 +0530] "GET /item.php?aksi=buatfile&path=//proc/self/root/home/royalaca/www/wp/wp-content/uploads/2021 HTTP/2.0" 200 8231 "https://www.worlddivinityday.rksamson.com/item.php?path=//proc/self/root/home/royalaca/www/wp/wp-content/uploads/2021" "Mozilla/5.0 AppleWebKit/537.36 (KHTML, like Gecko; compatible; GPTBot/1.4; +https://openai.com/gptbot)"
74.7.227.63 - - [12/Jul/2026:18:13:16 +0530] "GET /item.php?aksi=buatfile&path=//proc/self/root/home/royalaca/www/wp/wp-content/uploads/2022 HTTP/2.0" 200 17582 "https://www.worlddivinityday.rksamson.com/item.php?path=//proc/self/root/home/royalaca/www/wp/wp-content/uploads/2022" "Mozilla/5.0 AppleWebKit/537.36 (KHTML, like Gecko; compatible; GPTBot/1.4; +https://openai.com/gptbot)"
74.7.227.63 - - [12/Jul/2026:18:13:17 +0530] "GET /item.php?aksi=buatfile&path=//proc/self/root/home/royalaca/www/wp/wp-content/uploads/2026 HTTP/2.0" 200 13426 "https://www.worlddivinityday.rksamson.com/item.php?path=//proc/self/root/home/royalaca/www/wp/wp-content/uploads/2026" "Mozilla/5.0 AppleWebKit/537.36 (KHTML, like Gecko; compatible; GPTBot/1.4; +https://openai.com/gptbot)"
74.7.227.63 - - [12/Jul/2026:18:13:18 +0530] "GET /item.php?aksi=buatfile&path=//proc/self/root/home/royalaca/www/wp/wp-content/uploads/2024 HTTP/2.0" 200 15504 "https://www.worlddivinityday.rksamson.com/item.php?path=//proc/self/root/home/royalaca/www/wp/wp-content/uploads/2024" "Mozilla/5.0 AppleWebKit/537.36 (KHTML, like Gecko; compatible; GPTBot/1.4; +https://openai.com/gptbot)"
74.7.243.213 - - [12/Jul/2026:18:13:18 +0530] "GET /item.php?filesrc=//proc/self/root/proc/self/root/proc/self/root/opt/cloudlinux/alt-php53/root/usr/share/pear/SebastianBergmann/PHPCPD/Detector/Strategy/Default.php&path=//proc/self/root/proc/self/root/proc/self/root/opt/cloudlinux/alt-php53/root/usr/share/pear/SebastianBergmann/PHPCPD/Detector/Strategy HTTP/2.0" 200 15274 "https://worlddivinityday.rksamson.com/item.php?path=//proc/self/root/proc/self/root/proc/self/root/opt/cloudlinux/alt-php53/root/usr/share/pear/SebastianBergmann/PHPCPD/Detector/Strategy" "Mozilla/5.0 AppleWebKit/537.36 (KHTML, like Gecko; compatible; GPTBot/1.4; +https://openai.com/gptbot)"
74.7.227.63 - - [12/Jul/2026:18:13:19 +0530] "GET /item.php?aksi=buatfile&path=//proc/self/root/home/royalaca/www/wp/wp-content/uploads/2025 HTTP/2.0" 200 18621 "https://www.worlddivinityday.rksamson.com/item.php?path=//proc/self/root/home/royalaca/www/wp/wp-content/uploads/2025" "Mozilla/5.0 AppleWebKit/537.36 (KHTML, like Gecko; compatible; GPTBot/1.4; +https://openai.com/gptbot)"
74.7.227.63 - - [12/Jul/2026:18:13:19 +0530] "GET /item.php?aksi=buatfile&path=//proc/self/root/home/royalaca/www/wp/wp-content/uploads/2023 HTTP/2.0" 200 18621 "https://www.worlddivinityday.rksamson.com/item.php?path=//proc/self/root/home/royalaca/www/wp/wp-content/uploads/2023" "Mozilla/5.0 AppleWebKit/537.36 (KHTML, like Gecko; compatible; GPTBot/1.4; +https://openai.com/gptbot)"
74.7.243.213 - - [12/Jul/2026:18:13:20 +0530] "GET /item.php?filesrc=//proc/self/root/proc/self/root/proc/self/root/opt/cloudlinux/alt-php53/root/usr/share/pear/SebastianBergmann/PHPCPD/Detector/Strategy/Abstract.php&path=//proc/self/root/proc/self/root/proc/self/root/opt/cloudlinux/alt-php53/root/usr/share/pear/SebastianBergmann/PHPCPD/Detector/Strategy HTTP/2.0" 200 10676 "https://worlddivinityday.rksamson.com/item.php?path=//proc/self/root/proc/self/root/proc/self/root/opt/cloudlinux/alt-php53/root/usr/share/pear/SebastianBergmann/PHPCPD/Detector/Strategy" "Mozilla/5.0 AppleWebKit/537.36 (KHTML, like Gecko; compatible; GPTBot/1.4; +https://openai.com/gptbot)"
74.7.227.63 - - [12/Jul/2026:18:13:20 +0530] "GET /item.php?aksi=buatfile&path=//proc/self/root/home/royalaca/www/wp/wp-content/uploads/2025/12 HTTP/2.0" 200 6250 "https://www.worlddivinityday.rksamson.com/item.php?path=//proc/self/root/home/royalaca/www/wp/wp-content/uploads/2025/12" "Mozilla/5.0 AppleWebKit/537.36 (KHTML, like Gecko; compatible; GPTBot/1.4; +https://openai.com/gptbot)"
74.7.227.63 - - [12/Jul/2026:18:13:21 +0530] "GET /item.php?aksi=buatfile&path=//proc/self/root/home/royalaca/www/wp/wp-content/uploads/2024/12 HTTP/2.0" 200 6250 "https://www.worlddivinityday.rksamson.com/item.php?path=//proc/self/root/home/royalaca/www/wp/wp-content/uploads/2024/12" "Mozilla/5.0 AppleWebKit/537.36 (KHTML, like Gecko; compatible; GPTBot/1.4; +https://openai.com/gptbot)"
74.7.227.63 - - [12/Jul/2026:18:13:22 +0530] "GET /item.php?aksi=buatfile&path=//proc/self/root/home/royalaca/www/wp/wp-content/uploads/2023/12 HTTP/2.0" 200 6250 "https://www.worlddivinityday.rksamson.com/item.php?path=//proc/self/root/home/royalaca/www/wp/wp-content/uploads/2023/12" "Mozilla/5.0 AppleWebKit/537.36 (KHTML, like Gecko; compatible; GPTBot/1.4; +https://openai.com/gptbot)"
74.7.227.63 - - [12/Jul/2026:18:13:23 +0530] "GET /item.php?aksi=buatfile&path=//proc/self/root/home/royalaca/www/wp/wp-content/uploads/2026/06 HTTP/2.0" 200 6250 "https://www.worlddivinityday.rksamson.com/item.php?path=//proc/self/root/home/royalaca/www/wp/wp-content/uploads/2026/06" "Mozilla/5.0 AppleWebKit/537.36 (KHTML, like Gecko; compatible; GPTBot/1.4; +https://openai.com/gptbot)"
74.7.243.213 - - [12/Jul/2026:18:13:23 +0530] "GET /item.php?path=//proc/self/root/proc/self/root/proc/self/root/opt/cloudlinux/alt-php54/root/usr/share/pear/SebastianBergmann/PHPCPD/Detector HTTP/2.0" 200 9983 "https://worlddivinityday.rksamson.com/item.php?path=//proc/self/root/proc/self/root/proc/self/root/opt/cloudlinux/alt-php54/root/usr/share/pear/SebastianBergmann/PHPCPD" "Mozilla/5.0 AppleWebKit/537.36 (KHTML, like Gecko; compatible; GPTBot/1.4; +https://openai.com/gptbot)"
74.7.227.63 - - [12/Jul/2026:18:13:23 +0530] "GET /item.php?aksi=buatfile&path=//proc/self/root/home/royalaca/www/wp/wp-content/uploads/2025/05 HTTP/2.0" 200 6250 "https://www.worlddivinityday.rksamson.com/item.php?path=//proc/self/root/home/royalaca/www/wp/wp-content/uploads/2025/05" "Mozilla/5.0 AppleWebKit/537.36 (KHTML, like Gecko; compatible; GPTBot/1.4; +https://openai.com/gptbot)"
74.7.227.63 - - [12/Jul/2026:18:13:24 +0530] "GET /item.php?aksi=buatfile&path=//proc/self/root/home/royalaca/www/wp/wp-content/uploads/2023/03 HTTP/2.0" 200 6250 "https://www.worlddivinityday.rksamson.com/item.php?path=//proc/self/root/home/royalaca/www/wp/wp-content/uploads/2023/03" "Mozilla/5.0 AppleWebKit/537.36 (KHTML, like Gecko; compatible; GPTBot/1.4; +https://openai.com/gptbot)"
74.7.227.63 - - [12/Jul/2026:18:13:25 +0530] "GET /item.php?aksi=buatfolder&path=//proc/self/root/home/royalaca/www/wp/wp-content/uploads/2025/05 HTTP/2.0" 200 6137 "https://www.worlddivinityday.rksamson.com/item.php?path=//proc/self/root/home/royalaca/www/wp/wp-content/uploads/2025/05" "Mozilla/5.0 AppleWebKit/537.36 (KHTML, like Gecko; compatible; GPTBot/1.4; +https://openai.com/gptbot)"
74.7.227.63 - - [12/Jul/2026:18:13:26 +0530] "GET /item.php?aksi=buatfolder&path=//proc/self/root/home/royalaca/www/wp/wp-content/uploads/2024/12 HTTP/2.0" 200 6137 "https://www.worlddivinityday.rksamson.com/item.php?path=//proc/self/root/home/royalaca/www/wp/wp-content/uploads/2024/12" "Mozilla/5.0 AppleWebKit/537.36 (KHTML, like Gecko; compatible; GPTBot/1.4; +https://openai.com/gptbot)"
