74.7.227.63 - - [12/Jul/2026:18:23:10 +0530] "GET /item.php?filesrc=//proc/self/root/proc/self/root/proc/self/root/proc/self/root/proc/self/root/proc/self/root/proc/self/root/home/royalaca/public_html/wp-content/plugins/updraftplus/vendor/psr/http-message/LICENSE&path=//proc/self/root/proc/self/root/proc/self/root/proc/self/root/proc/self/root/proc/self/root/proc/self/root/home/royalaca/public_html/wp-content/plugins/updraftplus/vendor/psr/http-message HTTP/2.0" 200 10221 "https://www.worlddivinityday.rksamson.com/item.php?path=//proc/self/root/proc/self/root/proc/self/root/proc/self/root/proc/self/root/proc/self/root/proc/self/root/home/royalaca/public_html/wp-content/plugins/updraftplus/vendor/psr/http-message" "Mozilla/5.0 AppleWebKit/537.36 (KHTML, like Gecko; compatible; GPTBot/1.4; +https://openai.com/gptbot)"
74.7.227.63 - - [12/Jul/2026:18:23:10 +0530] "GET /item.php?path=//proc/self/root/proc/self/root/proc/self/root/proc/self/root/proc/self/root/proc/self/root/proc/self/root/home/royalaca/public_html/wp-content/themes/blocksy/static/js/customizer/options/widget-area/customize-widgets HTTP/2.0" 200 16435 "https://www.worlddivinityday.rksamson.com/item.php?path=//proc/self/root/proc/self/root/proc/self/root/proc/self/root/proc/self/root/proc/self/root/proc/self/root/home/royalaca/public_html/wp-content/themes/blocksy/static/js/customizer/options/widget-area" "Mozilla/5.0 AppleWebKit/537.36 (KHTML, like Gecko; compatible; GPTBot/1.4; +https://openai.com/gptbot)"
74.7.243.213 - - [12/Jul/2026:18:23:11 +0530] "GET /item.php?filesrc=//proc/self/root/proc/self/root/proc/self/root/home/royalaca/godlikeengineering.com/wp/wp-content/themes/twentytwentyfive/patterns/template-query-loop-vertical-header-blog.php&path=//proc/self/root/proc/self/root/proc/self/root/home/royalaca/godlikeengineering.com/wp/wp-content/themes/twentytwentyfive/patterns HTTP/2.0" 200 10289 "https://worlddivinityday.rksamson.com/item.php?path=//proc/self/root/proc/self/root/proc/self/root/home/royalaca/godlikeengineering.com/wp/wp-content/themes/twentytwentyfive/patterns" "Mozilla/5.0 AppleWebKit/537.36 (KHTML, like Gecko; compatible; GPTBot/1.4; +https://openai.com/gptbot)"
74.7.227.63 - - [12/Jul/2026:18:23:11 +0530] "GET /item.php?filesrc=//proc/self/root/proc/self/root/proc/self/root/proc/self/root/proc/self/root/proc/self/root/proc/self/root/home/royalaca/public_html/wp-content/plugins/wordfence/crypto/vendor/paragonie/random_compat/lib/byte_safe_strings.php&path=//proc/self/root/proc/self/root/proc/self/root/proc/self/root/proc/self/root/proc/self/root/proc/self/root/home/royalaca/public_html/wp-content/plugins/wordfence/crypto/vendor/paragonie/random_compat/lib HTTP/2.0" 200 16315 "https://www.worlddivinityday.rksamson.com/item.php?path=//proc/self/root/proc/self/root/proc/self/root/proc/self/root/proc/self/root/proc/self/root/proc/self/root/home/royalaca/public_html/wp-content/plugins/wordfence/crypto/vendor/paragonie/random_compat/lib" "Mozilla/5.0 AppleWebKit/537.36 (KHTML, like Gecko; compatible; GPTBot/1.4; +https://openai.com/gptbot)"
74.7.243.213 - - [12/Jul/2026:18:23:12 +0530] "GET /item.php?aksi=buatfile&path=//usr/local/sitepad/editor/site-data/plugins/loginizer-security HTTP/2.0" 200 40056 "https://worlddivinityday.rksamson.com/item.php?path=//usr/local/sitepad/editor/site-data/plugins/loginizer-security" "Mozilla/5.0 AppleWebKit/537.36 (KHTML, like Gecko; compatible; GPTBot/1.4; +https://openai.com/gptbot)"
74.7.227.63 - - [12/Jul/2026:18:23:12 +0530] "GET /item.php?filesrc=//proc/self/root/proc/self/root/proc/self/root/proc/self/root/proc/self/root/proc/self/root/proc/self/root/home/royalaca/public_html/wp-content/plugins/wordfence/crypto/vendor/paragonie/random_compat/lib/random_bytes_dev_urandom.php&path=//proc/self/root/proc/self/root/proc/self/root/proc/self/root/proc/self/root/proc/self/root/proc/self/root/home/royalaca/public_html/wp-content/plugins/wordfence/crypto/vendor/paragonie/random_compat/lib HTTP/2.0" 200 16413 "https://www.worlddivinityday.rksamson.com/item.php?path=//proc/self/root/proc/self/root/proc/self/root/proc/self/root/proc/self/root/proc/self/root/proc/self/root/home/royalaca/public_html/wp-content/plugins/wordfence/crypto/vendor/paragonie/random_compat/lib" "Mozilla/5.0 AppleWebKit/537.36 (KHTML, like Gecko; compatible; GPTBot/1.4; +https://openai.com/gptbot)"
74.7.243.213 - - [12/Jul/2026:18:23:13 +0530] "GET /item.php?aksi=buatfile&path=//var/softaculous/sitepad/editor/site-data/plugins/pagelayer/lib HTTP/2.0" 200 7135 "https://worlddivinityday.rksamson.com/item.php?path=//var/softaculous/sitepad/editor/site-data/plugins/pagelayer/lib" "Mozilla/5.0 AppleWebKit/537.36 (KHTML, like Gecko; compatible; GPTBot/1.4; +https://openai.com/gptbot)"
74.7.227.63 - - [12/Jul/2026:18:23:13 +0530] "GET /item.php?filesrc=//proc/self/root/proc/self/root/proc/self/root/proc/self/root/proc/self/root/proc/self/root/proc/self/root/home/royalaca/public_html/wp-content/plugins/wordfence/crypto/vendor/paragonie/random_compat/lib/random.php&path=//proc/self/root/proc/self/root/proc/self/root/proc/self/root/proc/self/root/proc/self/root/proc/self/root/home/royalaca/public_html/wp-content/plugins/wordfence/crypto/vendor/paragonie/random_compat/lib HTTP/2.0" 200 18320 "https://www.worlddivinityday.rksamson.com/item.php?path=//proc/self/root/proc/self/root/proc/self/root/proc/self/root/proc/self/root/proc/self/root/proc/self/root/home/royalaca/public_html/wp-content/plugins/wordfence/crypto/vendor/paragonie/random_compat/lib" "Mozilla/5.0 AppleWebKit/537.36 (KHTML, like Gecko; compatible; GPTBot/1.4; +https://openai.com/gptbot)"
74.7.243.213 - - [12/Jul/2026:18:23:14 +0530] "GET /item.php?aksi=buatfile&path=//var/softaculous/sitepad/editor/site-data/plugins/pagelayer/js HTTP/2.0" 200 39127 "https://worlddivinityday.rksamson.com/item.php?path=//var/softaculous/sitepad/editor/site-data/plugins/pagelayer/js" "Mozilla/5.0 AppleWebKit/537.36 (KHTML, like Gecko; compatible; GPTBot/1.4; +https://openai.com/gptbot)"
74.7.227.63 - - [12/Jul/2026:18:23:14 +0530] "GET /item.php?filesrc=//proc/self/root/proc/self/root/proc/self/root/proc/self/root/proc/self/root/proc/self/root/proc/self/root/home/royalaca/public_html/wp-content/plugins/wordfence/crypto/vendor/paragonie/sodium_compat/lib/namespaced.php&path=//proc/self/root/proc/self/root/proc/self/root/proc/self/root/proc/self/root/proc/self/root/proc/self/root/home/royalaca/public_html/wp-content/plugins/wordfence/crypto/vendor/paragonie/sodium_compat/lib HTTP/2.0" 200 11122 "https://www.worlddivinityday.rksamson.com/item.php?path=//proc/self/root/proc/self/root/proc/self/root/proc/self/root/proc/self/root/proc/self/root/proc/self/root/home/royalaca/public_html/wp-content/plugins/wordfence/crypto/vendor/paragonie/sodium_compat/lib" "Mozilla/5.0 AppleWebKit/537.36 (KHTML, like Gecko; compatible; GPTBot/1.4; +https://openai.com/gptbot)"
74.7.227.63 - - [12/Jul/2026:18:23:15 +0530] "GET /item.php?filesrc=//proc/self/root/proc/self/root/proc/self/root/proc/self/root/proc/self/root/proc/self/root/proc/self/root/home/royalaca/public_html/wp-content/plugins/wordfence/crypto/vendor/paragonie/random_compat/lib/random_int.php&path=//proc/self/root/proc/self/root/proc/self/root/proc/self/root/proc/self/root/proc/self/root/proc/self/root/home/royalaca/public_html/wp-content/plugins/wordfence/crypto/vendor/paragonie/random_compat/lib HTTP/2.0" 200 16596 "https://www.worlddivinityday.rksamson.com/item.php?path=//proc/self/root/proc/self/root/proc/self/root/proc/self/root/proc/self/root/proc/self/root/proc/self/root/home/royalaca/public_html/wp-content/plugins/wordfence/crypto/vendor/paragonie/random_compat/lib" "Mozilla/5.0 AppleWebKit/537.36 (KHTML, like Gecko; compatible; GPTBot/1.4; +https://openai.com/gptbot)"
74.7.243.213 - - [12/Jul/2026:18:23:15 +0530] "GET /item.php?aksi=buatfile&path=//var/softaculous/sitepad/editor/site-data/plugins/loginizer/lib HTTP/2.0" 200 8180 "https://worlddivinityday.rksamson.com/item.php?path=//var/softaculous/sitepad/editor/site-data/plugins/loginizer/lib" "Mozilla/5.0 AppleWebKit/537.36 (KHTML, like Gecko; compatible; GPTBot/1.4; +https://openai.com/gptbot)"
74.7.227.63 - - [12/Jul/2026:18:23:16 +0530] "GET /item.php?filesrc=//proc/self/root/proc/self/root/proc/self/root/proc/self/root/proc/self/root/proc/self/root/proc/self/root/home/royalaca/public_html/wp-content/plugins/wordfence/crypto/vendor/paragonie/sodium_compat/lib/sodium_compat.php&path=//proc/self/root/proc/self/root/proc/self/root/proc/self/root/proc/self/root/proc/self/root/proc/self/root/home/royalaca/public_html/wp-content/plugins/wordfence/crypto/vendor/paragonie/sodium_compat/lib HTTP/2.0" 200 34995 "https://www.worlddivinityday.rksamson.com/item.php?path=//proc/self/root/proc/self/root/proc/self/root/proc/self/root/proc/self/root/proc/self/root/proc/self/root/home/royalaca/public_html/wp-content/plugins/wordfence/crypto/vendor/paragonie/sodium_compat/lib" "Mozilla/5.0 AppleWebKit/537.36 (KHTML, like Gecko; compatible; GPTBot/1.4; +https://openai.com/gptbot)"
74.7.243.213 - - [12/Jul/2026:18:23:17 +0530] "GET /item.php?aksi=buatfolder&path=//proc/self/root/home/royalaca/rksamson.com/wp/wp-includes/blocks/post-author HTTP/2.0" 200 6157 "https://worlddivinityday.rksamson.com/item.php?path=//proc/self/root/home/royalaca/rksamson.com/wp/wp-includes/blocks/post-author" "Mozilla/5.0 AppleWebKit/537.36 (KHTML, like Gecko; compatible; GPTBot/1.4; +https://openai.com/gptbot)"
74.7.227.63 - - [12/Jul/2026:18:23:17 +0530] "GET /item.php?filesrc=//proc/self/root/proc/self/root/proc/self/root/proc/self/root/proc/self/root/proc/self/root/proc/self/root/home/royalaca/public_html/wp-content/plugins/wordfence/crypto/vendor/paragonie/random_compat/lib/random_bytes_mcrypt.php&path=//proc/self/root/proc/self/root/proc/self/root/proc/self/root/proc/self/root/proc/self/root/proc/self/root/home/royalaca/public_html/wp-content/plugins/wordfence/crypto/vendor/paragonie/random_compat/lib HTTP/2.0" 200 12389 "https://www.worlddivinityday.rksamson.com/item.php?path=//proc/self/root/proc/self/root/proc/self/root/proc/self/root/proc/self/root/proc/self/root/proc/self/root/home/royalaca/public_html/wp-content/plugins/wordfence/crypto/vendor/paragonie/random_compat/lib" "Mozilla/5.0 AppleWebKit/537.36 (KHTML, like Gecko; compatible; GPTBot/1.4; +https://openai.com/gptbot)"
74.7.227.63 - - [12/Jul/2026:18:23:18 +0530] "GET /item.php?filesrc=//proc/self/root/proc/self/root/proc/self/root/proc/self/root/proc/self/root/proc/self/root/proc/self/root/home/royalaca/public_html/wp-content/plugins/wordfence/crypto/vendor/paragonie/sodium_compat/lib/constants.php&path=//proc/self/root/proc/self/root/proc/self/root/proc/self/root/proc/self/root/proc/self/root/proc/self/root/home/royalaca/public_html/wp-content/plugins/wordfence/crypto/vendor/paragonie/sodium_compat/lib HTTP/2.0" 200 13874 "https://www.worlddivinityday.rksamson.com/item.php?path=//proc/self/root/proc/self/root/proc/self/root/proc/self/root/proc/self/root/proc/self/root/proc/self/root/home/royalaca/public_html/wp-content/plugins/wordfence/crypto/vendor/paragonie/sodium_compat/lib" "Mozilla/5.0 AppleWebKit/537.36 (KHTML, like Gecko; compatible; GPTBot/1.4; +https://openai.com/gptbot)"
74.7.227.63 - - [12/Jul/2026:18:23:19 +0530] "GET /item.php?filesrc=//proc/self/root/proc/self/root/proc/self/root/proc/self/root/proc/self/root/proc/self/root/proc/self/root/home/royalaca/public_html/wp-content/plugins/wordfence/crypto/vendor/paragonie/random_compat/lib/random_bytes_libsodium_legacy.php&path=//proc/self/root/proc/self/root/proc/self/root/proc/self/root/proc/self/root/proc/self/root/proc/self/root/home/royalaca/public_html/wp-content/plugins/wordfence/crypto/vendor/paragonie/random_compat/lib HTTP/2.0" 200 12739 "https://www.worlddivinityday.rksamson.com/item.php?path=//proc/self/root/proc/self/root/proc/self/root/proc/self/root/proc/self/root/proc/self/root/proc/self/root/home/royalaca/public_html/wp-content/plugins/wordfence/crypto/vendor/paragonie/random_compat/lib" "Mozilla/5.0 AppleWebKit/537.36 (KHTML, like Gecko; compatible; GPTBot/1.4; +https://openai.com/gptbot)"
74.7.227.63 - - [12/Jul/2026:18:23:20 +0530] "GET /item.php?filesrc=//proc/self/root/proc/self/root/proc/self/root/proc/self/root/proc/self/root/proc/self/root/proc/self/root/home/royalaca/public_html/wp-content/plugins/wordlift/wordlift/google-addon-integration/class-loader.php&path=//proc/self/root/proc/self/root/proc/self/root/proc/self/root/proc/self/root/proc/self/root/proc/self/root/home/royalaca/public_html/wp-content/plugins/wordlift/wordlift/google-addon-integration HTTP/2.0" 200 9537 "https://www.worlddivinityday.rksamson.com/item.php?path=//proc/self/root/proc/self/root/proc/self/root/proc/self/root/proc/self/root/proc/self/root/proc/self/root/home/royalaca/public_html/wp-content/plugins/wordlift/wordlift/google-addon-integration" "Mozilla/5.0 AppleWebKit/537.36 (KHTML, like Gecko; compatible; GPTBot/1.4; +https://openai.com/gptbot)"
74.7.243.213 - - [12/Jul/2026:18:23:21 +0530] "GET /item.php?filesrc=//opt/alt/php55/usr/share/pear/test/DoctrineBridge/Symfony/Bridge/Doctrine/Tests/ExpressionLanguage/DoctrineParserCacheTest.php&path=//opt/alt/php55/usr/share/pear/test/DoctrineBridge/Symfony/Bridge/Doctrine/Tests/ExpressionLanguage HTTP/2.0" 200 8360 "https://worlddivinityday.rksamson.com/item.php?path=//opt/alt/php55/usr/share/pear/test/DoctrineBridge/Symfony/Bridge/Doctrine/Tests/ExpressionLanguage" "Mozilla/5.0 AppleWebKit/537.36 (KHTML, like Gecko; compatible; GPTBot/1.4; +https://openai.com/gptbot)"
74.7.227.63 - - [12/Jul/2026:18:23:21 +0530] "GET /item.php?path=//proc/self/root/proc/self/root/proc/self/root/proc/self/root/proc/self/root/proc/self/root/proc/self/root/home/royalaca/public_html/wp-content/themes/blocksy/static/js/customizer/options/widget-area/customize-widgets/store HTTP/2.0" 200 19506 "https://www.worlddivinityday.rksamson.com/item.php?path=//proc/self/root/proc/self/root/proc/self/root/proc/self/root/proc/self/root/proc/self/root/proc/self/root/home/royalaca/public_html/wp-content/themes/blocksy/static/js/customizer/options/widget-area/customize-widgets" "Mozilla/5.0 AppleWebKit/537.36 (KHTML, like Gecko; compatible; GPTBot/1.4; +https://openai.com/gptbot)"
74.7.243.213 - - [12/Jul/2026:18:23:21 +0530] "GET /item.php?filesrc=//home/royalaca/mcfglobal.org/wp-content/plugins/wordpress-seo/vendor_prefixed/guzzlehttp/promises/src/PromisorInterface.php&path=//home/royalaca/mcfglobal.org/wp-content/plugins/wordpress-seo/vendor_prefixed/guzzlehttp/promises/src HTTP/2.0" 200 6630 "https://worlddivinityday.rksamson.com/item.php?aksi=buatfile&path=//home/royalaca/mcfglobal.org/wp-content/plugins/wordpress-seo/vendor_prefixed/guzzlehttp/promises/src" "Mozilla/5.0 AppleWebKit/537.36 (KHTML, like Gecko; compatible; GPTBot/1.4; +https://openai.com/gptbot)"
74.7.227.63 - - [12/Jul/2026:18:23:22 +0530] "GET /item.php?path=//proc/self/root/proc/self/root/proc/self/root/proc/self/root/proc/self/root/proc/self/root/proc/self/root/home/royalaca/public_html/wp-content/themes/blocksy/static/js/customizer/options/widget-area/customize-widgets/components HTTP/2.0" 200 29458 "https://www.worlddivinityday.rksamson.com/item.php?path=//proc/self/root/proc/self/root/proc/self/root/proc/self/root/proc/self/root/proc/self/root/proc/self/root/home/royalaca/public_html/wp-content/themes/blocksy/static/js/customizer/options/widget-area/customize-widgets" "Mozilla/5.0 AppleWebKit/537.36 (KHTML, like Gecko; compatible; GPTBot/1.4; +https://openai.com/gptbot)"
74.7.243.213 - - [12/Jul/2026:18:23:22 +0530] "GET /item.php?filesrc=//home/royalaca/mcfglobal.org/wp-content/plugins/wordpress-seo/vendor_prefixed/guzzlehttp/promises/src/CancellationException.php&path=//home/royalaca/mcfglobal.org/wp-content/plugins/wordpress-seo/vendor_prefixed/guzzlehttp/promises/src HTTP/2.0" 200 6593 "https://worlddivinityday.rksamson.com/item.php?path=//home/royalaca/mcfglobal.org/wp-content/plugins/wordpress-seo/vendor_prefixed/guzzlehttp/promises/src" "Mozilla/5.0 AppleWebKit/537.36 (KHTML, like Gecko; compatible; GPTBot/1.4; +https://openai.com/gptbot)"
74.7.243.213 - - [12/Jul/2026:18:23:23 +0530] "GET /item.php?filesrc=//home/royalaca/mcfglobal.org/wp-content/plugins/wordpress-seo/vendor_prefixed/guzzlehttp/promises/src/TaskQueueInterface.php&path=//home/royalaca/mcfglobal.org/wp-content/plugins/wordpress-seo/vendor_prefixed/guzzlehttp/promises/src HTTP/2.0" 200 6796 "https://worlddivinityday.rksamson.com/item.php?path=//home/royalaca/mcfglobal.org/wp-content/plugins/wordpress-seo/vendor_prefixed/guzzlehttp/promises/src" "Mozilla/5.0 AppleWebKit/537.36 (KHTML, like Gecko; compatible; GPTBot/1.4; +https://openai.com/gptbot)"
74.7.227.63 - - [12/Jul/2026:18:23:23 +0530] "GET /item.php?path=//proc/self/root/proc/self/root/proc/self/root/proc/self/root/proc/self/root/proc/self/root/proc/self/root/home/royalaca/public_html/wp-content/themes/blocksy/static/js/customizer/options/widget-area/customize-widgets/filters HTTP/2.0" 200 14037 "https://www.worlddivinityday.rksamson.com/item.php?path=//proc/self/root/proc/self/root/proc/self/root/proc/self/root/proc/self/root/proc/self/root/proc/self/root/home/royalaca/public_html/wp-content/themes/blocksy/static/js/customizer/options/widget-area/customize-widgets" "Mozilla/5.0 AppleWebKit/537.36 (KHTML, like Gecko; compatible; GPTBot/1.4; +https://openai.com/gptbot)"
74.7.243.213 - - [12/Jul/2026:18:23:24 +0530] "GET /item.php?filesrc=//home/royalaca/mcfglobal.org/wp-content/plugins/wordpress-seo/vendor_prefixed/guzzlehttp/promises/src/AggregateException.php&path=//home/royalaca/mcfglobal.org/wp-content/plugins/wordpress-seo/vendor_prefixed/guzzlehttp/promises/src HTTP/2.0" 200 6772 "https://worlddivinityday.rksamson.com/item.php?aksi=buatfile&path=//home/royalaca/mcfglobal.org/wp-content/plugins/wordpress-seo/vendor_prefixed/guzzlehttp/promises/src" "Mozilla/5.0 AppleWebKit/537.36 (KHTML, like Gecko; compatible; GPTBot/1.4; +https://openai.com/gptbot)"
74.7.227.63 - - [12/Jul/2026:18:23:24 +0530] "GET /item.php?filesrc=//proc/self/root/proc/self/root/proc/self/root/proc/self/root/proc/self/root/proc/self/root/proc/self/root/home/royalaca/public_html/wp-content/plugins/wordfence/crypto/vendor/paragonie/random_compat/lib/cast_to_int.php&path=//proc/self/root/proc/self/root/proc/self/root/proc/self/root/proc/self/root/proc/self/root/proc/self/root/home/royalaca/public_html/wp-content/plugins/wordfence/crypto/vendor/paragonie/random_compat/lib HTTP/2.0" 200 12497 "https://www.worlddivinityday.rksamson.com/item.php?path=//proc/self/root/proc/self/root/proc/self/root/proc/self/root/proc/self/root/proc/self/root/proc/self/root/home/royalaca/public_html/wp-content/plugins/wordfence/crypto/vendor/paragonie/random_compat/lib" "Mozilla/5.0 AppleWebKit/537.36 (KHTML, like Gecko; compatible; GPTBot/1.4; +https://openai.com/gptbot)"
74.7.243.213 - - [12/Jul/2026:18:23:24 +0530] "GET /item.php?filesrc=//home/royalaca/mcfglobal.org/wp-content/plugins/wordpress-seo/vendor_prefixed/guzzlehttp/promises/src/RejectionException.php&path=//home/royalaca/mcfglobal.org/wp-content/plugins/wordpress-seo/vendor_prefixed/guzzlehttp/promises/src HTTP/2.0" 200 7639 "https://worlddivinityday.rksamson.com/item.php?path=//home/royalaca/mcfglobal.org/wp-content/plugins/wordpress-seo/vendor_prefixed/guzzlehttp/promises/src" "Mozilla/5.0 AppleWebKit/537.36 (KHTML, like Gecko; compatible; GPTBot/1.4; +https://openai.com/gptbot)"
74.7.227.63 - - [12/Jul/2026:18:23:25 +0530] "GET /item.php?filesrc=//proc/self/root/proc/self/root/proc/self/root/proc/self/root/proc/self/root/proc/self/root/proc/self/root/home/royalaca/public_html/wp-content/plugins/wordfence/crypto/vendor/paragonie/random_compat/lib/random_bytes_libsodium.php&path=//proc/self/root/proc/self/root/proc/self/root/proc/self/root/proc/self/root/proc/self/root/proc/self/root/home/royalaca/public_html/wp-content/plugins/wordfence/crypto/vendor/paragonie/random_compat/lib HTTP/2.0" 200 12753 "https://www.worlddivinityday.rksamson.com/item.php?path=//proc/self/root/proc/self/root/proc/self/root/proc/self/root/proc/self/root/proc/self/root/proc/self/root/home/royalaca/public_html/wp-content/plugins/wordfence/crypto/vendor/paragonie/random_compat/lib" "Mozilla/5.0 AppleWebKit/537.36 (KHTML, like Gecko; compatible; GPTBot/1.4; +https://openai.com/gptbot)"
74.7.243.213 - - [12/Jul/2026:18:23:25 +0530] "GET /item.php?aksi=buatfolder&path=//home/royalaca/public_html/wp/wp-includes/php-ai-client/src/Common/Contracts HTTP/2.0" 200 6143 "https://worlddivinityday.rksamson.com/item.php?path=//home/royalaca/public_html/wp/wp-includes/php-ai-client/src/Common/Contracts" "Mozilla/5.0 AppleWebKit/537.36 (KHTML, like Gecko; compatible; GPTBot/1.4; +https://openai.com/gptbot)"
74.7.227.63 - - [12/Jul/2026:18:23:26 +0530] "GET /item.php?filesrc=//proc/self/root/proc/self/root/proc/self/root/proc/self/root/proc/self/root/proc/self/root/proc/self/root/home/royalaca/public_html/wp-content/plugins/wordlift/wordlift/google-addon-integration/class-rest-endpoint.php&path=//proc/self/root/proc/self/root/proc/self/root/proc/self/root/proc/self/root/proc/self/root/proc/self/root/home/royalaca/public_html/wp-content/plugins/wordlift/wordlift/google-addon-integration HTTP/2.0" 200 10932 "https://www.worlddivinityday.rksamson.com/item.php?path=//proc/self/root/proc/self/root/proc/self/root/proc/self/root/proc/self/root/proc/self/root/proc/self/root/home/royalaca/public_html/wp-content/plugins/wordlift/wordlift/google-addon-integration" "Mozilla/5.0 AppleWebKit/537.36 (KHTML, like Gecko; compatible; GPTBot/1.4; +https://openai.com/gptbot)"
74.7.243.213 - - [12/Jul/2026:18:23:26 +0530] "GET /item.php?aksi=buatfile&path=//home/royalaca/public_html/wp/wp-includes/php-ai-client/src/Operations/Enums HTTP/2.0" 200 7513 "https://worlddivinityday.rksamson.com/item.php?path=//home/royalaca/public_html/wp/wp-includes/php-ai-client/src/Operations/Enums" "Mozilla/5.0 AppleWebKit/537.36 (KHTML, like Gecko; compatible; GPTBot/1.4; +https://openai.com/gptbot)"
74.7.227.63 - - [12/Jul/2026:18:23:26 +0530] "GET /item.php?filesrc=//proc/self/root/proc/self/root/proc/self/root/proc/self/root/proc/self/root/proc/self/root/proc/self/root/home/royalaca/public_html/wp-content/plugins/wordfence/crypto/vendor/paragonie/random_compat/lib/error_polyfill.php&path=//proc/self/root/proc/self/root/proc/self/root/proc/self/root/proc/self/root/proc/self/root/proc/self/root/home/royalaca/public_html/wp-content/plugins/wordfence/crypto/vendor/paragonie/random_compat/lib HTTP/2.0" 200 11435 "https://www.worlddivinityday.rksamson.com/item.php?path=//proc/self/root/proc/self/root/proc/self/root/proc/self/root/proc/self/root/proc/self/root/proc/self/root/home/royalaca/public_html/wp-content/plugins/wordfence/crypto/vendor/paragonie/random_compat/lib" "Mozilla/5.0 AppleWebKit/537.36 (KHTML, like Gecko; compatible; GPTBot/1.4; +https://openai.com/gptbot)"
74.7.243.213 - - [12/Jul/2026:18:23:27 +0530] "GET /item.php?aksi=buatfile&path=//home/royalaca/public_html/wp/wp-includes/php-ai-client/third-party/Http/Discovery HTTP/2.0" 200 13638 "https://worlddivinityday.rksamson.com/item.php?path=//home/royalaca/public_html/wp/wp-includes/php-ai-client/third-party/Http/Discovery" "Mozilla/5.0 AppleWebKit/537.36 (KHTML, like Gecko; compatible; GPTBot/1.4; +https://openai.com/gptbot)"
74.7.227.63 - - [12/Jul/2026:18:23:27 +0530] "GET /item.php?filesrc=//proc/self/root/proc/self/root/proc/self/root/proc/self/root/proc/self/root/proc/self/root/proc/self/root/home/royalaca/public_html/wp-content/plugins/wordfence/crypto/vendor/paragonie/random_compat/lib/random_bytes_com_dotnet.php&path=//proc/self/root/proc/self/root/proc/self/root/proc/self/root/proc/self/root/proc/self/root/proc/self/root/home/royalaca/public_html/wp-content/plugins/wordfence/crypto/vendor/paragonie/random_compat/lib HTTP/2.0" 200 12855 "https://www.worlddivinityday.rksamson.com/item.php?path=//proc/self/root/proc/self/root/proc/self/root/proc/self/root/proc/self/root/proc/self/root/proc/self/root/home/royalaca/public_html/wp-content/plugins/wordfence/crypto/vendor/paragonie/random_compat/lib" "Mozilla/5.0 AppleWebKit/537.36 (KHTML, like Gecko; compatible; GPTBot/1.4; +https://openai.com/gptbot)"
74.7.243.213 - - [12/Jul/2026:18:23:27 +0530] "GET /item.php?aksi=ransom&path=/home/royalaca/public_html/wp/wp-includes/php-ai-client/src/Common/Contracts HTTP/2.0" 200 11352 "https://worlddivinityday.rksamson.com/item.php?path=/home/royalaca/public_html/wp/wp-includes/php-ai-client/src/Common/Contracts" "Mozilla/5.0 AppleWebKit/537.36 (KHTML, like Gecko; compatible; GPTBot/1.4; +https://openai.com/gptbot)"
74.7.227.63 - - [12/Jul/2026:18:23:28 +0530] "GET /item.php?filesrc=//proc/self/root/proc/self/root/proc/self/root/proc/self/root/proc/self/root/proc/self/root/proc/self/root/home/royalaca/public_html/wp-content/plugins/wordlift/wordlift/vocabulary/hooks/class-term-page-hook.php&path=//proc/self/root/proc/self/root/proc/self/root/proc/self/root/proc/self/root/proc/self/root/proc/self/root/home/royalaca/public_html/wp-content/plugins/wordlift/wordlift/vocabulary/hooks HTTP/2.0" 200 11707 "https://www.worlddivinityday.rksamson.com/item.php?path=//proc/self/root/proc/self/root/proc/self/root/proc/self/root/proc/self/root/proc/self/root/proc/self/root/home/royalaca/public_html/wp-content/plugins/wordlift/wordlift/vocabulary/hooks" "Mozilla/5.0 AppleWebKit/537.36 (KHTML, like Gecko; compatible; GPTBot/1.4; +https://openai.com/gptbot)"
74.7.243.213 - - [12/Jul/2026:18:23:29 +0530] "GET /item.php?aksi=ransom&path=//home/royalaca/public_html/wp/wp-includes/php-ai-client/third-party/Http/Discovery HTTP/2.0" 200 13638 "https://worlddivinityday.rksamson.com/item.php?path=//home/royalaca/public_html/wp/wp-includes/php-ai-client/third-party/Http/Discovery" "Mozilla/5.0 AppleWebKit/537.36 (KHTML, like Gecko; compatible; GPTBot/1.4; +https://openai.com/gptbot)"
74.7.227.63 - - [12/Jul/2026:18:23:29 +0530] "GET /item.php?filesrc=//proc/self/root/proc/self/root/proc/self/root/proc/self/root/proc/self/root/proc/self/root/proc/self/root/home/royalaca/public_html/wp-content/plugins/validar-certificados-de-cursos/includes/class-stvc-activator.php&path=//proc/self/root/proc/self/root/proc/self/root/proc/self/root/proc/self/root/proc/self/root/proc/self/root/home/royalaca/public_html/wp-content/plugins/validar-certificados-de-cursos/includes HTTP/2.0" 200 9525 "https://www.worlddivinityday.rksamson.com/item.php?path=//proc/self/root/proc/self/root/proc/self/root/proc/self/root/proc/self/root/proc/self/root/proc/self/root/home/royalaca/public_html/wp-content/plugins/validar-certificados-de-cursos/includes" "Mozilla/5.0 AppleWebKit/537.36 (KHTML, like Gecko; compatible; GPTBot/1.4; +https://openai.com/gptbot)"
74.7.227.63 - - [12/Jul/2026:18:23:30 +0530] "GET /item.php?filesrc=//proc/self/root/proc/self/root/proc/self/root/proc/self/root/proc/self/root/proc/self/root/proc/self/root/home/royalaca/public_html/wp-content/plugins/validar-certificados-de-cursos/includes/class-stvc-notification.php&path=//proc/self/root/proc/self/root/proc/self/root/proc/self/root/proc/self/root/proc/self/root/proc/self/root/home/royalaca/public_html/wp-content/plugins/validar-certificados-de-cursos/includes HTTP/2.0" 200 12999 "https://www.worlddivinityday.rksamson.com/item.php?path=//proc/self/root/proc/self/root/proc/self/root/proc/self/root/proc/self/root/proc/self/root/proc/self/root/home/royalaca/public_html/wp-content/plugins/validar-certificados-de-cursos/includes" "Mozilla/5.0 AppleWebKit/537.36 (KHTML, like Gecko; compatible; GPTBot/1.4; +https://openai.com/gptbot)"
74.7.243.213 - - [12/Jul/2026:18:23:30 +0530] "GET /item.php?aksi=buatfolder&path=//home/royalaca/public_html/wp/wp-includes/php-ai-client/third-party/Psr HTTP/2.0" 200 6038 "https://worlddivinityday.rksamson.com/item.php?path=//home/royalaca/public_html/wp/wp-includes/php-ai-client/third-party/Psr" "Mozilla/5.0 AppleWebKit/537.36 (KHTML, like Gecko; compatible; GPTBot/1.4; +https://openai.com/gptbot)"
74.7.227.63 - - [12/Jul/2026:18:23:31 +0530] "GET /item.php?filesrc=//proc/self/root/proc/self/root/proc/self/root/proc/self/root/proc/self/root/proc/self/root/proc/self/root/home/royalaca/public_html/wp-content/themes/blocksy/static/js/customizer/options/widget-area/customize-widgets/store/index.js&path=//proc/self/root/proc/self/root/proc/self/root/proc/self/root/proc/self/root/proc/self/root/proc/self/root/home/royalaca/public_html/wp-content/themes/blocksy/static/js/customizer/options/widget-area/customize-widgets/store HTTP/2.0" 200 11006 "https://www.worlddivinityday.rksamson.com/item.php?path=//proc/self/root/proc/self/root/proc/self/root/proc/self/root/proc/self/root/proc/self/root/proc/self/root/home/royalaca/public_html/wp-content/themes/blocksy/static/js/customizer/options/widget-area/customize-widgets/store" "Mozilla/5.0 AppleWebKit/537.36 (KHTML, like Gecko; compatible; GPTBot/1.4; +https://openai.com/gptbot)"
74.7.243.213 - - [12/Jul/2026:18:23:31 +0530] "GET /item.php?aksi=buatfile&path=//home/royalaca/public_html/wp/wp-includes/php-ai-client/src/Common/Exception HTTP/2.0" 200 10063 "https://worlddivinityday.rksamson.com/item.php?path=//home/royalaca/public_html/wp/wp-includes/php-ai-client/src/Common/Exception" "Mozilla/5.0 AppleWebKit/537.36 (KHTML, like Gecko; compatible; GPTBot/1.4; +https://openai.com/gptbot)"
74.7.227.63 - - [12/Jul/2026:18:23:32 +0530] "GET /item.php?aksi=buatfolder&path=//proc/self/root/proc/self/root/proc/self/root/proc/self/root/proc/self/root/proc/self/root/proc/self/root/home/royalaca/public_html/wp-content/themes/blocksy/static/js/customizer/options/widget-area/customize-widgets/components HTTP/2.0" 200 10225 "https://www.worlddivinityday.rksamson.com/item.php?path=//proc/self/root/proc/self/root/proc/self/root/proc/self/root/proc/self/root/proc/self/root/proc/self/root/home/royalaca/public_html/wp-content/themes/blocksy/static/js/customizer/options/widget-area/customize-widgets/components" "Mozilla/5.0 AppleWebKit/537.36 (KHTML, like Gecko; compatible; GPTBot/1.4; +https://openai.com/gptbot)"
74.7.243.213 - - [12/Jul/2026:18:23:32 +0530] "GET /item.php?aksi=ransom&path=//home/royalaca/public_html/wp/wp-includes/php-ai-client/src/Results/Contracts HTTP/2.0" 200 7507 "https://worlddivinityday.rksamson.com/item.php?path=//home/royalaca/public_html/wp/wp-includes/php-ai-client/src/Results/Contracts" "Mozilla/5.0 AppleWebKit/537.36 (KHTML, like Gecko; compatible; GPTBot/1.4; +https://openai.com/gptbot)"
74.7.227.63 - - [12/Jul/2026:18:23:32 +0530] "GET /item.php?aksi=buatfile&path=//proc/self/root/proc/self/root/proc/self/root/proc/self/root/proc/self/root/proc/self/root/proc/self/root/home/royalaca/public_html/wp-content/themes/blocksy/static/js/customizer/options/widget-area/customize-widgets/components HTTP/2.0" 200 29458 "https://www.worlddivinityday.rksamson.com/item.php?path=//proc/self/root/proc/self/root/proc/self/root/proc/self/root/proc/self/root/proc/self/root/proc/self/root/home/royalaca/public_html/wp-content/themes/blocksy/static/js/customizer/options/widget-area/customize-widgets/components" "Mozilla/5.0 AppleWebKit/537.36 (KHTML, like Gecko; compatible; GPTBot/1.4; +https://openai.com/gptbot)"
74.7.243.213 - - [12/Jul/2026:18:23:33 +0530] "GET /item.php?aksi=buatfile&path=//home/royalaca/public_html/wp/wp-includes/php-ai-client/src/Common/Traits HTTP/2.0" 200 7490 "https://worlddivinityday.rksamson.com/item.php?path=//home/royalaca/public_html/wp/wp-includes/php-ai-client/src/Common/Traits" "Mozilla/5.0 AppleWebKit/537.36 (KHTML, like Gecko; compatible; GPTBot/1.4; +https://openai.com/gptbot)"
74.7.227.63 - - [12/Jul/2026:18:23:34 +0530] "GET /item.php?path=//proc/self/root/proc/self/root/proc/self/root/proc/self/root/proc/self/root/proc/self/root/proc/self/root/home/royalaca/public_html/wp-content/themes/blocksy/static/js/customizer/options/widget-area/customize-widgets/components/keyboard-shortcut-help-modal HTTP/2.0" 200 18652 "https://www.worlddivinityday.rksamson.com/item.php?path=//proc/self/root/proc/self/root/proc/self/root/proc/self/root/proc/self/root/proc/self/root/proc/self/root/home/royalaca/public_html/wp-content/themes/blocksy/static/js/customizer/options/widget-area/customize-widgets/components" "Mozilla/5.0 AppleWebKit/537.36 (KHTML, like Gecko; compatible; GPTBot/1.4; +https://openai.com/gptbot)"
74.7.243.213 - - [12/Jul/2026:18:23:34 +0530] "GET /item.php?aksi=buatfolder&path=//home/royalaca/public_html/wp/wp-includes/php-ai-client/third-party/Http HTTP/2.0" 200 6043 "https://worlddivinityday.rksamson.com/item.php?path=//home/royalaca/public_html/wp/wp-includes/php-ai-client/third-party/Http" "Mozilla/5.0 AppleWebKit/537.36 (KHTML, like Gecko; compatible; GPTBot/1.4; +https://openai.com/gptbot)"
74.7.243.213 - - [12/Jul/2026:18:23:35 +0530] "GET /item.php?aksi=buatfile&path=//home/royalaca/public_html/wp/wp-includes/php-ai-client/src/Operations/Contracts HTTP/2.0" 200 7549 "https://worlddivinityday.rksamson.com/item.php?path=//home/royalaca/public_html/wp/wp-includes/php-ai-client/src/Operations/Contracts" "Mozilla/5.0 AppleWebKit/537.36 (KHTML, like Gecko; compatible; GPTBot/1.4; +https://openai.com/gptbot)"
74.7.227.63 - - [12/Jul/2026:18:23:35 +0530] "GET /item.php?path=//proc/self/root/proc/self/root/proc/self/root/proc/self/root/proc/self/root/proc/self/root/proc/self/root/home/royalaca/public_html/wp-content/themes/blocksy/static/js/customizer/options/widget-area/customize-widgets/components/header HTTP/2.0" 200 12499 "https://www.worlddivinityday.rksamson.com/item.php?path=//proc/self/root/proc/self/root/proc/self/root/proc/self/root/proc/self/root/proc/self/root/proc/self/root/home/royalaca/public_html/wp-content/themes/blocksy/static/js/customizer/options/widget-area/customize-widgets/components" "Mozilla/5.0 AppleWebKit/537.36 (KHTML, like Gecko; compatible; GPTBot/1.4; +https://openai.com/gptbot)"
74.7.227.63 - - [12/Jul/2026:18:23:36 +0530] "GET /item.php?path=//proc/self/root/proc/self/root/proc/self/root/proc/self/root/proc/self/root/proc/self/root/proc/self/root/home/royalaca/public_html/wp-content/themes/blocksy/static/js/customizer/options/widget-area/customize-widgets/components/more-menu HTTP/2.0" 200 18029 "https://www.worlddivinityday.rksamson.com/item.php?path=//proc/self/root/proc/self/root/proc/self/root/proc/self/root/proc/self/root/proc/self/root/proc/self/root/home/royalaca/public_html/wp-content/themes/blocksy/static/js/customizer/options/widget-area/customize-widgets/components" "Mozilla/5.0 AppleWebKit/537.36 (KHTML, like Gecko; compatible; GPTBot/1.4; +https://openai.com/gptbot)"
74.7.243.213 - - [12/Jul/2026:18:23:37 +0530] "GET /item.php?path=//home/royalaca/public_html/wp/wp-includes/php-ai-client/third-party/Http/Discovery/Strategy HTTP/2.0" 200 11732 "https://worlddivinityday.rksamson.com/item.php?aksi=buatfile&path=//home/royalaca/public_html/wp/wp-includes/php-ai-client/third-party/Http/Discovery" "Mozilla/5.0 AppleWebKit/537.36 (KHTML, like Gecko; compatible; GPTBot/1.4; +https://openai.com/gptbot)"
74.7.227.63 - - [12/Jul/2026:18:23:37 +0530] "GET /item.php?filesrc=//proc/self/root/proc/self/root/proc/self/root/proc/self/root/proc/self/root/proc/self/root/proc/self/root/home/royalaca/public_html/wp-content/themes/blocksy/static/js/customizer/options/widget-area/customize-widgets/filters/index.js&path=//proc/self/root/proc/self/root/proc/self/root/proc/self/root/proc/self/root/proc/self/root/proc/self/root/home/royalaca/public_html/wp-content/themes/blocksy/static/js/customizer/options/widget-area/customize-widgets/filters HTTP/2.0" 200 10264 "https://www.worlddivinityday.rksamson.com/item.php?path=//proc/self/root/proc/self/root/proc/self/root/proc/self/root/proc/self/root/proc/self/root/proc/self/root/home/royalaca/public_html/wp-content/themes/blocksy/static/js/customizer/options/widget-area/customize-widgets/filters" "Mozilla/5.0 AppleWebKit/537.36 (KHTML, like Gecko; compatible; GPTBot/1.4; +https://openai.com/gptbot)"
74.7.243.213 - - [12/Jul/2026:18:23:38 +0530] "GET /item.php?path=//home/royalaca/public_html/wp/wp-includes/php-ai-client/third-party/Http/Discovery/Exception HTTP/2.0" 200 14528 "https://worlddivinityday.rksamson.com/item.php?aksi=buatfile&path=//home/royalaca/public_html/wp/wp-includes/php-ai-client/third-party/Http/Discovery" "Mozilla/5.0 AppleWebKit/537.36 (KHTML, like Gecko; compatible; GPTBot/1.4; +https://openai.com/gptbot)"
74.7.227.63 - - [12/Jul/2026:18:23:38 +0530] "GET /item.php?filesrc=//proc/self/root/proc/self/root/proc/self/root/proc/self/root/proc/self/root/proc/self/root/proc/self/root/home/royalaca/public_html/wp-content/plugins/validar-certificados-de-cursos/includes/class-stvc-menu.php&path=//proc/self/root/proc/self/root/proc/self/root/proc/self/root/proc/self/root/proc/self/root/proc/self/root/home/royalaca/public_html/wp-content/plugins/validar-certificados-de-cursos/includes HTTP/2.0" 200 44913 "https://www.worlddivinityday.rksamson.com/item.php?path=//proc/self/root/proc/self/root/proc/self/root/proc/self/root/proc/self/root/proc/self/root/proc/self/root/home/royalaca/public_html/wp-content/plugins/validar-certificados-de-cursos/includes" "Mozilla/5.0 AppleWebKit/537.36 (KHTML, like Gecko; compatible; GPTBot/1.4; +https://openai.com/gptbot)"
74.7.227.63 - - [12/Jul/2026:18:23:39 +0530] "GET /item.php?path=//proc/self/root/proc/self/root/proc/self/root/proc/self/root/proc/self/root/proc/self/root/proc/self/root/home/royalaca/public_html/wp-content/plugins/updraftplus/vendor/psr/http-message/src HTTP/2.0" 200 21448 "https://www.worlddivinityday.rksamson.com/item.php?path=//proc/self/root/proc/self/root/proc/self/root/proc/self/root/proc/self/root/proc/self/root/proc/self/root/home/royalaca/public_html/wp-content/plugins/updraftplus/vendor/psr/http-message" "Mozilla/5.0 AppleWebKit/537.36 (KHTML, like Gecko; compatible; GPTBot/1.4; +https://openai.com/gptbot)"
74.7.243.213 - - [12/Jul/2026:18:23:40 +0530] "GET /item.php?aksi=buatfile&path=//home/royalaca/public_html/wp/wp-includes/php-ai-client/src/Results/Contracts HTTP/2.0" 200 7507 "https://worlddivinityday.rksamson.com/item.php?path=//home/royalaca/public_html/wp/wp-includes/php-ai-client/src/Results/Contracts" "Mozilla/5.0 AppleWebKit/537.36 (KHTML, like Gecko; compatible; GPTBot/1.4; +https://openai.com/gptbot)"
74.7.227.63 - - [12/Jul/2026:18:23:40 +0530] "GET /item.php?path=//proc/self/root/proc/self/root/proc/self/root/proc/self/root/proc/self/root/proc/self/root/proc/self/root/home/royalaca/public_html/wp-content/themes/blocksy/static/js/customizer/options/widget-area/customize-widgets/components/welcome-guide HTTP/2.0" 200 12562 "https://www.worlddivinityday.rksamson.com/item.php?path=//proc/self/root/proc/self/root/proc/self/root/proc/self/root/proc/self/root/proc/self/root/proc/self/root/home/royalaca/public_html/wp-content/themes/blocksy/static/js/customizer/options/widget-area/customize-widgets/components" "Mozilla/5.0 AppleWebKit/537.36 (KHTML, like Gecko; compatible; GPTBot/1.4; +https://openai.com/gptbot)"
74.7.243.213 - - [12/Jul/2026:18:23:41 +0530] "GET /item.php?aksi=ransom&path=/home/royalaca/public_html/wp/wp-includes/php-ai-client/src/Providers/Contracts HTTP/2.0" 200 12802 "https://worlddivinityday.rksamson.com/item.php?path=/home/royalaca/public_html/wp/wp-includes/php-ai-client/src/Providers/Contracts" "Mozilla/5.0 AppleWebKit/537.36 (KHTML, like Gecko; compatible; GPTBot/1.4; +https://openai.com/gptbot)"
74.7.227.63 - - [12/Jul/2026:18:23:41 +0530] "GET /item.php?path=//proc/self/root/proc/self/root/proc/self/root/proc/self/root/proc/self/root/proc/self/root/proc/self/root/home/royalaca/public_html/wp-content/themes/blocksy/static/js/customizer/options/widget-area/customize-widgets/components/block-inspector-button HTTP/2.0" 200 12643 "https://www.worlddivinityday.rksamson.com/item.php?path=//proc/self/root/proc/self/root/proc/self/root/proc/self/root/proc/self/root/proc/self/root/proc/self/root/home/royalaca/public_html/wp-content/themes/blocksy/static/js/customizer/options/widget-area/customize-widgets/components" "Mozilla/5.0 AppleWebKit/537.36 (KHTML, like Gecko; compatible; GPTBot/1.4; +https://openai.com/gptbot)"
74.7.243.213 - - [12/Jul/2026:18:23:42 +0530] "GET /item.php?aksi=buatfolder&path=//home/royalaca/public_html/wp/wp-includes/php-ai-client/src/Operations/Contracts HTTP/2.0" 200 6167 "https://worlddivinityday.rksamson.com/item.php?path=//home/royalaca/public_html/wp/wp-includes/php-ai-client/src/Operations/Contracts" "Mozilla/5.0 AppleWebKit/537.36 (KHTML, like Gecko; compatible; GPTBot/1.4; +https://openai.com/gptbot)"
74.7.227.63 - - [12/Jul/2026:18:23:42 +0530] "GET /item.php?path=//proc/self/root/proc/self/root/proc/self/root/proc/self/root/proc/self/root/proc/self/root/proc/self/root/home/royalaca/public_html/wp-content/themes/blocksy/static/js/customizer/options/widget-area/customize-widgets/components/inserter HTTP/2.0" 200 14430 "https://www.worlddivinityday.rksamson.com/item.php?path=//proc/self/root/proc/self/root/proc/self/root/proc/self/root/proc/self/root/proc/self/root/proc/self/root/home/royalaca/public_html/wp-content/themes/blocksy/static/js/customizer/options/widget-area/customize-widgets/components" "Mozilla/5.0 AppleWebKit/537.36 (KHTML, like Gecko; compatible; GPTBot/1.4; +https://openai.com/gptbot)"
74.7.243.213 - - [12/Jul/2026:18:23:43 +0530] "GET /item.php?aksi=buatfolder&path=/home/royalaca/public_html/wp/wp-includes/php-ai-client/src/Common/Contracts HTTP/2.0" 200 6131 "https://worlddivinityday.rksamson.com/item.php?path=/home/royalaca/public_html/wp/wp-includes/php-ai-client/src/Common/Contracts" "Mozilla/5.0 AppleWebKit/537.36 (KHTML, like Gecko; compatible; GPTBot/1.4; +https://openai.com/gptbot)"
74.7.227.63 - - [12/Jul/2026:18:23:43 +0530] "GET /item.php?path=//proc/self/root/proc/self/root/proc/self/root/proc/self/root/proc/self/root/proc/self/root/proc/self/root/home/royalaca/public_html/wp-content/themes/blocksy/static/js/customizer/options/widget-area/customize-widgets/components/sidebar-controls HTTP/2.0" 200 12589 "https://www.worlddivinityday.rksamson.com/item.php?path=//proc/self/root/proc/self/root/proc/self/root/proc/self/root/proc/self/root/proc/self/root/proc/self/root/home/royalaca/public_html/wp-content/themes/blocksy/static/js/customizer/options/widget-area/customize-widgets/components" "Mozilla/5.0 AppleWebKit/537.36 (KHTML, like Gecko; compatible; GPTBot/1.4; +https://openai.com/gptbot)"
74.7.227.63 - - [12/Jul/2026:18:23:44 +0530] "GET /item.php?path=//proc/self/root/proc/self/root/proc/self/root/proc/self/root/proc/self/root/proc/self/root/proc/self/root/home/royalaca/public_html/wp-content/themes/blocksy/static/js/customizer/options/widget-area/customize-widgets/components/focus-control HTTP/2.0" 200 14543 "https://www.worlddivinityday.rksamson.com/item.php?path=//proc/self/root/proc/self/root/proc/self/root/proc/self/root/proc/self/root/proc/self/root/proc/self/root/home/royalaca/public_html/wp-content/themes/blocksy/static/js/customizer/options/widget-area/customize-widgets/components" "Mozilla/5.0 AppleWebKit/537.36 (KHTML, like Gecko; compatible; GPTBot/1.4; +https://openai.com/gptbot)"
74.7.243.213 - - [12/Jul/2026:18:23:44 +0530] "GET /item.php?aksi=buatfolder&path=//home/royalaca/public_html/wp/wp-includes/php-ai-client/src/Results/Contracts HTTP/2.0" 200 6149 "https://worlddivinityday.rksamson.com/item.php?path=//home/royalaca/public_html/wp/wp-includes/php-ai-client/src/Results/Contracts" "Mozilla/5.0 AppleWebKit/537.36 (KHTML, like Gecko; compatible; GPTBot/1.4; +https://openai.com/gptbot)"
74.7.243.213 - - [12/Jul/2026:18:23:45 +0530] "GET /item.php?aksi=ransom&path=//home/royalaca/public_html/wp/wp-includes/php-ai-client/src/Common/Exception HTTP/2.0" 200 10063 "https://worlddivinityday.rksamson.com/item.php?path=//home/royalaca/public_html/wp/wp-includes/php-ai-client/src/Common/Exception" "Mozilla/5.0 AppleWebKit/537.36 (KHTML, like Gecko; compatible; GPTBot/1.4; +https://openai.com/gptbot)"
74.7.243.213 - - [12/Jul/2026:18:23:46 +0530] "GET /item.php?aksi=ransom&path=//home/royalaca/public_html/wp/wp-includes/php-ai-client/src/Operations/Contracts HTTP/2.0" 200 7549 "https://worlddivinityday.rksamson.com/item.php?path=//home/royalaca/public_html/wp/wp-includes/php-ai-client/src/Operations/Contracts" "Mozilla/5.0 AppleWebKit/537.36 (KHTML, like Gecko; compatible; GPTBot/1.4; +https://openai.com/gptbot)"
74.7.227.63 - - [12/Jul/2026:18:23:45 +0530] "GET /item.php?filesrc=//proc/self/root/proc/self/root/proc/self/root/proc/self/root/proc/self/root/proc/self/root/proc/self/root/home/royalaca/public_html/wp-content/themes/blocksy/static/js/customizer/options/widget-area/customize-widgets/components/keyboard-shortcut-help-modal/index.js&path=//proc/self/root/proc/self/root/proc/self/root/proc/self/root/proc/self/root/proc/self/root/proc/self/root/home/royalaca/public_html/wp-content/themes/blocksy/static/js/customizer/options/widget-area/customize-widgets/components/keyboard-shortcut-help-modal HTTP/2.0" 200 14633 "https://www.worlddivinityday.rksamson.com/item.php?path=//proc/self/root/proc/self/root/proc/self/root/proc/self/root/proc/self/root/proc/self/root/proc/self/root/home/royalaca/public_html/wp-content/themes/blocksy/static/js/customizer/options/widget-area/customize-widgets/components/keyboard-shortcut-help-modal" "Mozilla/5.0 AppleWebKit/537.36 (KHTML, like Gecko; compatible; GPTBot/1.4; +https://openai.com/gptbot)"
74.7.227.63 - - [12/Jul/2026:18:23:46 +0530] "GET /item.php?aksi=buatfolder&path=//proc/self/root/proc/self/root/proc/self/root/proc/self/root/proc/self/root/proc/self/root/proc/self/root/home/royalaca/public_html/wp-content/themes/blocksy/static/js/customizer/options/widget-area/customize-widgets/components/header HTTP/2.0" 200 10509 "https://www.worlddivinityday.rksamson.com/item.php?path=//proc/self/root/proc/self/root/proc/self/root/proc/self/root/proc/self/root/proc/self/root/proc/self/root/home/royalaca/public_html/wp-content/themes/blocksy/static/js/customizer/options/widget-area/customize-widgets/components/header" "Mozilla/5.0 AppleWebKit/537.36 (KHTML, like Gecko; compatible; GPTBot/1.4; +https://openai.com/gptbot)"
74.7.243.213 - - [12/Jul/2026:18:23:47 +0530] "GET /item.php?filesrc=//home/royalaca/public_html/wp/wp-includes/php-ai-client/third-party/Http/Discovery/Strategy/CommonPsr17ClassesStrategy.php&path=//home/royalaca/public_html/wp/wp-includes/php-ai-client/third-party/Http/Discovery/Strategy HTTP/2.0" 200 10948 "https://worlddivinityday.rksamson.com/item.php?path=//home/royalaca/public_html/wp/wp-includes/php-ai-client/third-party/Http/Discovery/Strategy" "Mozilla/5.0 AppleWebKit/537.36 (KHTML, like Gecko; compatible; GPTBot/1.4; +https://openai.com/gptbot)"
74.7.227.63 - - [12/Jul/2026:18:23:47 +0530] "GET /item.php?aksi=buatfolder&path=//proc/self/root/proc/self/root/proc/self/root/proc/self/root/proc/self/root/proc/self/root/proc/self/root/home/royalaca/public_html/wp-content/themes/blocksy/static/js/customizer/options/widget-area/customize-widgets/components/more-menu HTTP/2.0" 200 10524 "https://www.worlddivinityday.rksamson.com/item.php?path=//proc/self/root/proc/self/root/proc/self/root/proc/self/root/proc/self/root/proc/self/root/proc/self/root/home/royalaca/public_html/wp-content/themes/blocksy/static/js/customizer/options/widget-area/customize-widgets/components/more-menu" "Mozilla/5.0 AppleWebKit/537.36 (KHTML, like Gecko; compatible; GPTBot/1.4; +https://openai.com/gptbot)"
74.7.243.213 - - [12/Jul/2026:18:23:48 +0530] "GET /item.php?filesrc=//home/royalaca/public_html/wp/wp-includes/php-ai-client/third-party/Http/Discovery/Strategy/CommonClassesStrategy.php&path=//home/royalaca/public_html/wp/wp-includes/php-ai-client/third-party/Http/Discovery/Strategy HTTP/2.0" 200 15762 "https://worlddivinityday.rksamson.com/item.php?path=//home/royalaca/public_html/wp/wp-includes/php-ai-client/third-party/Http/Discovery/Strategy" "Mozilla/5.0 AppleWebKit/537.36 (KHTML, like Gecko; compatible; GPTBot/1.4; +https://openai.com/gptbot)"
74.7.227.63 - - [12/Jul/2026:18:23:48 +0530] "GET /item.php?aksi=ransom&path=//proc/self/root/proc/self/root/proc/self/root/proc/self/root/proc/self/root/proc/self/root/proc/self/root/home/royalaca/public_html/wp-content/themes/blocksy/static/js/customizer/options/widget-area/customize-widgets/components/header HTTP/2.0" 200 12499 "https://www.worlddivinityday.rksamson.com/item.php?path=//proc/self/root/proc/self/root/proc/self/root/proc/self/root/proc/self/root/proc/self/root/proc/self/root/home/royalaca/public_html/wp-content/themes/blocksy/static/js/customizer/options/widget-area/customize-widgets/components/header" "Mozilla/5.0 AppleWebKit/537.36 (KHTML, like Gecko; compatible; GPTBot/1.4; +https://openai.com/gptbot)"
74.7.243.213 - - [12/Jul/2026:18:23:49 +0530] "GET /item.php?filesrc=//home/royalaca/public_html/wp/wp-includes/php-ai-client/third-party/Http/Discovery/Exception/NotFoundException.php&path=//home/royalaca/public_html/wp/wp-includes/php-ai-client/third-party/Http/Discovery/Exception HTTP/2.0" 200 6624 "https://worlddivinityday.rksamson.com/item.php?path=//home/royalaca/public_html/wp/wp-includes/php-ai-client/third-party/Http/Discovery/Exception" "Mozilla/5.0 AppleWebKit/537.36 (KHTML, like Gecko; compatible; GPTBot/1.4; +https://openai.com/gptbot)"
